
{"version":"1.0","provider_name":"Ara Lleida","provider_url":"https:\/\/aralleida.cat\/en\/","author_name":"admin","author_url":"https:\/\/aralleida.cat\/en\/author\/frame_zesv7n2g\/","title":"LA NOGUERA","type":"rich","width":600,"height":338,"html":"<blockquote class=\"wp-embedded-content\" data-secret=\"oL55e0nI29\"><a href=\"https:\/\/aralleida.cat\/en\/patrimoni-immaterial\/la-noguera\/\">LA NOGUERA<\/a><\/blockquote><iframe sandbox=\"allow-scripts\" security=\"restricted\" src=\"https:\/\/aralleida.cat\/en\/patrimoni-immaterial\/la-noguera\/embed\/#?secret=oL55e0nI29\" width=\"600\" height=\"338\" title=\"&#8220;LA NOGUERA&#8221; &#8212; Ara Lleida\" data-secret=\"oL55e0nI29\" frameborder=\"0\" marginwidth=\"0\" marginheight=\"0\" scrolling=\"no\" class=\"wp-embedded-content\"><\/iframe><script type=\"text\/javascript\">\n\/* <![CDATA[ *\/\n\/*! This file is auto-generated *\/\n!function(d,l){\"use strict\";l.querySelector&&d.addEventListener&&\"undefined\"!=typeof URL&&(d.wp=d.wp||{},d.wp.receiveEmbedMessage||(d.wp.receiveEmbedMessage=function(e){var t=e.data;if((t||t.secret||t.message||t.value)&&!\/[^a-zA-Z0-9]\/.test(t.secret)){for(var s,r,n,a=l.querySelectorAll('iframe[data-secret=\"'+t.secret+'\"]'),o=l.querySelectorAll('blockquote[data-secret=\"'+t.secret+'\"]'),c=new RegExp(\"^https?:$\",\"i\"),i=0;i<o.length;i++)o[i].style.display=\"none\";for(i=0;i<a.length;i++)s=a[i],e.source===s.contentWindow&&(s.removeAttribute(\"style\"),\"height\"===t.message?(1e3<(r=parseInt(t.value,10))?r=1e3:~~r<200&&(r=200),s.height=r):\"link\"===t.message&&(r=new URL(s.getAttribute(\"src\")),n=new URL(t.value),c.test(n.protocol))&&n.host===r.host&&l.activeElement===s&&(d.top.location.href=t.value))}},d.addEventListener(\"message\",d.wp.receiveEmbedMessage,!1),l.addEventListener(\"DOMContentLoaded\",function(){for(var e,t,s=l.querySelectorAll(\"iframe.wp-embedded-content\"),r=0;r<s.length;r++)(t=(e=s[r]).getAttribute(\"data-secret\"))||(t=Math.random().toString(36).substring(2,12),e.src+=\"#?secret=\"+t,e.setAttribute(\"data-secret\",t)),e.contentWindow.postMessage({message:\"ready\",secret:t},\"*\")},!1)))}(window,document);\n\/\/# sourceURL=https:\/\/aralleida.cat\/wp-includes\/js\/wp-embed.min.js\n\/* ]]> *\/\n<\/script>\n","description":"[vc_row full_width=&#8221;stretch_row_content_no_spaces&#8221; bg_type=&#8221;bg_color&#8221; bg_color_value=&#8221;#3c3c3b&#8221; css=&#8221;.vc_custom_1605797650815{margin-top: 0px !important;margin-bottom: 0px !important;padding-top: 0px !important;padding-bottom: 0px !important;}&#8221;][vc_column css=&#8221;.vc_custom_1605797593358{margin-top: 0px !important;margin-bottom: 0px !important;padding-top: 0px !important;padding-bottom: 0px !important;}&#8221;][\/vc_column][\/vc_row][vc_row full_width=&#8221;stretch_row&#8221; bg_type=&#8221;image&#8221; parallax_style=&#8221;vcpb-default&#8221; bg_image_new=&#8221;id^133920|url^https:\/\/aralleida.cat\/wp-content\/uploads\/2021\/10\/noguera.jpg|caption^null|alt^null|title^noguera|description^null&#8221; bg_image_repeat=&#8221;no-repeat&#8221;][vc_column][\/vc_column][\/vc_row][vc_row full_width=&#8221;stretch_row&#8221; bg_type=&#8221;bg_color&#8221; bg_color_value=&#8221;#ededed&#8221;][vc_column][\/vc_column][\/vc_row][vc_row full_width=&#8221;stretch_row&#8221; bg_type=&#8221;bg_color&#8221; bg_color_value=&#8221;#ededed&#8221; css=&#8221;.vc_custom_1630050828556{margin-top: 0px !important;border-top-width: 0px !important;padding-top: 0px !important;}&#8221;][vc_column width=&#8221;1\/6&#8243;][\/vc_column][vc_column width=&#8221;2\/3&#8243;][vc_column_text] SO MANY PLACES FULL OF CHARACTER A visit to La Noguera will definitely leave visitors with a feeling of being in a world apart. This vast comarca (local district) is a surprising land of contrasts: on the one hand it offers adrenaline-inducing adventures, whilst on the other it is a haven of tranquillity. This is a land of deep-rooted traditions that have been handed down by the padrins (older generations); it is also a recognised destination for stargazers and astronomers. In the villages that line every mountain trek and in the gorges at the foothills of the Pyrenees, a very special experience awaits everyone who visits La Noguera.[\/vc_column_text][\/vc_column][vc_column width=&#8221;1\/6&#8243;][\/vc_column][\/vc_row][vc_row css=&#8221;.vc_custom_1629975809590{margin-top: 0px !important;padding-top: 0px !important;}&#8221;][vc_column css=&#8221;.vc_custom_1629975819882{margin-top: 0px !important;padding-top: 0px !important;}&#8221;][\/vc_column][\/vc_row][vc_row][vc_column width=&#8221;6\/12&#8243;][vc_column_text] The journey La Noguera has long been home to a significant livestock and crop farming tradition. Travelling through its villages and their surrounding areas reveals an abundance of farmland and homesteads that continue to employ a number of age-old practices. During the carnival celebrations at Artesa de Segre many visitors\u00a0are exposed to this traditional way of life at the matan\u00e7a del porc (killing of the pig). This is a unique way of getting to know, at first-hand, where food actually comes from. In workshops scattered throughout the comarca, traditional craftsmanship persists, with the making of objects such as pitchforks from the branches of the hawthorn trees of Alentorn, which are subsequently crafted at Artesa. There, visitors will discover a world which they believed could only exist in museums. The Fira de Sant Bartomeu (Fair of Saint Bartholomew), which is celebrated at the end of August, brings together families and producers from the world of agriculture in an event that is a reflection of life in the comarca and which provides a window onto a world that is well-worth exploring.[\/vc_column_text][\/vc_column][vc_column width=&#8221;6\/12&#8243;][vc_column_text css=&#8221;.vc_custom_1635337280777{margin-bottom: 14px !important;padding-bottom: 0px !important;}&#8221;] Not to be missed [\/vc_column_text][vc_row_inner equal_height=&#8221;yes&#8221; css=&#8221;.vc_custom_1630054455050{margin-top: 4px !important;margin-bottom: 0px !important;border-top-width: 0px !important;border-bottom-width: 0px !important;padding-top: 0px !important;padding-bottom: 0px !important;}&#8221;][vc_column_inner width=&#8221;9\/12&#8243; css=&#8221;.vc_custom_1629982630107{margin-top: 0px !important;margin-right: 0px !important;border-top-width: 0px !important;border-right-width: 0px !important;padding-top: 0px !important;padding-right: 0px !important;}&#8221;][vc_column_text css=&#8221;.vc_custom_1635337307344{margin-top: 0px !important;margin-right: 0px !important;margin-bottom: 3px !important;border-top-width: 0px !important;border-right-width: 0px !important;border-bottom-width: 0px !important;padding-top: 8px !important;padding-right: 0px !important;padding-bottom: 8px !important;padding-left: 30px !important;background-color: #ededed !important;}&#8221; el_class=&#8221;impresc&#8221;]Matan\u00e7a del porc (Killing of the pig) at Artesa de Segre, on the Tuesday of Carnival.[\/vc_column_text][\/vc_column_inner][vc_column_inner width=&#8221;3\/12&#8243; css=&#8221;.vc_custom_1629982622928{margin-top: 0px !important;margin-left: 0px !important;border-top-width: 0px !important;border-left-width: 0px !important;padding-top: 0px !important;padding-left: 0px !important;}&#8221;][vc_single_image image=&#8221;133512&#8243; img_size=&#8221;full&#8221; onclick=&#8221;link_image&#8221; css=&#8221;.vc_custom_1634744448709{margin-right: 0px !important;margin-left: 0px !important;border-right-width: 0px !important;border-left-width: 0px !important;padding-right: 0px !important;padding-left: 0px !important;}&#8221; el_class=&#8221;foto-patr&#8221;][\/vc_column_inner][\/vc_row_inner][vc_row_inner equal_height=&#8221;yes&#8221; css=&#8221;.vc_custom_1630054455050{margin-top: 4px !important;margin-bottom: 0px !important;border-top-width: 0px !important;border-bottom-width: 0px !important;padding-top: 0px !important;padding-bottom: 0px !important;}&#8221;][vc_column_inner css=&#8221;.vc_custom_1634887781562{margin-top: 0px !important;margin-right: 13px !important;border-top-width: 0px !important;border-right-width: 0px !important;padding-top: 0px !important;padding-right: 0px !important;}&#8221;][vc_column_text css=&#8221;.vc_custom_1635337335997{margin-top: 0px !important;margin-right: 0px !important;margin-bottom: 3px !important;border-top-width: 0px !important;border-right-width: 0px !important;border-bottom-width: 0px !important;padding-top: 8px !important;padding-right: 0px !important;padding-bottom: 8px !important;padding-left: 30px !important;background-color: #ededed !important;}&#8221; el_class=&#8221;impresc&#8221;]Forques de lledoner (Making hawthorn pitchforks), at the end of August.[\/vc_column_text][\/vc_column_inner][\/vc_row_inner][\/vc_column][\/vc_row][vc_row][vc_column width=&#8221;6\/12&#8243;][vc_column_text]Visitors should then continue their journey through what is a surprising land which is proud of its past. At the Romiatge de Salgar (Pilgrimage to Salgar), which takes place on the second Sunday after Easter, the residents of Foradada devote the day to the Mare de D\u00e9u del Carme (Our Lady of Mount Carmen). As tradition demands, this is accompanied by eating coca (sweet bread), drinking mistela (sweet white\u00a0wine), and singing goigs (religious songs). On 25th May, similar celebrations and rituals are observed in honour of Sant Urb\u00e0 (St Urban). The Via Crucis de Rubi\u00f3 del Mig (the Stations of the Cross at Rubi\u00f3 del Mig) completes the calendar of village events. People from all around flock to the village on Good Friday to climb the Serra del Calvari (Calvary Hill). Then, on Easter Monday, they gather again to enjoy the festivities at the Aplec de Dilluns de Pasqua (Easter Monday Gathering) of Salgar. However, travellers should be cautious when they go to Foradada: according to legend, those who pass under the perforated rock carrying a bucket of water may change sex! Tales like this are important in a comarca that is so passionate about its history and will help visitors to understand the intangible heritage that can be found in every corner of the territory. At Sentiu de Si\u00f3, visitors can immerse themselves in all the excitement that surrounds the celebrations of the Mare de D\u00e9u d&#8217;Agost (Assumption of the Virgin Mary). Visitors are also welcome to join the villagers in the festive atmosphere of the traditional pilgrimage walk, the celebrations held on the eve of the festival, and the mass and breakfast that follow on 15th August. Visitors will also be assured of a warm welcome at the Festa Major de Sant Miquel (St Michael\u2019s Day Festival) at the end of September. This offers a full programme of events and, once every four years, includes a special tribute to the village\u2019s older residents: those over 80 years old. La Noguera is full of activities and festivals that celebrate its past. At Les Avellanes, at the end of October, the Fira de la Sal (Salt Fair) will turn the streets and squares into educational centres, where people can learn more about this mineral, which was once as valuable as gold and an important source of income. A journey through this part of the comarca includes a memorable concert in the soothing atmosphere of the Cova Gran (Great Cave), where the music resonates off the walls, surrounding and engulfing visitors with sound.[\/vc_column_text][\/vc_column][vc_column width=&#8221;6\/12&#8243;][vc_row_inner equal_height=&#8221;yes&#8221; css=&#8221;.vc_custom_1630056473450{margin-top: 6px !important;margin-bottom: 0px !important;border-top-width: 0px !important;border-bottom-width: 0px !important;padding-top: 0px !important;padding-bottom: 0px !important;}&#8221;][vc_column_inner width=&#8221;9\/12&#8243; css=&#8221;.vc_custom_1629982630107{margin-top: 0px !important;margin-right: 0px !important;border-top-width: 0px !important;border-right-width: 0px !important;padding-top: 0px !important;padding-right: 0px !important;}&#8221;][vc_column_text css=&#8221;.vc_custom_1635337355846{margin-top: 0px !important;margin-right: 0px !important;margin-bottom: 3px !important;border-top-width: 0px !important;border-right-width: 0px !important;border-bottom-width: 0px !important;padding-top: 8px !important;padding-right: 0px !important;padding-bottom: 8px !important;padding-left: 30px !important;background-color: #ededed !important;}&#8221; el_class=&#8221;impresc&#8221;]Anar a Salgar de Foradada (Pilgrimage to Salgar from Foradada), on the second Sunday after"}

[vc_row full_width=&#8221;stretch_row_content_no_spaces&#8221; bg_type=&#8221;bg_color&#8221; bg_color_value=&#8221;#3c3c3b&#8221; css=&#8221;.vc_custom_1605797650815{margin-top: 0px !important;margin-bottom: 0px !important;padding-top: 0px !important;padding-bottom: 0px !important;}&#8221;][vc_column css=&#8221;.vc_custom_1605797593358{margin-top: 0px !important;margin-bottom: 0px !important;padding-top: 0px !important;padding-bottom: 0px !important;}&#8221;][/vc_column][/vc_row][vc_row full_width=&#8221;stretch_row&#8221; bg_type=&#8221;image&#8221; parallax_style=&#8221;vcpb-default&#8221; bg_image_new=&#8221;id^133920|url^https://aralleida.cat/wp-content/uploads/2021/10/noguera.jpg|caption^null|alt^null|title^noguera|description^null&#8221; bg_image_repeat=&#8221;no-repeat&#8221;][vc_column][/vc_column][/vc_row][vc_row full_width=&#8221;stretch_row&#8221; bg_type=&#8221;bg_color&#8221; bg_color_value=&#8221;#ededed&#8221;][vc_column][/vc_column][/vc_row][vc_row full_width=&#8221;stretch_row&#8221; bg_type=&#8221;bg_color&#8221; bg_color_value=&#8221;#ededed&#8221; css=&#8221;.vc_custom_1630050828556{margin-top: 0px !important;border-top-width: 0px !important;padding-top: 0px !important;}&#8221;][vc_column width=&#8221;1/6&#8243;][/vc_column][vc_column width=&#8221;2/3&#8243;][vc_column_text] SO MANY PLACES FULL OF CHARACTER A visit to La Noguera will definitely leave visitors with a feeling of being in a world apart. This vast comarca (local district) is a surprising land of contrasts: on the one hand it offers adrenaline-inducing adventures, whilst on the other it is a haven of tranquillity. This is a land of deep-rooted traditions that have been handed down by the padrins (older generations); it is also a recognised destination for stargazers and astronomers. In the villages that line every mountain trek and in the gorges at the foothills of the Pyrenees, a very special experience awaits everyone who visits La Noguera.[/vc_column_text][/vc_column][vc_column width=&#8221;1/6&#8243;][/vc_column][/vc_row][vc_row css=&#8221;.vc_custom_1629975809590{margin-top: 0px !important;padding-top: 0px !important;}&#8221;][vc_column css=&#8221;.vc_custom_1629975819882{margin-top: 0px !important;padding-top: 0px !important;}&#8221;][/vc_column][/vc_row][vc_row][vc_column width=&#8221;6/12&#8243;][vc_column_text] The journey La Noguera has long been home to a significant livestock and crop farming tradition. Travelling through its villages and their surrounding areas reveals an abundance of farmland and homesteads that continue to employ a number of age-old practices. During the carnival celebrations at Artesa de Segre many visitors are exposed to this traditional way of life at the matança del porc (killing of the pig). This is a unique way of getting to know, at first-hand, where food actually comes from. In workshops scattered throughout the comarca, traditional craftsmanship persists, with the making of objects such as pitchforks from the branches of the hawthorn trees of Alentorn, which are subsequently crafted at Artesa. There, visitors will discover a world which they believed could only exist in museums. The Fira de Sant Bartomeu (Fair of Saint Bartholomew), which is celebrated at the end of August, brings together families and producers from the world of agriculture in an event that is a reflection of life in the comarca and which provides a window onto a world that is well-worth exploring.[/vc_column_text][/vc_column][vc_column width=&#8221;6/12&#8243;][vc_column_text css=&#8221;.vc_custom_1635337280777{margin-bottom: 14px !important;padding-bottom: 0px !important;}&#8221;] Not to be missed [/vc_column_text][vc_row_inner equal_height=&#8221;yes&#8221; css=&#8221;.vc_custom_1630054455050{margin-top: 4px !important;margin-bottom: 0px !important;border-top-width: 0px !important;border-bottom-width: 0px !important;padding-top: 0px !important;padding-bottom: 0px !important;}&#8221;][vc_column_inner width=&#8221;9/12&#8243; css=&#8221;.vc_custom_1629982630107{margin-top: 0px !important;margin-right: 0px !important;border-top-width: 0px !important;border-right-width: 0px !important;padding-top: 0px !important;padding-right: 0px !important;}&#8221;][vc_column_text css=&#8221;.vc_custom_1635337307344{margin-top: 0px !important;margin-right: 0px !important;margin-bottom: 3px !important;border-top-width: 0px !important;border-right-width: 0px !important;border-bottom-width: 0px !important;padding-top: 8px !important;padding-right: 0px !important;padding-bottom: 8px !important;padding-left: 30px !important;background-color: #ededed !important;}&#8221; el_class=&#8221;impresc&#8221;]Matança del porc (Killing of the pig) at Artesa de Segre, on the Tuesday of Carnival.[/vc_column_text][/vc_column_inner][vc_column_inner width=&#8221;3/12&#8243; css=&#8221;.vc_custom_1629982622928{margin-top: 0px !important;margin-left: 0px !important;border-top-width: 0px !important;border-left-width: 0px !important;padding-top: 0px !important;padding-left: 0px !important;}&#8221;][vc_single_image image=&#8221;133512&#8243; img_size=&#8221;full&#8221; onclick=&#8221;link_image&#8221; css=&#8221;.vc_custom_1634744448709{margin-right: 0px !important;margin-left: 0px !important;border-right-width: 0px !important;border-left-width: 0px !important;padding-right: 0px !important;padding-left: 0px !important;}&#8221; el_class=&#8221;foto-patr&#8221;][/vc_column_inner][/vc_row_inner][vc_row_inner equal_height=&#8221;yes&#8221; css=&#8221;.vc_custom_1630054455050{margin-top: 4px !important;margin-bottom: 0px !important;border-top-width: 0px !important;border-bottom-width: 0px !important;padding-top: 0px !important;padding-bottom: 0px !important;}&#8221;][vc_column_inner css=&#8221;.vc_custom_1634887781562{margin-top: 0px !important;margin-right: 13px !important;border-top-width: 0px !important;border-right-width: 0px !important;padding-top: 0px !important;padding-right: 0px !important;}&#8221;][vc_column_text css=&#8221;.vc_custom_1635337335997{margin-top: 0px !important;margin-right: 0px !important;margin-bottom: 3px !important;border-top-width: 0px !important;border-right-width: 0px !important;border-bottom-width: 0px !important;padding-top: 8px !important;padding-right: 0px !important;padding-bottom: 8px !important;padding-left: 30px !important;background-color: #ededed !important;}&#8221; el_class=&#8221;impresc&#8221;]Forques de lledoner (Making hawthorn pitchforks), at the end of August.[/vc_column_text][/vc_column_inner][/vc_row_inner][/vc_column][/vc_row][vc_row][vc_column width=&#8221;6/12&#8243;][vc_column_text]Visitors should then continue their journey through what is a surprising land which is proud of its past. At the Romiatge de Salgar (Pilgrimage to Salgar), which takes place on the second Sunday after Easter, the residents of Foradada devote the day to the Mare de Déu del Carme (Our Lady of Mount Carmen). As tradition demands, this is accompanied by eating coca (sweet bread), drinking mistela (sweet white wine), and singing goigs (religious songs). On 25th May, similar celebrations and rituals are observed in honour of Sant Urbà (St Urban). The Via Crucis de Rubió del Mig (the Stations of the Cross at Rubió del Mig) completes the calendar of village events. People from all around flock to the village on Good Friday to climb the Serra del Calvari (Calvary Hill). Then, on Easter Monday, they gather again to enjoy the festivities at the Aplec de Dilluns de Pasqua (Easter Monday Gathering) of Salgar. However, travellers should be cautious when they go to Foradada: according to legend, those who pass under the perforated rock carrying a bucket of water may change sex! Tales like this are important in a comarca that is so passionate about its history and will help visitors to understand the intangible heritage that can be found in every corner of the territory. At Sentiu de Sió, visitors can immerse themselves in all the excitement that surrounds the celebrations of the Mare de Déu d&#8217;Agost (Assumption of the Virgin Mary). Visitors are also welcome to join the villagers in the festive atmosphere of the traditional pilgrimage walk, the celebrations held on the eve of the festival, and the mass and breakfast that follow on 15th August. Visitors will also be assured of a warm welcome at the Festa Major de Sant Miquel (St Michael’s Day Festival) at the end of September. This offers a full programme of events and, once every four years, includes a special tribute to the village’s older residents: those over 80 years old. La Noguera is full of activities and festivals that celebrate its past. At Les Avellanes, at the end of October, the Fira de la Sal (Salt Fair) will turn the streets and squares into educational centres, where people can learn more about this mineral, which was once as valuable as gold and an important source of income. A journey through this part of the comarca includes a memorable concert in the soothing atmosphere of the Cova Gran (Great Cave), where the music resonates off the walls, surrounding and engulfing visitors with sound.[/vc_column_text][/vc_column][vc_column width=&#8221;6/12&#8243;][vc_row_inner equal_height=&#8221;yes&#8221; css=&#8221;.vc_custom_1630056473450{margin-top: 6px !important;margin-bottom: 0px !important;border-top-width: 0px !important;border-bottom-width: 0px !important;padding-top: 0px !important;padding-bottom: 0px !important;}&#8221;][vc_column_inner width=&#8221;9/12&#8243; css=&#8221;.vc_custom_1629982630107{margin-top: 0px !important;margin-right: 0px !important;border-top-width: 0px !important;border-right-width: 0px !important;padding-top: 0px !important;padding-right: 0px !important;}&#8221;][vc_column_text css=&#8221;.vc_custom_1635337355846{margin-top: 0px !important;margin-right: 0px !important;margin-bottom: 3px !important;border-top-width: 0px !important;border-right-width: 0px !important;border-bottom-width: 0px !important;padding-top: 8px !important;padding-right: 0px !important;padding-bottom: 8px !important;padding-left: 30px !important;background-color: #ededed !important;}&#8221; el_class=&#8221;impresc&#8221;]Anar a Salgar de Foradada (Pilgrimage to Salgar from Foradada), on the second Sunday after
