
{"version":"1.0","provider_name":"Ara Lleida","provider_url":"https:\/\/aralleida.cat\/en\/","author_name":"admin","author_url":"https:\/\/aralleida.cat\/en\/author\/frame_zesv7n2g\/","title":"L'ALTA RIBAGOR\u00c7A","type":"rich","width":600,"height":338,"html":"<blockquote class=\"wp-embedded-content\" data-secret=\"HQZbQg55nc\"><a href=\"https:\/\/aralleida.cat\/en\/patrimoni-immaterial\/lalta-ribagorca\/\">L&#8217;ALTA RIBAGOR\u00c7A<\/a><\/blockquote><iframe sandbox=\"allow-scripts\" security=\"restricted\" src=\"https:\/\/aralleida.cat\/en\/patrimoni-immaterial\/lalta-ribagorca\/embed\/#?secret=HQZbQg55nc\" width=\"600\" height=\"338\" title=\"&#8220;L&#8217;ALTA RIBAGOR\u00c7A&#8221; &#8212; Ara Lleida\" data-secret=\"HQZbQg55nc\" frameborder=\"0\" marginwidth=\"0\" marginheight=\"0\" scrolling=\"no\" class=\"wp-embedded-content\"><\/iframe><script type=\"text\/javascript\">\n\/* <![CDATA[ *\/\n\/*! This file is auto-generated *\/\n!function(d,l){\"use strict\";l.querySelector&&d.addEventListener&&\"undefined\"!=typeof URL&&(d.wp=d.wp||{},d.wp.receiveEmbedMessage||(d.wp.receiveEmbedMessage=function(e){var t=e.data;if((t||t.secret||t.message||t.value)&&!\/[^a-zA-Z0-9]\/.test(t.secret)){for(var s,r,n,a=l.querySelectorAll('iframe[data-secret=\"'+t.secret+'\"]'),o=l.querySelectorAll('blockquote[data-secret=\"'+t.secret+'\"]'),c=new RegExp(\"^https?:$\",\"i\"),i=0;i<o.length;i++)o[i].style.display=\"none\";for(i=0;i<a.length;i++)s=a[i],e.source===s.contentWindow&&(s.removeAttribute(\"style\"),\"height\"===t.message?(1e3<(r=parseInt(t.value,10))?r=1e3:~~r<200&&(r=200),s.height=r):\"link\"===t.message&&(r=new URL(s.getAttribute(\"src\")),n=new URL(t.value),c.test(n.protocol))&&n.host===r.host&&l.activeElement===s&&(d.top.location.href=t.value))}},d.addEventListener(\"message\",d.wp.receiveEmbedMessage,!1),l.addEventListener(\"DOMContentLoaded\",function(){for(var e,t,s=l.querySelectorAll(\"iframe.wp-embedded-content\"),r=0;r<s.length;r++)(t=(e=s[r]).getAttribute(\"data-secret\"))||(t=Math.random().toString(36).substring(2,12),e.src+=\"#?secret=\"+t,e.setAttribute(\"data-secret\",t)),e.contentWindow.postMessage({message:\"ready\",secret:t},\"*\")},!1)))}(window,document);\n\/\/# sourceURL=https:\/\/aralleida.cat\/wp-includes\/js\/wp-embed.min.js\n\/* ]]> *\/\n<\/script>\n","description":"[vc_row full_width=&#8221;stretch_row_content_no_spaces&#8221; bg_type=&#8221;bg_color&#8221; bg_color_value=&#8221;#3c3c3b&#8221; css=&#8221;.vc_custom_1605797650815{margin-top: 0px !important;margin-bottom: 0px !important;padding-top: 0px !important;padding-bottom: 0px !important;}&#8221;][vc_column css=&#8221;.vc_custom_1605797593358{margin-top: 0px !important;margin-bottom: 0px !important;padding-top: 0px !important;padding-bottom: 0px !important;}&#8221;][\/vc_column][\/vc_row][vc_row full_width=&#8221;stretch_row&#8221; bg_type=&#8221;image&#8221; parallax_style=&#8221;vcpb-default&#8221; bg_image_new=&#8221;id^136844|url^https:\/\/aralleida.cat\/wp-content\/uploads\/2021\/10\/alta-ribagorca.jpg|caption^null|alt^null|title^alta-ribagorca|description^null&#8221; bg_image_repeat=&#8221;no-repeat&#8221;][vc_column][\/vc_column][\/vc_row][vc_row full_width=&#8221;stretch_row&#8221; bg_type=&#8221;bg_color&#8221; bg_color_value=&#8221;#ededed&#8221;][vc_column][\/vc_column][\/vc_row][vc_row full_width=&#8221;stretch_row&#8221; bg_type=&#8221;bg_color&#8221; bg_color_value=&#8221;#ededed&#8221; css=&#8221;.vc_custom_1630050828556{margin-top: 0px !important;border-top-width: 0px !important;padding-top: 0px !important;}&#8221;][vc_column width=&#8221;1\/6&#8243;][\/vc_column][vc_column width=&#8221;2\/3&#8243;][vc_column_text] THE AUTHENTIC ESSENCE OF THE PYRENEES This is a really authentic land. In L&#8217;Alta Ribagor\u00e7a, the Pyrenees conserve the essence of a thousand-year-old culture that has been passed down from generation to generation; it is the culture of a people who love every inch of their land and heritage. This is part of a country that has been favoured by the Gods; it is a land rich in Romanesque heritage and a dream-like natural setting, which the citizens of Alta Ribagor\u00e7a are incredibly proud of and which has forged a rural character that has resisted the passing of the centuries.[\/vc_column_text][\/vc_column][vc_column width=&#8221;1\/6&#8243;][\/vc_column][\/vc_row][vc_row css=&#8221;.vc_custom_1629975809590{margin-top: 0px !important;padding-top: 0px !important;}&#8221;][vc_column css=&#8221;.vc_custom_1629975819882{margin-top: 0px !important;padding-top: 0px !important;}&#8221;][\/vc_column][\/vc_row][vc_row][vc_column width=&#8221;6\/12&#8243;][vc_column_text] The journey It is possible to savour the intangible cultural heritage of L&#8217;Alta Ribagor\u00e7a at each festa de les falls (burning torch festival), at each fair, at each festa major (main local festival) which follows a programme inherited from antiquity, and at each dance. From the month of May onwards, the comarca (local district) is alive with the baixades de les falles (the descent of the burning torches), which is just one of these ancestral rites. These are festivities that strengthen the bonds between young people and their parents, grandparents and ancestors, in a choreography that goes arm in arm with the fire that marks their commitment to the comarca and to its people. In the dark of the Ribagor\u00e7a night, people are purified by the fire that they have inherited from the Pyrenees and which their elders have shown them how to love and respect. Each village welcomes its visitors in its own way, on nights to remember. Durro, Senet, Barruera, Bo\u00ed, Cas\u00f3s, El Pont de Suert, Vilaller, Erill la Vall, Ta\u00fcll and Llesp are all set alight with emotion at a festival that has bound them to this land for evermore.[\/vc_column_text][\/vc_column][vc_column width=&#8221;6\/12&#8243;][vc_column_text css=&#8221;.vc_custom_1635238870381{margin-bottom: 14px !important;padding-bottom: 0px !important;}&#8221;] Not to be missed [\/vc_column_text][vc_row_inner equal_height=&#8221;yes&#8221; css=&#8221;.vc_custom_1630054455050{margin-top: 4px !important;margin-bottom: 0px !important;border-top-width: 0px !important;border-bottom-width: 0px !important;padding-top: 0px !important;padding-bottom: 0px !important;}&#8221;][vc_column_inner css=&#8221;.vc_custom_1635166356322{margin-top: 0px !important;margin-right: 13px !important;border-top-width: 0px !important;border-right-width: 0px !important;padding-top: 0px !important;padding-right: 0px !important;}&#8221;][vc_column_text css=&#8221;.vc_custom_1635238882933{margin-top: 0px !important;margin-right: 0px !important;margin-bottom: 3px !important;border-top-width: 0px !important;border-right-width: 0px !important;border-bottom-width: 0px !important;padding-top: 8px !important;padding-right: 0px !important;padding-bottom: 8px !important;padding-left: 30px !important;background-color: #ededed !important;}&#8221; el_class=&#8221;impresc&#8221;]Falles: the Fire Festival. From the first fortnight in June, at Durro, Senet, Barruera, Bo\u00ed, Cas\u00f3s, El Pont de Suert, Vilaller, Erill la Vall, Ta\u00fcll and Llesp.[\/vc_column_text][\/vc_column_inner][\/vc_row_inner][\/vc_column][\/vc_row][vc_row][vc_column width=&#8221;6\/12&#8243;][vc_column_text]The comarca also seduces its visitors by day, when they sit down to eat. The families of L&#8217;Alta Ribagor\u00e7a have remained loyal to their livestock farming and culinary traditions and offer their visitors an inherited basket of food products marked by the quality of work done well. The valleys enjoy showing both local people and visitors their best heads of cattle and meat and dairy products at the local fairs which, as if following a sacred calendar, are held in each village on an annual basis. At the end of September, Barruera invites everyone to its Fira del Bestiar (Cattle Fair), so that they can admire the livestock, buying and selling the best examples, as they have done all their lives. It is also possible to learn to carve objects by hand and to take part in the handicraft exhibition of the Pyrenees. On the third Sunday in October, it is El Pont de Suert that invites visitors to discover and taste its most appreciated gastronomic treasure, at the Fira de la Girella (Cured Lamb Sausage Fair). There, a programme of activities teaches people how to make this cured sausage, which is a product of the local passion for lamb, and enjoy eating it in the best of settings: surrounded by an exhibition of local traditions and commerce. At the beginning of November, Vilaller becomes the centre of the comarca, with the Fira de Tots Sants (All Saints Fair), which is the oldest of those held in L&#8217;Alta Ribagor\u00e7a. Visitors can walk through an exhibition of cattle and enjoy the emotion of a Pyrenean brown cow contest, while they enjoy the best girelles. This is an authentic journey to the very soul of the comarca.\u00a0 \u00a0 The route that takes in traditional meeting places includes a very special date with the Festa de la Confraria de Sant Sebasti\u00e0 (Festival of the Brotherhood of St Sebastian) of El Pont de Suert, which dates from 1503 and remains one of the great manifestations of popular intangible cultural heritage in the comarca. On 19th, 20th and 21st January, families are busy renewing their vows to Sant Sebasti\u00e0 at a festival that combines a love of good food, social gatherings, and dishes that have been handed down from older generations, such as lamb stew, meat hotpot, bread soups, vianda and the essential freginat. These are three days simply bursting with Pyrenean culture.[\/vc_column_text][\/vc_column][vc_column width=&#8221;6\/12&#8243;][vc_row_inner equal_height=&#8221;yes&#8221; css=&#8221;.vc_custom_1630056473450{margin-top: 6px !important;margin-bottom: 0px !important;border-top-width: 0px !important;border-bottom-width: 0px !important;padding-top: 0px !important;padding-bottom: 0px !important;}&#8221;][vc_column_inner width=&#8221;9\/12&#8243; css=&#8221;.vc_custom_1629982630107{margin-top: 0px !important;margin-right: 0px !important;border-top-width: 0px !important;border-right-width: 0px !important;padding-top: 0px !important;padding-right: 0px !important;}&#8221;][vc_column_text css=&#8221;.vc_custom_1635238894496{margin-top: 0px !important;margin-right: 0px !important;margin-bottom: 3px !important;border-top-width: 0px !important;border-right-width: 0px !important;border-bottom-width: 0px !important;padding-top: 8px !important;padding-right: 0px !important;padding-bottom: 8px !important;padding-left: 30px !important;background-color: #ededed !important;}&#8221; el_class=&#8221;impresc&#8221;]Fira del Bestiar (Livestock Fair) of Barruera. End of September.[\/vc_column_text][\/vc_column_inner][vc_column_inner width=&#8221;3\/12&#8243; css=&#8221;.vc_custom_1629982622928{margin-top: 0px !important;margin-left: 0px !important;border-top-width: 0px !important;border-left-width: 0px !important;padding-top: 0px !important;padding-left: 0px !important;}&#8221;][vc_single_image image=&#8221;136677&#8243; img_size=&#8221;full&#8221; onclick=&#8221;link_image&#8221; css=&#8221;.vc_custom_1635166415210{margin-right: 0px !important;margin-left: 0px !important;border-right-width: 0px !important;border-left-width: 0px !important;padding-right: 0px !important;padding-left: 0px !important;}&#8221; el_class=&#8221;foto-patr&#8221;][\/vc_column_inner][\/vc_row_inner][vc_row_inner equal_height=&#8221;yes&#8221; css=&#8221;.vc_custom_1630056473450{margin-top: 6px !important;margin-bottom: 0px !important;border-top-width: 0px !important;border-bottom-width: 0px !important;padding-top: 0px !important;padding-bottom: 0px !important;}&#8221;][vc_column_inner width=&#8221;9\/12&#8243; css=&#8221;.vc_custom_1629982630107{margin-top: 0px !important;margin-right: 0px !important;border-top-width: 0px !important;border-right-width: 0px !important;padding-top: 0px !important;padding-right: 0px !important;}&#8221;][vc_column_text css=&#8221;.vc_custom_1635238905347{margin-top: 0px !important;margin-right: 0px !important;margin-bottom: 3px !important;border-top-width: 0px !important;border-right-width: 0px !important;border-bottom-width: 0px !important;padding-top: 8px !important;padding-right: 0px !important;padding-bottom: 8px !important;padding-left: 30px !important;background-color: #ededed !important;}&#8221; el_class=&#8221;impresc&#8221;]Fira de la Girella (Cured Lamb Sausage Fair) of El Pont de Suert. Third Sunday in October.[\/vc_column_text][\/vc_column_inner][vc_column_inner width=&#8221;3\/12&#8243; css=&#8221;.vc_custom_1635166551849{margin-top: 0px !important;margin-bottom: 0px !important;margin-left:"}

L'ALTA RIBAGORÇA

<blockquote class="wp-embedded-content" data-secret="HQZbQg55nc"><a href="https://aralleida.cat/en/patrimoni-immaterial/lalta-ribagorca/">L&#8217;ALTA RIBAGORÇA</a></blockquote><iframe sandbox="allow-scripts" security="restricted" src="https://aralleida.cat/en/patrimoni-immaterial/lalta-ribagorca/embed/#?secret=HQZbQg55nc" width="600" height="338" title="&#8220;L&#8217;ALTA RIBAGORÇA&#8221; &#8212; Ara Lleida" data-secret="HQZbQg55nc" frameborder="0" marginwidth="0" marginheight="0" scrolling="no" class="wp-embedded-content"></iframe><script type="text/javascript">
/* <![CDATA[ */
/*! This file is auto-generated */
!function(d,l){"use strict";l.querySelector&&d.addEventListener&&"undefined"!=typeof URL&&(d.wp=d.wp||{},d.wp.receiveEmbedMessage||(d.wp.receiveEmbedMessage=function(e){var t=e.data;if((t||t.secret||t.message||t.value)&&!/[^a-zA-Z0-9]/.test(t.secret)){for(var s,r,n,a=l.querySelectorAll('iframe[data-secret="'+t.secret+'"]'),o=l.querySelectorAll('blockquote[data-secret="'+t.secret+'"]'),c=new RegExp("^https?:$","i"),i=0;i<o.length;i++)o[i].style.display="none";for(i=0;i<a.length;i++)s=a[i],e.source===s.contentWindow&&(s.removeAttribute("style"),"height"===t.message?(1e3<(r=parseInt(t.value,10))?r=1e3:~~r<200&&(r=200),s.height=r):"link"===t.message&&(r=new URL(s.getAttribute("src")),n=new URL(t.value),c.test(n.protocol))&&n.host===r.host&&l.activeElement===s&&(d.top.location.href=t.value))}},d.addEventListener("message",d.wp.receiveEmbedMessage,!1),l.addEventListener("DOMContentLoaded",function(){for(var e,t,s=l.querySelectorAll("iframe.wp-embedded-content"),r=0;r<s.length;r++)(t=(e=s[r]).getAttribute("data-secret"))||(t=Math.random().toString(36).substring(2,12),e.src+="#?secret="+t,e.setAttribute("data-secret",t)),e.contentWindow.postMessage({message:"ready",secret:t},"*")},!1)))}(window,document);
//# sourceURL=https://aralleida.cat/wp-includes/js/wp-embed.min.js
/* ]]> */
</script>

[vc_row full_width=&#8221;stretch_row_content_no_spaces&#8221; bg_type=&#8221;bg_color&#8221; bg_color_value=&#8221;#3c3c3b&#8221; css=&#8221;.vc_custom_1605797650815{margin-top: 0px !important;margin-bottom: 0px !important;padding-top: 0px !important;padding-bottom: 0px !important;}&#8221;][vc_column css=&#8221;.vc_custom_1605797593358{margin-top: 0px !important;margin-bottom: 0px !important;padding-top: 0px !important;padding-bottom: 0px !important;}&#8221;][/vc_column][/vc_row][vc_row full_width=&#8221;stretch_row&#8221; bg_type=&#8221;image&#8221; parallax_style=&#8221;vcpb-default&#8221; bg_image_new=&#8221;id^136844|url^https://aralleida.cat/wp-content/uploads/2021/10/alta-ribagorca.jpg|caption^null|alt^null|title^alta-ribagorca|description^null&#8221; bg_image_repeat=&#8221;no-repeat&#8221;][vc_column][/vc_column][/vc_row][vc_row full_width=&#8221;stretch_row&#8221; bg_type=&#8221;bg_color&#8221; bg_color_value=&#8221;#ededed&#8221;][vc_column][/vc_column][/vc_row][vc_row full_width=&#8221;stretch_row&#8221; bg_type=&#8221;bg_color&#8221; bg_color_value=&#8221;#ededed&#8221; css=&#8221;.vc_custom_1630050828556{margin-top: 0px !important;border-top-width: 0px !important;padding-top: 0px !important;}&#8221;][vc_column width=&#8221;1/6&#8243;][/vc_column][vc_column width=&#8221;2/3&#8243;][vc_column_text] THE AUTHENTIC ESSENCE OF THE PYRENEES This is a really authentic land. In L&#8217;Alta Ribagorça, the Pyrenees conserve the essence of a thousand-year-old culture that has been passed down from generation to generation; it is the culture of a people who love every inch of their land and heritage. This is part of a country that has been favoured by the Gods; it is a land rich in Romanesque heritage and a dream-like natural setting, which the citizens of Alta Ribagorça are incredibly proud of and which has forged a rural character that has resisted the passing of the centuries.[/vc_column_text][/vc_column][vc_column width=&#8221;1/6&#8243;][/vc_column][/vc_row][vc_row css=&#8221;.vc_custom_1629975809590{margin-top: 0px !important;padding-top: 0px !important;}&#8221;][vc_column css=&#8221;.vc_custom_1629975819882{margin-top: 0px !important;padding-top: 0px !important;}&#8221;][/vc_column][/vc_row][vc_row][vc_column width=&#8221;6/12&#8243;][vc_column_text] The journey It is possible to savour the intangible cultural heritage of L&#8217;Alta Ribagorça at each festa de les falls (burning torch festival), at each fair, at each festa major (main local festival) which follows a programme inherited from antiquity, and at each dance. From the month of May onwards, the comarca (local district) is alive with the baixades de les falles (the descent of the burning torches), which is just one of these ancestral rites. These are festivities that strengthen the bonds between young people and their parents, grandparents and ancestors, in a choreography that goes arm in arm with the fire that marks their commitment to the comarca and to its people. In the dark of the Ribagorça night, people are purified by the fire that they have inherited from the Pyrenees and which their elders have shown them how to love and respect. Each village welcomes its visitors in its own way, on nights to remember. Durro, Senet, Barruera, Boí, Casós, El Pont de Suert, Vilaller, Erill la Vall, Taüll and Llesp are all set alight with emotion at a festival that has bound them to this land for evermore.[/vc_column_text][/vc_column][vc_column width=&#8221;6/12&#8243;][vc_column_text css=&#8221;.vc_custom_1635238870381{margin-bottom: 14px !important;padding-bottom: 0px !important;}&#8221;] Not to be missed [/vc_column_text][vc_row_inner equal_height=&#8221;yes&#8221; css=&#8221;.vc_custom_1630054455050{margin-top: 4px !important;margin-bottom: 0px !important;border-top-width: 0px !important;border-bottom-width: 0px !important;padding-top: 0px !important;padding-bottom: 0px !important;}&#8221;][vc_column_inner css=&#8221;.vc_custom_1635166356322{margin-top: 0px !important;margin-right: 13px !important;border-top-width: 0px !important;border-right-width: 0px !important;padding-top: 0px !important;padding-right: 0px !important;}&#8221;][vc_column_text css=&#8221;.vc_custom_1635238882933{margin-top: 0px !important;margin-right: 0px !important;margin-bottom: 3px !important;border-top-width: 0px !important;border-right-width: 0px !important;border-bottom-width: 0px !important;padding-top: 8px !important;padding-right: 0px !important;padding-bottom: 8px !important;padding-left: 30px !important;background-color: #ededed !important;}&#8221; el_class=&#8221;impresc&#8221;]Falles: the Fire Festival. From the first fortnight in June, at Durro, Senet, Barruera, Boí, Casós, El Pont de Suert, Vilaller, Erill la Vall, Taüll and Llesp.[/vc_column_text][/vc_column_inner][/vc_row_inner][/vc_column][/vc_row][vc_row][vc_column width=&#8221;6/12&#8243;][vc_column_text]The comarca also seduces its visitors by day, when they sit down to eat. The families of L&#8217;Alta Ribagorça have remained loyal to their livestock farming and culinary traditions and offer their visitors an inherited basket of food products marked by the quality of work done well. The valleys enjoy showing both local people and visitors their best heads of cattle and meat and dairy products at the local fairs which, as if following a sacred calendar, are held in each village on an annual basis. At the end of September, Barruera invites everyone to its Fira del Bestiar (Cattle Fair), so that they can admire the livestock, buying and selling the best examples, as they have done all their lives. It is also possible to learn to carve objects by hand and to take part in the handicraft exhibition of the Pyrenees. On the third Sunday in October, it is El Pont de Suert that invites visitors to discover and taste its most appreciated gastronomic treasure, at the Fira de la Girella (Cured Lamb Sausage Fair). There, a programme of activities teaches people how to make this cured sausage, which is a product of the local passion for lamb, and enjoy eating it in the best of settings: surrounded by an exhibition of local traditions and commerce. At the beginning of November, Vilaller becomes the centre of the comarca, with the Fira de Tots Sants (All Saints Fair), which is the oldest of those held in L&#8217;Alta Ribagorça. Visitors can walk through an exhibition of cattle and enjoy the emotion of a Pyrenean brown cow contest, while they enjoy the best girelles. This is an authentic journey to the very soul of the comarca.    The route that takes in traditional meeting places includes a very special date with the Festa de la Confraria de Sant Sebastià (Festival of the Brotherhood of St Sebastian) of El Pont de Suert, which dates from 1503 and remains one of the great manifestations of popular intangible cultural heritage in the comarca. On 19th, 20th and 21st January, families are busy renewing their vows to Sant Sebastià at a festival that combines a love of good food, social gatherings, and dishes that have been handed down from older generations, such as lamb stew, meat hotpot, bread soups, vianda and the essential freginat. These are three days simply bursting with Pyrenean culture.[/vc_column_text][/vc_column][vc_column width=&#8221;6/12&#8243;][vc_row_inner equal_height=&#8221;yes&#8221; css=&#8221;.vc_custom_1630056473450{margin-top: 6px !important;margin-bottom: 0px !important;border-top-width: 0px !important;border-bottom-width: 0px !important;padding-top: 0px !important;padding-bottom: 0px !important;}&#8221;][vc_column_inner width=&#8221;9/12&#8243; css=&#8221;.vc_custom_1629982630107{margin-top: 0px !important;margin-right: 0px !important;border-top-width: 0px !important;border-right-width: 0px !important;padding-top: 0px !important;padding-right: 0px !important;}&#8221;][vc_column_text css=&#8221;.vc_custom_1635238894496{margin-top: 0px !important;margin-right: 0px !important;margin-bottom: 3px !important;border-top-width: 0px !important;border-right-width: 0px !important;border-bottom-width: 0px !important;padding-top: 8px !important;padding-right: 0px !important;padding-bottom: 8px !important;padding-left: 30px !important;background-color: #ededed !important;}&#8221; el_class=&#8221;impresc&#8221;]Fira del Bestiar (Livestock Fair) of Barruera. End of September.[/vc_column_text][/vc_column_inner][vc_column_inner width=&#8221;3/12&#8243; css=&#8221;.vc_custom_1629982622928{margin-top: 0px !important;margin-left: 0px !important;border-top-width: 0px !important;border-left-width: 0px !important;padding-top: 0px !important;padding-left: 0px !important;}&#8221;][vc_single_image image=&#8221;136677&#8243; img_size=&#8221;full&#8221; onclick=&#8221;link_image&#8221; css=&#8221;.vc_custom_1635166415210{margin-right: 0px !important;margin-left: 0px !important;border-right-width: 0px !important;border-left-width: 0px !important;padding-right: 0px !important;padding-left: 0px !important;}&#8221; el_class=&#8221;foto-patr&#8221;][/vc_column_inner][/vc_row_inner][vc_row_inner equal_height=&#8221;yes&#8221; css=&#8221;.vc_custom_1630056473450{margin-top: 6px !important;margin-bottom: 0px !important;border-top-width: 0px !important;border-bottom-width: 0px !important;padding-top: 0px !important;padding-bottom: 0px !important;}&#8221;][vc_column_inner width=&#8221;9/12&#8243; css=&#8221;.vc_custom_1629982630107{margin-top: 0px !important;margin-right: 0px !important;border-top-width: 0px !important;border-right-width: 0px !important;padding-top: 0px !important;padding-right: 0px !important;}&#8221;][vc_column_text css=&#8221;.vc_custom_1635238905347{margin-top: 0px !important;margin-right: 0px !important;margin-bottom: 3px !important;border-top-width: 0px !important;border-right-width: 0px !important;border-bottom-width: 0px !important;padding-top: 8px !important;padding-right: 0px !important;padding-bottom: 8px !important;padding-left: 30px !important;background-color: #ededed !important;}&#8221; el_class=&#8221;impresc&#8221;]Fira de la Girella (Cured Lamb Sausage Fair) of El Pont de Suert. Third Sunday in October.[/vc_column_text][/vc_column_inner][vc_column_inner width=&#8221;3/12&#8243; css=&#8221;.vc_custom_1635166551849{margin-top: 0px !important;margin-bottom: 0px !important;margin-left:
