
{"version":"1.0","provider_name":"Ara Lleida","provider_url":"https:\/\/aralleida.cat\/es\/","author_name":"admin","author_url":"https:\/\/aralleida.cat\/es\/author\/frame_zesv7n2g\/","title":"Camino del Vermell","type":"rich","width":600,"height":338,"html":"<blockquote class=\"wp-embedded-content\" data-secret=\"IBoyrZ1PZz\"><a href=\"https:\/\/aralleida.cat\/es\/associatbosc\/camino-del-vermell\/\">Camino del Vermell<\/a><\/blockquote><iframe sandbox=\"allow-scripts\" security=\"restricted\" src=\"https:\/\/aralleida.cat\/es\/associatbosc\/camino-del-vermell\/embed\/#?secret=IBoyrZ1PZz\" width=\"600\" height=\"338\" title=\"\u00abCamino del Vermell\u00bb \u2014 Ara Lleida\" data-secret=\"IBoyrZ1PZz\" frameborder=\"0\" marginwidth=\"0\" marginheight=\"0\" scrolling=\"no\" class=\"wp-embedded-content\"><\/iframe><script type=\"text\/javascript\">\n\/* <![CDATA[ *\/\n\/*! This file is auto-generated *\/\n!function(d,l){\"use strict\";l.querySelector&&d.addEventListener&&\"undefined\"!=typeof URL&&(d.wp=d.wp||{},d.wp.receiveEmbedMessage||(d.wp.receiveEmbedMessage=function(e){var t=e.data;if((t||t.secret||t.message||t.value)&&!\/[^a-zA-Z0-9]\/.test(t.secret)){for(var s,r,n,a=l.querySelectorAll('iframe[data-secret=\"'+t.secret+'\"]'),o=l.querySelectorAll('blockquote[data-secret=\"'+t.secret+'\"]'),c=new RegExp(\"^https?:$\",\"i\"),i=0;i<o.length;i++)o[i].style.display=\"none\";for(i=0;i<a.length;i++)s=a[i],e.source===s.contentWindow&&(s.removeAttribute(\"style\"),\"height\"===t.message?(1e3<(r=parseInt(t.value,10))?r=1e3:~~r<200&&(r=200),s.height=r):\"link\"===t.message&&(r=new URL(s.getAttribute(\"src\")),n=new URL(t.value),c.test(n.protocol))&&n.host===r.host&&l.activeElement===s&&(d.top.location.href=t.value))}},d.addEventListener(\"message\",d.wp.receiveEmbedMessage,!1),l.addEventListener(\"DOMContentLoaded\",function(){for(var e,t,s=l.querySelectorAll(\"iframe.wp-embedded-content\"),r=0;r<s.length;r++)(t=(e=s[r]).getAttribute(\"data-secret\"))||(t=Math.random().toString(36).substring(2,12),e.src+=\"#?secret=\"+t,e.setAttribute(\"data-secret\",t)),e.contentWindow.postMessage({message:\"ready\",secret:t},\"*\")},!1)))}(window,document);\n\/\/# sourceURL=https:\/\/aralleida.cat\/wp-includes\/js\/wp-embed.min.js\n\/* ]]> *\/\n<\/script>\n","thumbnail_url":"https:\/\/aralleida.cat\/wp-content\/uploads\/2025\/05\/Cam-del-vermell-1.jpg","thumbnail_width":1600,"thumbnail_height":1067,"description":"El paseo se inicia frente a la fuente del Vermell. A lo largo del recorrido, pasar\u00e1s por diferentes ambientes donde encontrar\u00e1s balizas bot\u00e1nicas que te informar\u00e1n sobre la flora del lugar, la fauna, con figuras a tama\u00f1o real que deber\u00e1s identificar, y atriles monogr\u00e1ficos sobre mariposas y orqu\u00eddeas. Durante este recorrido encontrar\u00e1s distintos puntos con un pictograma de bosque y un QR con una audiogu\u00eda que te invitar\u00e1n a hacer actividades para conectar con el bosque y contigo mismo\/a. En ning\u00fan caso estas son obligatorias y puedes adaptarlas a tu manera. Se trata de un recorrido circular que no tiene p\u00e9rdida, solamente debes seguir los indicadores. En la mayor parte de este itinerario llano, ideal para la pr\u00e1ctica de ba\u00f1o de bosque, te encontrar\u00e1s pinos de distintas edades y dimensiones, as\u00ed como un sotobosque de musgo, formado por las ac\u00edculas acumuladas y las pi\u00f1as."}

El paseo se inicia frente a la fuente del Vermell. A lo largo del recorrido, pasarás por diferentes ambientes donde encontrarás balizas botánicas que te informarán sobre la flora del lugar, la fauna, con figuras a tamaño real que deberás identificar, y atriles monográficos sobre mariposas y orquídeas. Durante este recorrido encontrarás distintos puntos con un pictograma de bosque y un QR con una audioguía que te invitarán a hacer actividades para conectar con el bosque y contigo mismo/a. En ningún caso estas son obligatorias y puedes adaptarlas a tu manera. Se trata de un recorrido circular que no tiene pérdida, solamente debes seguir los indicadores. En la mayor parte de este itinerario llano, ideal para la práctica de baño de bosque, te encontrarás pinos de distintas edades y dimensiones, así como un sotobosque de musgo, formado por las acículas acumuladas y las piñas.
