
{"version":"1.0","provider_name":"Ara Lleida","provider_url":"https:\/\/aralleida.cat\/es\/","author_name":"admin","author_url":"https:\/\/aralleida.cat\/es\/author\/frame_zesv7n2g\/","title":"Espacios Naturales","type":"rich","width":600,"height":338,"html":"<blockquote class=\"wp-embedded-content\" data-secret=\"wwpy6ho6qw\"><a href=\"https:\/\/aralleida.cat\/es\/birding\/espais-naturals\/\">Espacios Naturales<\/a><\/blockquote><iframe sandbox=\"allow-scripts\" security=\"restricted\" src=\"https:\/\/aralleida.cat\/es\/birding\/espais-naturals\/embed\/#?secret=wwpy6ho6qw\" width=\"600\" height=\"338\" title=\"\u00abEspacios Naturales\u00bb \u2014 Ara Lleida\" data-secret=\"wwpy6ho6qw\" frameborder=\"0\" marginwidth=\"0\" marginheight=\"0\" scrolling=\"no\" class=\"wp-embedded-content\"><\/iframe><script type=\"text\/javascript\">\n\/* <![CDATA[ *\/\n\/*! This file is auto-generated *\/\n!function(d,l){\"use strict\";l.querySelector&&d.addEventListener&&\"undefined\"!=typeof URL&&(d.wp=d.wp||{},d.wp.receiveEmbedMessage||(d.wp.receiveEmbedMessage=function(e){var t=e.data;if((t||t.secret||t.message||t.value)&&!\/[^a-zA-Z0-9]\/.test(t.secret)){for(var s,r,n,a=l.querySelectorAll('iframe[data-secret=\"'+t.secret+'\"]'),o=l.querySelectorAll('blockquote[data-secret=\"'+t.secret+'\"]'),c=new RegExp(\"^https?:$\",\"i\"),i=0;i<o.length;i++)o[i].style.display=\"none\";for(i=0;i<a.length;i++)s=a[i],e.source===s.contentWindow&&(s.removeAttribute(\"style\"),\"height\"===t.message?(1e3<(r=parseInt(t.value,10))?r=1e3:~~r<200&&(r=200),s.height=r):\"link\"===t.message&&(r=new URL(s.getAttribute(\"src\")),n=new URL(t.value),c.test(n.protocol))&&n.host===r.host&&l.activeElement===s&&(d.top.location.href=t.value))}},d.addEventListener(\"message\",d.wp.receiveEmbedMessage,!1),l.addEventListener(\"DOMContentLoaded\",function(){for(var e,t,s=l.querySelectorAll(\"iframe.wp-embedded-content\"),r=0;r<s.length;r++)(t=(e=s[r]).getAttribute(\"data-secret\"))||(t=Math.random().toString(36).substring(2,12),e.src+=\"#?secret=\"+t,e.setAttribute(\"data-secret\",t)),e.contentWindow.postMessage({message:\"ready\",secret:t},\"*\")},!1)))}(window,document);\n\/\/# sourceURL=https:\/\/aralleida.cat\/wp-includes\/js\/wp-embed.min.js\n\/* ]]> *\/\n<\/script>\n","description":"[vc_row full_width=\u00bbstretch_row_content\u00bb bg_type=\u00bbbg_color\u00bb css=\u00bb.vc_custom_1662450380689{margin-top: 0px !important;margin-bottom: 0px !important;padding-top: 0px !important;padding-bottom: 0px !important;}\u00bb bg_color_value=\u00bb#3c3c3b\u00bb][vc_column css=\u00bb.vc_custom_1662450373803{margin-top: 0px !important;margin-bottom: 0px !important;padding-top: 0px !important;padding-bottom: 0px !important;}\u00bb][\/vc_column][\/vc_row][vc_row full_width=\u00bbstretch_row_content\u00bb bg_type=\u00bbimage\u00bb parallax_style=\u00bbvcpb-vz-jquery\u00bb bg_image_new=\u00bbid^280452|url^https:\/\/aralleida.cat\/wp-content\/uploads\/2022\/09\/espais-naturals-portada-ara-leida.jpg|caption^null|alt^null|title^espais-naturals-portada-ara-leida|description^null\u00bb bg_image_repeat=\u00bbno-repeat\u00bb][vc_column][\/vc_column][\/vc_row][vc_row][vc_column][vc_column_text]Turismo ornitol\u00f3gico &#8211; Espacios naturales[\/vc_column_text][\/vc_column][\/vc_row][vc_row full_width=\u00bbstretch_row_content\u00bb][vc_column width=\u00bb1\/6&#8243;][\/vc_column][vc_column width=\u00bb5\/12&#8243;][vc_custom_heading text=\u00bbEspacios Naturales y Turismo Ornitol\u00f3gico en el Pirineo y las Tierras de Lleida\u00bb font_container=\u00bbtag:h2|text_align:left|color:%23f9b233&#8243; google_fonts=\u00bbfont_family:Quicksand%3A300%2Cregular%2C700|font_style:700%20bold%20regular%3A700%3Anormal\u00bb][vc_separator color=\u00bborange\u00bb][vc_column_text] El Pirineo y las Tierras de Lleida cuentan con 48 espacios naturales reconocidos con distintos grados de protecci\u00f3n legal, tales como reservas naturales, parques naturales, ZEPA (zonas de especial protecci\u00f3n para las aves), el Parque Nacional de Aig\u00fcestortes i Estany de Sant Maurici u otros lugares incluidos en el Plan de Espacios de Inter\u00e9s Natural (PEIN) de la Generalitat de Catalunya. Incluso se a\u00f1aden otros lugares no protegidos pero de gran inter\u00e9s para la observaci\u00f3n de p\u00e1jaros. [\/vc_column_text][\/vc_column][vc_column width=\u00bb1\/12&#8243;][\/vc_column][vc_column width=\u00bb1\/6&#8243;][vc_empty_space][vc_single_image image=\u00bb278072&#8243; img_size=\u00bb150&#215;150&#8243; alignment=\u00bbcenter\u00bb][vc_column_text] Turismo Ornitol\u00f3gico P\u00e1jaros [\/vc_column_text][\/vc_column][vc_column width=\u00bb1\/6&#8243;][\/vc_column][\/vc_row][vc_row][vc_column width=\u00bb1\/6&#8243;][\/vc_column][vc_column width=\u00bb2\/3&#8243;][vc_empty_space height=\u00bb22px\u00bb][vc_column_text] Gran parte de estos espacios son pirenaicos y de alta monta\u00f1a y el resto se distribuyen entre el Prepirineo y la llanura de Lleida con sus espacios palustres, como lagos y cursos fluviales. Desde la perspectiva del turismo ornitol\u00f3gico, trazando rutas y estancias para procurar asegurar el mayor n\u00famero de especies de inter\u00e9s, podemos dividir el territorio, de 12.150 km\u00b2 y con una distancia razonable, en dos grandes sectores, distantes entre s\u00ed por carretera poco m\u00e1s de 200 km (Ruta de la Val d&#8217;Aran al Ebro leridano). Por lo que respecta al norte, cabe destacar el conjunto monta\u00f1oso de los Pirineos con el Prepirineo, y al sur la llanura de Lleida con sus secanos y lagos cerrada por las aguas y contrafuertes del r\u00edo Ebro. La divisi\u00f3n de esta orograf\u00eda no es homog\u00e9nea, ya que en realidad es dif\u00edcil distinguir los lagos de la llanura de los secanos que los rodean o las colinas esteparias del Baix Segre de las colinas lozanas del Ebro. Pero estrat\u00e9gicamente nos pueden permitir realizar cuatro grandes rutas: [\/vc_column_text][vc_empty_space height=\u00bb22px\u00bb][vc_row_inner][vc_column_inner width=\u00bb1\/6&#8243; css=\u00bb.vc_custom_1664973213673{background-color: #f9b233 !important;border-radius: 10px !important;}\u00bb][vc_column_text] 1 Pirineo de Lleida [\/vc_column_text][\/vc_column_inner][vc_column_inner width=\u00bb1\/4&#8243; css=\u00bb.vc_custom_1664971323029{background-color: #f9b233 !important;border-radius: 10px !important;}\u00bb][vc_column_text] 2 Prepirineo de Lleida [\/vc_column_text][\/vc_column_inner][vc_column_inner width=\u00bb1\/4&#8243; css=\u00bb.vc_custom_1664973313771{background-color: #f9b233 !important;border-radius: 10px !important;}\u00bb][vc_column_text] 3 La Plana de Lleida y sus lagos [\/vc_column_text][\/vc_column_inner][vc_column_inner width=\u00bb1\/3&#8243; css=\u00bb.vc_custom_1664973320690{background-color: #f9b233 !important;border-radius: 10px !important;}\u00bb][vc_column_text] 4 La Confluencia del Segre, Cinca y Ebro [\/vc_column_text][\/vc_column_inner][\/vc_row_inner][\/vc_column][vc_column width=\u00bb1\/6&#8243;][\/vc_column][\/vc_row][vc_row][vc_column width=\u00bb1\/6&#8243;][\/vc_column][vc_column width=\u00bb2\/3&#8243;][vc_empty_space height=\u00bb42px\u00bb][vc_column_text] De nuestras cincuenta especies de aves presentadas, 13 las encontraremos sobre todo en el Pirineo de Lleida y 22 en el Prepirineo, 22 en los secanos y 9 espec\u00edficamente en sus lagos y 20 en el Aiguabarreig y la Lleida ebrense. Buena parte de ellas ocupan varias de las \u00e1reas que os indicamos, as\u00ed que antes de realizar una ruta para observar el m\u00e1ximo de especies habr\u00e1 que elegir cu\u00e1les queremos ver, qu\u00e9 espacios son los m\u00e1s adecuados y buscarlas en los h\u00e1bitats que prefieren. Conociendo la distribuci\u00f3n de nuestras especies m\u00e1s interesantes y en funci\u00f3n del tiempo disponible, es necesario contar con varios d\u00edas para recorrerlo todo. De norte a sur lo m\u00e1s adecuado a prospectar son los espacios naturales de la Val d&#8217;Aran y el Parque Nacional de Aig\u00fcestortes i Estany de Sant Maurici, teniendo en cuenta que algunas especies solo las encontraremos en la alta monta\u00f1a. Bajando de altitud es fundamental una parada en la sierra de Boumort y el desfiladero de Mont-rebei para observar todos los necr\u00f3fagos ib\u00e9ricos en una sola regi\u00f3n, a la vez que ya aparecen la mayor parte de las currucas. Nuestra ruta debe continuar indudablemente hacia el lago de Ivars y Vila-sana para observar especies acu\u00e1ticas y p\u00e1jaros de carrizal que en Lleida \u2013y en algunos casos en Catalu\u00f1a\u2013 tienen aqu\u00ed su punto principal. Hay que recorrer los secanos y si queremos buscar las especies m\u00e1s escasas, detenernos en el Mas de Melons y Alf\u00e9s. Por \u00faltimo, los secanos del Baix Segre nos dan acceso al Aiguabarreig, donde encontraremos los bosques de ribera m\u00e1s grandes del pa\u00eds y podemos bajar por el Ebro, incluso en sentido literal, para observar las aves de los roquedales de las colinas de Almatret. [\/vc_column_text][vc_empty_space height=\u00bb22px\u00bb][\/vc_column][vc_column width=\u00bb1\/6&#8243;][\/vc_column][\/vc_row][vc_row bg_type=\u00bbbg_color\u00bb bg_override=\u00bbex-full\u00bb bg_color_value=\u00bb#dadada\u00bb][vc_column][vc_empty_space height=\u00bb12px\u00bb][vc_custom_heading text=\u00bbESPACIOS NATURALES\u00bb font_container=\u00bbtag:h2|font_size:20|text_align:center|color:%231d1d1b\u00bb google_fonts=\u00bbfont_family:Quicksand%3A300%2Cregular%2C700|font_style:700%20bold%20regular%3A700%3Anormal\u00bb][vc_empty_space height=\u00bb24px\u00bb][vc_empty_space height=\u00bb34px\u00bb][\/vc_column][\/vc_row][vc_row bg_type=\u00bbbg_color\u00bb bg_override=\u00bbex-full\u00bb bg_color_value=\u00bb#f9b233&#8243;][vc_column][vc_empty_space height=\u00bb12px\u00bb][vc_custom_heading text=\u00bbESCOGE POR CATEGOR\u00cdA\u00bb font_container=\u00bbtag:h2|font_size:20|text_align:center|color:%23ffffff\u00bb google_fonts=\u00bbfont_family:Quicksand%3A300%2Cregular%2C700|font_style:700%20bold%20regular%3A700%3Anormal\u00bb][vc_empty_space height=\u00bb24px\u00bb][\/vc_column][\/vc_row][vc_row bg_type=\u00bbbg_color\u00bb bg_override=\u00bbex-full\u00bb bg_color_value=\u00bb#f9b233&#8243;][vc_column width=\u00bb1\/4&#8243;][\/vc_column][vc_column width=\u00bb1\/4&#8243;][\/vc_column][vc_column width=\u00bb1\/4&#8243;][\/vc_column][vc_column width=\u00bb1\/4&#8243;][\/vc_column][\/vc_row][vc_row bg_type=\u00bbbg_color\u00bb bg_override=\u00bbex-full\u00bb bg_color_value=\u00bb#f9b233&#8243;][vc_column][vc_empty_space][\/vc_column][\/vc_row]"}

[vc_row full_width=»stretch_row_content» bg_type=»bg_color» css=».vc_custom_1662450380689{margin-top: 0px !important;margin-bottom: 0px !important;padding-top: 0px !important;padding-bottom: 0px !important;}» bg_color_value=»#3c3c3b»][vc_column css=».vc_custom_1662450373803{margin-top: 0px !important;margin-bottom: 0px !important;padding-top: 0px !important;padding-bottom: 0px !important;}»][/vc_column][/vc_row][vc_row full_width=»stretch_row_content» bg_type=»image» parallax_style=»vcpb-vz-jquery» bg_image_new=»id^280452|url^https://aralleida.cat/wp-content/uploads/2022/09/espais-naturals-portada-ara-leida.jpg|caption^null|alt^null|title^espais-naturals-portada-ara-leida|description^null» bg_image_repeat=»no-repeat»][vc_column][/vc_column][/vc_row][vc_row][vc_column][vc_column_text]Turismo ornitológico &#8211; Espacios naturales[/vc_column_text][/vc_column][/vc_row][vc_row full_width=»stretch_row_content»][vc_column width=»1/6&#8243;][/vc_column][vc_column width=»5/12&#8243;][vc_custom_heading text=»Espacios Naturales y Turismo Ornitológico en el Pirineo y las Tierras de Lleida» font_container=»tag:h2|text_align:left|color:%23f9b233&#8243; google_fonts=»font_family:Quicksand%3A300%2Cregular%2C700|font_style:700%20bold%20regular%3A700%3Anormal»][vc_separator color=»orange»][vc_column_text] El Pirineo y las Tierras de Lleida cuentan con 48 espacios naturales reconocidos con distintos grados de protección legal, tales como reservas naturales, parques naturales, ZEPA (zonas de especial protección para las aves), el Parque Nacional de Aigüestortes i Estany de Sant Maurici u otros lugares incluidos en el Plan de Espacios de Interés Natural (PEIN) de la Generalitat de Catalunya. Incluso se añaden otros lugares no protegidos pero de gran interés para la observación de pájaros. [/vc_column_text][/vc_column][vc_column width=»1/12&#8243;][/vc_column][vc_column width=»1/6&#8243;][vc_empty_space][vc_single_image image=»278072&#8243; img_size=»150&#215;150&#8243; alignment=»center»][vc_column_text] Turismo Ornitológico Pájaros [/vc_column_text][/vc_column][vc_column width=»1/6&#8243;][/vc_column][/vc_row][vc_row][vc_column width=»1/6&#8243;][/vc_column][vc_column width=»2/3&#8243;][vc_empty_space height=»22px»][vc_column_text] Gran parte de estos espacios son pirenaicos y de alta montaña y el resto se distribuyen entre el Prepirineo y la llanura de Lleida con sus espacios palustres, como lagos y cursos fluviales. Desde la perspectiva del turismo ornitológico, trazando rutas y estancias para procurar asegurar el mayor número de especies de interés, podemos dividir el territorio, de 12.150 km² y con una distancia razonable, en dos grandes sectores, distantes entre sí por carretera poco más de 200 km (Ruta de la Val d&#8217;Aran al Ebro leridano). Por lo que respecta al norte, cabe destacar el conjunto montañoso de los Pirineos con el Prepirineo, y al sur la llanura de Lleida con sus secanos y lagos cerrada por las aguas y contrafuertes del río Ebro. La división de esta orografía no es homogénea, ya que en realidad es difícil distinguir los lagos de la llanura de los secanos que los rodean o las colinas esteparias del Baix Segre de las colinas lozanas del Ebro. Pero estratégicamente nos pueden permitir realizar cuatro grandes rutas: [/vc_column_text][vc_empty_space height=»22px»][vc_row_inner][vc_column_inner width=»1/6&#8243; css=».vc_custom_1664973213673{background-color: #f9b233 !important;border-radius: 10px !important;}»][vc_column_text] 1 Pirineo de Lleida [/vc_column_text][/vc_column_inner][vc_column_inner width=»1/4&#8243; css=».vc_custom_1664971323029{background-color: #f9b233 !important;border-radius: 10px !important;}»][vc_column_text] 2 Prepirineo de Lleida [/vc_column_text][/vc_column_inner][vc_column_inner width=»1/4&#8243; css=».vc_custom_1664973313771{background-color: #f9b233 !important;border-radius: 10px !important;}»][vc_column_text] 3 La Plana de Lleida y sus lagos [/vc_column_text][/vc_column_inner][vc_column_inner width=»1/3&#8243; css=».vc_custom_1664973320690{background-color: #f9b233 !important;border-radius: 10px !important;}»][vc_column_text] 4 La Confluencia del Segre, Cinca y Ebro [/vc_column_text][/vc_column_inner][/vc_row_inner][/vc_column][vc_column width=»1/6&#8243;][/vc_column][/vc_row][vc_row][vc_column width=»1/6&#8243;][/vc_column][vc_column width=»2/3&#8243;][vc_empty_space height=»42px»][vc_column_text] De nuestras cincuenta especies de aves presentadas, 13 las encontraremos sobre todo en el Pirineo de Lleida y 22 en el Prepirineo, 22 en los secanos y 9 específicamente en sus lagos y 20 en el Aiguabarreig y la Lleida ebrense. Buena parte de ellas ocupan varias de las áreas que os indicamos, así que antes de realizar una ruta para observar el máximo de especies habrá que elegir cuáles queremos ver, qué espacios son los más adecuados y buscarlas en los hábitats que prefieren. Conociendo la distribución de nuestras especies más interesantes y en función del tiempo disponible, es necesario contar con varios días para recorrerlo todo. De norte a sur lo más adecuado a prospectar son los espacios naturales de la Val d&#8217;Aran y el Parque Nacional de Aigüestortes i Estany de Sant Maurici, teniendo en cuenta que algunas especies solo las encontraremos en la alta montaña. Bajando de altitud es fundamental una parada en la sierra de Boumort y el desfiladero de Mont-rebei para observar todos los necrófagos ibéricos en una sola región, a la vez que ya aparecen la mayor parte de las currucas. Nuestra ruta debe continuar indudablemente hacia el lago de Ivars y Vila-sana para observar especies acuáticas y pájaros de carrizal que en Lleida –y en algunos casos en Cataluña– tienen aquí su punto principal. Hay que recorrer los secanos y si queremos buscar las especies más escasas, detenernos en el Mas de Melons y Alfés. Por último, los secanos del Baix Segre nos dan acceso al Aiguabarreig, donde encontraremos los bosques de ribera más grandes del país y podemos bajar por el Ebro, incluso en sentido literal, para observar las aves de los roquedales de las colinas de Almatret. [/vc_column_text][vc_empty_space height=»22px»][/vc_column][vc_column width=»1/6&#8243;][/vc_column][/vc_row][vc_row bg_type=»bg_color» bg_override=»ex-full» bg_color_value=»#dadada»][vc_column][vc_empty_space height=»12px»][vc_custom_heading text=»ESPACIOS NATURALES» font_container=»tag:h2|font_size:20|text_align:center|color:%231d1d1b» google_fonts=»font_family:Quicksand%3A300%2Cregular%2C700|font_style:700%20bold%20regular%3A700%3Anormal»][vc_empty_space height=»24px»][vc_empty_space height=»34px»][/vc_column][/vc_row][vc_row bg_type=»bg_color» bg_override=»ex-full» bg_color_value=»#f9b233&#8243;][vc_column][vc_empty_space height=»12px»][vc_custom_heading text=»ESCOGE POR CATEGORÍA» font_container=»tag:h2|font_size:20|text_align:center|color:%23ffffff» google_fonts=»font_family:Quicksand%3A300%2Cregular%2C700|font_style:700%20bold%20regular%3A700%3Anormal»][vc_empty_space height=»24px»][/vc_column][/vc_row][vc_row bg_type=»bg_color» bg_override=»ex-full» bg_color_value=»#f9b233&#8243;][vc_column width=»1/4&#8243;][/vc_column][vc_column width=»1/4&#8243;][/vc_column][vc_column width=»1/4&#8243;][/vc_column][vc_column width=»1/4&#8243;][/vc_column][/vc_row][vc_row bg_type=»bg_color» bg_override=»ex-full» bg_color_value=»#f9b233&#8243;][vc_column][vc_empty_space][/vc_column][/vc_row]
