
{"version":"1.0","provider_name":"Ara Lleida","provider_url":"https:\/\/aralleida.cat\/es\/","author_name":"admin","author_url":"https:\/\/aralleida.cat\/es\/author\/frame_zesv7n2g\/","title":"Descubriendo el canto de los p\u00e1jaros - Iniciaci\u00f3n","type":"rich","width":600,"height":338,"html":"<blockquote class=\"wp-embedded-content\" data-secret=\"bKn4va9Oix\"><a href=\"https:\/\/aralleida.cat\/es\/expbirding\/descubriendo-el-canto-de-los-pajaros-iniciacion\/\">Descubriendo el canto de los p\u00e1jaros &#8211; Iniciaci\u00f3n<\/a><\/blockquote><iframe sandbox=\"allow-scripts\" security=\"restricted\" src=\"https:\/\/aralleida.cat\/es\/expbirding\/descubriendo-el-canto-de-los-pajaros-iniciacion\/embed\/#?secret=bKn4va9Oix\" width=\"600\" height=\"338\" title=\"\u00abDescubriendo el canto de los p\u00e1jaros &#8211; Iniciaci\u00f3n\u00bb \u2014 Ara Lleida\" data-secret=\"bKn4va9Oix\" frameborder=\"0\" marginwidth=\"0\" marginheight=\"0\" scrolling=\"no\" class=\"wp-embedded-content\"><\/iframe><script type=\"text\/javascript\">\n\/* <![CDATA[ *\/\n\/*! This file is auto-generated *\/\n!function(d,l){\"use strict\";l.querySelector&&d.addEventListener&&\"undefined\"!=typeof URL&&(d.wp=d.wp||{},d.wp.receiveEmbedMessage||(d.wp.receiveEmbedMessage=function(e){var t=e.data;if((t||t.secret||t.message||t.value)&&!\/[^a-zA-Z0-9]\/.test(t.secret)){for(var s,r,n,a=l.querySelectorAll('iframe[data-secret=\"'+t.secret+'\"]'),o=l.querySelectorAll('blockquote[data-secret=\"'+t.secret+'\"]'),c=new RegExp(\"^https?:$\",\"i\"),i=0;i<o.length;i++)o[i].style.display=\"none\";for(i=0;i<a.length;i++)s=a[i],e.source===s.contentWindow&&(s.removeAttribute(\"style\"),\"height\"===t.message?(1e3<(r=parseInt(t.value,10))?r=1e3:~~r<200&&(r=200),s.height=r):\"link\"===t.message&&(r=new URL(s.getAttribute(\"src\")),n=new URL(t.value),c.test(n.protocol))&&n.host===r.host&&l.activeElement===s&&(d.top.location.href=t.value))}},d.addEventListener(\"message\",d.wp.receiveEmbedMessage,!1),l.addEventListener(\"DOMContentLoaded\",function(){for(var e,t,s=l.querySelectorAll(\"iframe.wp-embedded-content\"),r=0;r<s.length;r++)(t=(e=s[r]).getAttribute(\"data-secret\"))||(t=Math.random().toString(36).substring(2,12),e.src+=\"#?secret=\"+t,e.setAttribute(\"data-secret\",t)),e.contentWindow.postMessage({message:\"ready\",secret:t},\"*\")},!1)))}(window,document);\n\/\/# sourceURL=https:\/\/aralleida.cat\/wp-includes\/js\/wp-embed.min.js\n\/* ]]> *\/\n<\/script>\n","thumbnail_url":"https:\/\/aralleida.cat\/wp-content\/uploads\/2022\/09\/OE5.jpg","thumbnail_width":1000,"thumbnail_height":574,"description":"&nbsp; El canto de los p\u00e1jaros es un elemento muy importante del paisaje sonoro de los campos y bosques de las tierras de Ponent. Mediante una ruta senderista nos adentraremos en el hermoso e interesante mundo de las vocalizaciones de los p\u00e1jaros. Trataremos de encontrar respuestas al \u00bfpor qu\u00e9?, \u00bfcu\u00e1ndo?, \u00bfc\u00f3mo? Esta experiencia se puede hacer en el \u00e1mbito de espacios de inter\u00e9s natural de Ponent o en otros lugares."}

Descubriendo el canto de los pájaros - Iniciación

<blockquote class="wp-embedded-content" data-secret="bKn4va9Oix"><a href="https://aralleida.cat/es/expbirding/descubriendo-el-canto-de-los-pajaros-iniciacion/">Descubriendo el canto de los pájaros &#8211; Iniciación</a></blockquote><iframe sandbox="allow-scripts" security="restricted" src="https://aralleida.cat/es/expbirding/descubriendo-el-canto-de-los-pajaros-iniciacion/embed/#?secret=bKn4va9Oix" width="600" height="338" title="«Descubriendo el canto de los pájaros &#8211; Iniciación» — Ara Lleida" data-secret="bKn4va9Oix" frameborder="0" marginwidth="0" marginheight="0" scrolling="no" class="wp-embedded-content"></iframe><script type="text/javascript">
/* <![CDATA[ */
/*! This file is auto-generated */
!function(d,l){"use strict";l.querySelector&&d.addEventListener&&"undefined"!=typeof URL&&(d.wp=d.wp||{},d.wp.receiveEmbedMessage||(d.wp.receiveEmbedMessage=function(e){var t=e.data;if((t||t.secret||t.message||t.value)&&!/[^a-zA-Z0-9]/.test(t.secret)){for(var s,r,n,a=l.querySelectorAll('iframe[data-secret="'+t.secret+'"]'),o=l.querySelectorAll('blockquote[data-secret="'+t.secret+'"]'),c=new RegExp("^https?:$","i"),i=0;i<o.length;i++)o[i].style.display="none";for(i=0;i<a.length;i++)s=a[i],e.source===s.contentWindow&&(s.removeAttribute("style"),"height"===t.message?(1e3<(r=parseInt(t.value,10))?r=1e3:~~r<200&&(r=200),s.height=r):"link"===t.message&&(r=new URL(s.getAttribute("src")),n=new URL(t.value),c.test(n.protocol))&&n.host===r.host&&l.activeElement===s&&(d.top.location.href=t.value))}},d.addEventListener("message",d.wp.receiveEmbedMessage,!1),l.addEventListener("DOMContentLoaded",function(){for(var e,t,s=l.querySelectorAll("iframe.wp-embedded-content"),r=0;r<s.length;r++)(t=(e=s[r]).getAttribute("data-secret"))||(t=Math.random().toString(36).substring(2,12),e.src+="#?secret="+t,e.setAttribute("data-secret",t)),e.contentWindow.postMessage({message:"ready",secret:t},"*")},!1)))}(window,document);
//# sourceURL=https://aralleida.cat/wp-includes/js/wp-embed.min.js
/* ]]> */
</script>

&nbsp; El canto de los pájaros es un elemento muy importante del paisaje sonoro de los campos y bosques de las tierras de Ponent. Mediante una ruta senderista nos adentraremos en el hermoso e interesante mundo de las vocalizaciones de los pájaros. Trataremos de encontrar respuestas al ¿por qué?, ¿cuándo?, ¿cómo? Esta experiencia se puede hacer en el ámbito de espacios de interés natural de Ponent o en otros lugares.
