
{"version":"1.0","provider_name":"Ara Lleida","provider_url":"https:\/\/aralleida.cat\/es\/","author_name":"Omar","author_url":"https:\/\/aralleida.cat\/es\/author\/lagrafica-2-2\/","title":"Los campings de Lleida se promocionan en Europa","type":"rich","width":600,"height":338,"html":"<blockquote class=\"wp-embedded-content\" data-secret=\"c1C7isxFPK\"><a href=\"https:\/\/aralleida.cat\/es\/los-campings-de-lleida-se-promocionan-en-europa\/\">Los campings de Lleida se promocionan en Europa<\/a><\/blockquote><iframe sandbox=\"allow-scripts\" security=\"restricted\" src=\"https:\/\/aralleida.cat\/es\/los-campings-de-lleida-se-promocionan-en-europa\/embed\/#?secret=c1C7isxFPK\" width=\"600\" height=\"338\" title=\"\u00abLos campings de Lleida se promocionan en Europa\u00bb \u2014 Ara Lleida\" data-secret=\"c1C7isxFPK\" frameborder=\"0\" marginwidth=\"0\" marginheight=\"0\" scrolling=\"no\" class=\"wp-embedded-content\"><\/iframe><script type=\"text\/javascript\">\n\/* <![CDATA[ *\/\n\/*! This file is auto-generated *\/\n!function(d,l){\"use strict\";l.querySelector&&d.addEventListener&&\"undefined\"!=typeof URL&&(d.wp=d.wp||{},d.wp.receiveEmbedMessage||(d.wp.receiveEmbedMessage=function(e){var t=e.data;if((t||t.secret||t.message||t.value)&&!\/[^a-zA-Z0-9]\/.test(t.secret)){for(var s,r,n,a=l.querySelectorAll('iframe[data-secret=\"'+t.secret+'\"]'),o=l.querySelectorAll('blockquote[data-secret=\"'+t.secret+'\"]'),c=new RegExp(\"^https?:$\",\"i\"),i=0;i<o.length;i++)o[i].style.display=\"none\";for(i=0;i<a.length;i++)s=a[i],e.source===s.contentWindow&&(s.removeAttribute(\"style\"),\"height\"===t.message?(1e3<(r=parseInt(t.value,10))?r=1e3:~~r<200&&(r=200),s.height=r):\"link\"===t.message&&(r=new URL(s.getAttribute(\"src\")),n=new URL(t.value),c.test(n.protocol))&&n.host===r.host&&l.activeElement===s&&(d.top.location.href=t.value))}},d.addEventListener(\"message\",d.wp.receiveEmbedMessage,!1),l.addEventListener(\"DOMContentLoaded\",function(){for(var e,t,s=l.querySelectorAll(\"iframe.wp-embedded-content\"),r=0;r<s.length;r++)(t=(e=s[r]).getAttribute(\"data-secret\"))||(t=Math.random().toString(36).substring(2,12),e.src+=\"#?secret=\"+t,e.setAttribute(\"data-secret\",t)),e.contentWindow.postMessage({message:\"ready\",secret:t},\"*\")},!1)))}(window,document);\n\/\/# sourceURL=https:\/\/aralleida.cat\/wp-includes\/js\/wp-embed.min.js\n\/* ]]> *\/\n<\/script>\n","thumbnail_url":"https:\/\/aralleida.cat\/wp-content\/uploads\/2025\/02\/Foto-02.-Campings.jpg","thumbnail_width":600,"thumbnail_height":400,"description":"[vc_row][vc_column][vc_separator][vc_column_text css=\u00bb\u00bb]La Asociaci\u00f3n de Campings de Lleida ha participado en la feria Fahrrad &amp; WanderReisen para promocionar la demarcaci\u00f3n leridana como destino privilegiado para los aficionados a esta modalidad de alojamiento. La asociaci\u00f3n ha dispuesto de un espacio dentro del estand de Catalu\u00f1a, junto con Torisme Val d\u2019Aran y otros municipios catalanes. Esta acci\u00f3n se ha llevado a cabo en el marco del convenio de la Asociaci\u00f3n con el Patronat de Turisme de la Diputaci\u00f3 de Lleida. El sal\u00f3n Fahrrad ha tenido lugar del 18 al 20 de enero en la ciudad alemana de Stuttgart. Seg\u00fan Katrin Fiss, representante de la Asociaci\u00f3n en el sal\u00f3n, la acci\u00f3n promocional ha sido bastante interesante \u201cpor la cantidad y diversidad de p\u00fablico que mueve este encuentro ferial, personas interesadas en el senderismo y el ciclismo, gente que se mueve con autocaravanas y grupos familiares que buscan nuevos destinos\u201d. Fahrrad &amp; WanderReisen se celebra en el marco de la feria CMT, el mayor evento p\u00fablico del mundo en el \u00e1mbito del turismo y el ocio, y se ha consolidado como un encuentro clave en el sector del ciclismo y el senderismo, ofreciendo una plataforma \u00fanica para la presentaci\u00f3n de innovaciones, productos y servicios destinados a profesionales y entusiastas de las actividades al aire libre. Con un amplio abanico de expositores y actividades, el evento pone el foco en las \u00faltimas tendencias, desde bicicletas y accesorios de alta tecnolog\u00eda hasta destinos tur\u00edsticos especializados. Los campings consolidan el Pirineo y las Tierras de Lleida como referente del turismo de naturaleza, seg\u00fan indica un estudio de la C\u00e1tedra de Turismo de Interior y Monta\u00f1a de la Universidad de Lleida (UdL), que cuenta con la colaboraci\u00f3n del Patronat de Turisme de la Diputaci\u00f3 de Lleida. El informe, que se hizo p\u00fablico el 22 de enero durante la inauguraci\u00f3n de la feria FITUR en Madrid, se\u00f1ala que en los \u00faltimos 20 a\u00f1os los campings de Lleida han vivido un proceso de modernizaci\u00f3n y diversificaci\u00f3n que los ha posicionado como un modelo a seguir en t\u00e9rminos de sostenibilidad. El estudio se\u00f1ala que entre 2004 y 2024, Lleida ha ganado 2 campings y 4.172 plazas, y ha llegado a 64 establecimientos con 22.908 plazas. La pr\u00e1ctica totalidad de la oferta se encuentra en el Pirineo, mientras que en las Tierras de Lleida se concentra exclusivamente en La Noguera. En el mismo per\u00edodo, el n\u00famero de turistas ha aumentado un 44 %, y ha pasado de 177.925 a 255.788. Asimismo, las pernoctaciones han aumentado un 45 % en los \u00faltimos veinte a\u00f1os, y han llegado a 795.915 en 2024. M\u00e1s informaci\u00f3n Campings de Lleida Inicio Tel. 34 973 248 858 Patronat de Turisme de la Diputaci\u00f3 de Lleida Tel. 973 245 408 www.aralleida.cat[\/vc_column_text][\/vc_column][\/vc_row]"}

[vc_row][vc_column][vc_separator][vc_column_text css=»»]La Asociación de Campings de Lleida ha participado en la feria Fahrrad &amp; WanderReisen para promocionar la demarcación leridana como destino privilegiado para los aficionados a esta modalidad de alojamiento. La asociación ha dispuesto de un espacio dentro del estand de Cataluña, junto con Torisme Val d’Aran y otros municipios catalanes. Esta acción se ha llevado a cabo en el marco del convenio de la Asociación con el Patronat de Turisme de la Diputació de Lleida. El salón Fahrrad ha tenido lugar del 18 al 20 de enero en la ciudad alemana de Stuttgart. Según Katrin Fiss, representante de la Asociación en el salón, la acción promocional ha sido bastante interesante “por la cantidad y diversidad de público que mueve este encuentro ferial, personas interesadas en el senderismo y el ciclismo, gente que se mueve con autocaravanas y grupos familiares que buscan nuevos destinos”. Fahrrad &amp; WanderReisen se celebra en el marco de la feria CMT, el mayor evento público del mundo en el ámbito del turismo y el ocio, y se ha consolidado como un encuentro clave en el sector del ciclismo y el senderismo, ofreciendo una plataforma única para la presentación de innovaciones, productos y servicios destinados a profesionales y entusiastas de las actividades al aire libre. Con un amplio abanico de expositores y actividades, el evento pone el foco en las últimas tendencias, desde bicicletas y accesorios de alta tecnología hasta destinos turísticos especializados. Los campings consolidan el Pirineo y las Tierras de Lleida como referente del turismo de naturaleza, según indica un estudio de la Cátedra de Turismo de Interior y Montaña de la Universidad de Lleida (UdL), que cuenta con la colaboración del Patronat de Turisme de la Diputació de Lleida. El informe, que se hizo público el 22 de enero durante la inauguración de la feria FITUR en Madrid, señala que en los últimos 20 años los campings de Lleida han vivido un proceso de modernización y diversificación que los ha posicionado como un modelo a seguir en términos de sostenibilidad. El estudio señala que entre 2004 y 2024, Lleida ha ganado 2 campings y 4.172 plazas, y ha llegado a 64 establecimientos con 22.908 plazas. La práctica totalidad de la oferta se encuentra en el Pirineo, mientras que en las Tierras de Lleida se concentra exclusivamente en La Noguera. En el mismo período, el número de turistas ha aumentado un 44 %, y ha pasado de 177.925 a 255.788. Asimismo, las pernoctaciones han aumentado un 45 % en los últimos veinte años, y han llegado a 795.915 en 2024. Más información Campings de Lleida Inicio Tel. 34 973 248 858 Patronat de Turisme de la Diputació de Lleida Tel. 973 245 408 www.aralleida.cat[/vc_column_text][/vc_column][/vc_row]
