
{"version":"1.0","provider_name":"Ara Lleida","provider_url":"https:\/\/aralleida.cat\/es\/","author_name":"Omar","author_url":"https:\/\/aralleida.cat\/es\/author\/lagrafica-2-2\/","title":"Mayo festivo en la ciudad de Lleida","type":"rich","width":600,"height":338,"html":"<blockquote class=\"wp-embedded-content\" data-secret=\"1rpBhz33ux\"><a href=\"https:\/\/aralleida.cat\/es\/mayo-festivo-en-la-ciudad-de-lleida\/\">Mayo festivo en la ciudad de Lleida<\/a><\/blockquote><iframe sandbox=\"allow-scripts\" security=\"restricted\" src=\"https:\/\/aralleida.cat\/es\/mayo-festivo-en-la-ciudad-de-lleida\/embed\/#?secret=1rpBhz33ux\" width=\"600\" height=\"338\" title=\"\u00abMayo festivo en la ciudad de Lleida\u00bb \u2014 Ara Lleida\" data-secret=\"1rpBhz33ux\" frameborder=\"0\" marginwidth=\"0\" marginheight=\"0\" scrolling=\"no\" class=\"wp-embedded-content\"><\/iframe><script type=\"text\/javascript\">\n\/* <![CDATA[ *\/\n\/*! This file is auto-generated *\/\n!function(d,l){\"use strict\";l.querySelector&&d.addEventListener&&\"undefined\"!=typeof URL&&(d.wp=d.wp||{},d.wp.receiveEmbedMessage||(d.wp.receiveEmbedMessage=function(e){var t=e.data;if((t||t.secret||t.message||t.value)&&!\/[^a-zA-Z0-9]\/.test(t.secret)){for(var s,r,n,a=l.querySelectorAll('iframe[data-secret=\"'+t.secret+'\"]'),o=l.querySelectorAll('blockquote[data-secret=\"'+t.secret+'\"]'),c=new RegExp(\"^https?:$\",\"i\"),i=0;i<o.length;i++)o[i].style.display=\"none\";for(i=0;i<a.length;i++)s=a[i],e.source===s.contentWindow&&(s.removeAttribute(\"style\"),\"height\"===t.message?(1e3<(r=parseInt(t.value,10))?r=1e3:~~r<200&&(r=200),s.height=r):\"link\"===t.message&&(r=new URL(s.getAttribute(\"src\")),n=new URL(t.value),c.test(n.protocol))&&n.host===r.host&&l.activeElement===s&&(d.top.location.href=t.value))}},d.addEventListener(\"message\",d.wp.receiveEmbedMessage,!1),l.addEventListener(\"DOMContentLoaded\",function(){for(var e,t,s=l.querySelectorAll(\"iframe.wp-embedded-content\"),r=0;r<s.length;r++)(t=(e=s[r]).getAttribute(\"data-secret\"))||(t=Math.random().toString(36).substring(2,12),e.src+=\"#?secret=\"+t,e.setAttribute(\"data-secret\",t)),e.contentWindow.postMessage({message:\"ready\",secret:t},\"*\")},!1)))}(window,document);\n\/\/# sourceURL=https:\/\/aralleida.cat\/wp-includes\/js\/wp-embed.min.js\n\/* ]]> *\/\n<\/script>\n","thumbnail_url":"https:\/\/aralleida.cat\/wp-content\/uploads\/2025\/05\/Foto-5.-Maig-festiu-\u00a9Festa-Moros-i-Cristianos-de-Lleida.jpg","thumbnail_width":600,"thumbnail_height":400,"description":"[vc_row][vc_column][vc_separator][vc_column_text css=\u00bb\u00bb]La Fiesta Mayor de Lleida se celebrar\u00e1 del 9 al 12 de mayo y ha programado m\u00e1s de 200 actividades entre actuaciones musicales, espect\u00e1culos de cultura popular y actividades infantiles. El Preg\u00f3n oficial tendr\u00e1 lugar el 9 de mayo; el Cortejo del Preg\u00f3n, la Jornada Castellera y el Encuentro de Gigantes, el 10 de mayo, y la Procesi\u00f3n de San Anastasio y la Ofrenda y la Batalla de Flores, el 11 de mayo. Tambi\u00e9n habr\u00e1 bailes de sardanas, habaneras, concursos musicales, danzas tradicionales, pasacalles y correfocs, circo, teatro, visitas guiadas a monumentos de la ciudad, exposiciones, procesiones y actividades infantiles, sin olvidar las ferias y el trenecito de la Fiesta Mayor. En cuanto al \u00e1mbito musical, destacan los conciertos de Miki N\u00fa\u00f1ez, Sexenni, Figa Flawas o B\u00fahos. La 29\u00aa edici\u00f3n de la Fiesta de Moros y Cristianos de Lleida tendr\u00e1 lugar el 17 y 18 de mayo. Participar\u00e1n en ella cerca de 700 personas entre festeros, m\u00fasicos y miembros de los cortejos, que volver\u00e1n a desfilar por las calles de la ciudad en la Entrada de Lucimiento del domingo por la tarde. Adem\u00e1s de los desfiles, la celebraci\u00f3n incluye el Vermut Festero, las Embajadas y la espectacular escenificaci\u00f3n del enfrentamiento entre moros y cristianos para ocupar la ciudad en la Seu Vella de Lleida. La fiesta, que combina cultura, historia y espect\u00e1culo, est\u00e1 organizada por la Asociaci\u00f3n de la Fiesta de Moros y Cristianos de Lleida y la Paeria de Lleida. La 44\u00aa edici\u00f3n del Aplec del Caracol se celebrar\u00e1 del 23 al 25 de mayo. Se prev\u00e9 que participen en ella 15.400 pe\u00f1istas y tambi\u00e9n se esperan unos 200.000 visitantes. La fiesta crece a\u00f1o tras a\u00f1o y este a\u00f1o se han incorporado al encuentro tres pe\u00f1as nuevas (Balla-Balla, Enginyers Bovers y Lifarra Alcarrassina), con lo que el n\u00famero total se eleva ya a 121. El Aplec, que tiene como protagonista gastron\u00f3mico principal el caracol (se calcula que se consumir\u00e1n 13 toneladas), est\u00e1 organizado por la FECOLL y tiene lugar en los Camps Elisis de Lleida. El Aplec acoge verbenas, conciertos musicales, exhibiciones de danza y castellers, carreras de caracoles, concursos y charangas. Los visitantes pueden acceder a dos zonas de restauraci\u00f3n dentro del mismo recinto \u2013una en el interior del pabell\u00f3n y otra en la plaza central\u2013 donde se ofrecen varios men\u00fas, as\u00ed como la posibilidad de realizar una cata de caracoles a precios populares. Declarada Fiesta de Inter\u00e9s Tur\u00edstico Nacional y Fiesta Tradicional de Inter\u00e9s Nacional, el Aplec es la manifestaci\u00f3n m\u00e1s multitudinaria de la ciudad de Lleida y una de las celebraciones l\u00fadico-gastron\u00f3micas m\u00e1s importantes de Catalu\u00f1a. &nbsp; &nbsp; M\u00e1s informaci\u00f3n: Fiesta Mayor de Lleida https:\/\/festeslleida.paeria.cat &nbsp; Fiesta de Moros y Cristianos https:\/\/miclleida.org &nbsp; Aplec del Caracol Prensa FECOLL Tel. 973 27 39 77 https:\/\/www.aplec.org\/[\/vc_column_text][\/vc_column][\/vc_row]"}

[vc_row][vc_column][vc_separator][vc_column_text css=»»]La Fiesta Mayor de Lleida se celebrará del 9 al 12 de mayo y ha programado más de 200 actividades entre actuaciones musicales, espectáculos de cultura popular y actividades infantiles. El Pregón oficial tendrá lugar el 9 de mayo; el Cortejo del Pregón, la Jornada Castellera y el Encuentro de Gigantes, el 10 de mayo, y la Procesión de San Anastasio y la Ofrenda y la Batalla de Flores, el 11 de mayo. También habrá bailes de sardanas, habaneras, concursos musicales, danzas tradicionales, pasacalles y correfocs, circo, teatro, visitas guiadas a monumentos de la ciudad, exposiciones, procesiones y actividades infantiles, sin olvidar las ferias y el trenecito de la Fiesta Mayor. En cuanto al ámbito musical, destacan los conciertos de Miki Núñez, Sexenni, Figa Flawas o Búhos. La 29ª edición de la Fiesta de Moros y Cristianos de Lleida tendrá lugar el 17 y 18 de mayo. Participarán en ella cerca de 700 personas entre festeros, músicos y miembros de los cortejos, que volverán a desfilar por las calles de la ciudad en la Entrada de Lucimiento del domingo por la tarde. Además de los desfiles, la celebración incluye el Vermut Festero, las Embajadas y la espectacular escenificación del enfrentamiento entre moros y cristianos para ocupar la ciudad en la Seu Vella de Lleida. La fiesta, que combina cultura, historia y espectáculo, está organizada por la Asociación de la Fiesta de Moros y Cristianos de Lleida y la Paeria de Lleida. La 44ª edición del Aplec del Caracol se celebrará del 23 al 25 de mayo. Se prevé que participen en ella 15.400 peñistas y también se esperan unos 200.000 visitantes. La fiesta crece año tras año y este año se han incorporado al encuentro tres peñas nuevas (Balla-Balla, Enginyers Bovers y Lifarra Alcarrassina), con lo que el número total se eleva ya a 121. El Aplec, que tiene como protagonista gastronómico principal el caracol (se calcula que se consumirán 13 toneladas), está organizado por la FECOLL y tiene lugar en los Camps Elisis de Lleida. El Aplec acoge verbenas, conciertos musicales, exhibiciones de danza y castellers, carreras de caracoles, concursos y charangas. Los visitantes pueden acceder a dos zonas de restauración dentro del mismo recinto –una en el interior del pabellón y otra en la plaza central– donde se ofrecen varios menús, así como la posibilidad de realizar una cata de caracoles a precios populares. Declarada Fiesta de Interés Turístico Nacional y Fiesta Tradicional de Interés Nacional, el Aplec es la manifestación más multitudinaria de la ciudad de Lleida y una de las celebraciones lúdico-gastronómicas más importantes de Cataluña. &nbsp; &nbsp; Más información: Fiesta Mayor de Lleida https://festeslleida.paeria.cat &nbsp; Fiesta de Moros y Cristianos https://miclleida.org &nbsp; Aplec del Caracol Prensa FECOLL Tel. 973 27 39 77 https://www.aplec.org/[/vc_column_text][/vc_column][/vc_row]
