
{"version":"1.0","provider_name":"Ara Lleida","provider_url":"https:\/\/aralleida.cat\/es\/","author_name":"admin","author_url":"https:\/\/aralleida.cat\/es\/author\/frame_zesv7n2g\/","title":"EL PLA D'URGELL","type":"rich","width":600,"height":338,"html":"<blockquote class=\"wp-embedded-content\" data-secret=\"XfwaBkVphi\"><a href=\"https:\/\/aralleida.cat\/es\/patrimoni-immaterial\/el-pla-durgell\/\">EL PLA D&#8217;URGELL<\/a><\/blockquote><iframe sandbox=\"allow-scripts\" security=\"restricted\" src=\"https:\/\/aralleida.cat\/es\/patrimoni-immaterial\/el-pla-durgell\/embed\/#?secret=XfwaBkVphi\" width=\"600\" height=\"338\" title=\"\u00abEL PLA D&#8217;URGELL\u00bb \u2014 Ara Lleida\" data-secret=\"XfwaBkVphi\" frameborder=\"0\" marginwidth=\"0\" marginheight=\"0\" scrolling=\"no\" class=\"wp-embedded-content\"><\/iframe><script type=\"text\/javascript\">\n\/* <![CDATA[ *\/\n\/*! This file is auto-generated *\/\n!function(d,l){\"use strict\";l.querySelector&&d.addEventListener&&\"undefined\"!=typeof URL&&(d.wp=d.wp||{},d.wp.receiveEmbedMessage||(d.wp.receiveEmbedMessage=function(e){var t=e.data;if((t||t.secret||t.message||t.value)&&!\/[^a-zA-Z0-9]\/.test(t.secret)){for(var s,r,n,a=l.querySelectorAll('iframe[data-secret=\"'+t.secret+'\"]'),o=l.querySelectorAll('blockquote[data-secret=\"'+t.secret+'\"]'),c=new RegExp(\"^https?:$\",\"i\"),i=0;i<o.length;i++)o[i].style.display=\"none\";for(i=0;i<a.length;i++)s=a[i],e.source===s.contentWindow&&(s.removeAttribute(\"style\"),\"height\"===t.message?(1e3<(r=parseInt(t.value,10))?r=1e3:~~r<200&&(r=200),s.height=r):\"link\"===t.message&&(r=new URL(s.getAttribute(\"src\")),n=new URL(t.value),c.test(n.protocol))&&n.host===r.host&&l.activeElement===s&&(d.top.location.href=t.value))}},d.addEventListener(\"message\",d.wp.receiveEmbedMessage,!1),l.addEventListener(\"DOMContentLoaded\",function(){for(var e,t,s=l.querySelectorAll(\"iframe.wp-embedded-content\"),r=0;r<s.length;r++)(t=(e=s[r]).getAttribute(\"data-secret\"))||(t=Math.random().toString(36).substring(2,12),e.src+=\"#?secret=\"+t,e.setAttribute(\"data-secret\",t)),e.contentWindow.postMessage({message:\"ready\",secret:t},\"*\")},!1)))}(window,document);\n\/\/# sourceURL=https:\/\/aralleida.cat\/wp-includes\/js\/wp-embed.min.js\n\/* ]]> *\/\n<\/script>\n","description":"[vc_row full_width=\u00bbstretch_row_content_no_spaces\u00bb bg_type=\u00bbbg_color\u00bb bg_color_value=\u00bb#3c3c3b\u00bb css=\u00bb.vc_custom_1605797650815{margin-top: 0px !important;margin-bottom: 0px !important;padding-top: 0px !important;padding-bottom: 0px !important;}\u00bb][vc_column css=\u00bb.vc_custom_1605797593358{margin-top: 0px !important;margin-bottom: 0px !important;padding-top: 0px !important;padding-bottom: 0px !important;}\u00bb][\/vc_column][\/vc_row][vc_row full_width=\u00bbstretch_row\u00bb bg_type=\u00bbimage\u00bb parallax_style=\u00bbvcpb-default\u00bb bg_image_new=\u00bbid^111019|url^https:\/\/aralleida.cat\/wp-content\/uploads\/2021\/08\/PLA-urgell.jpg|caption^null|alt^pla d&#8217;urgell|title^PLA-urgell|description^null\u00bb bg_image_repeat=\u00bbno-repeat\u00bb][vc_column][\/vc_column][\/vc_row][vc_row full_width=\u00bbstretch_row\u00bb bg_type=\u00bbbg_color\u00bb bg_color_value=\u00bb#ededed\u00bb][vc_column][\/vc_column][\/vc_row][vc_row full_width=\u00bbstretch_row\u00bb bg_type=\u00bbbg_color\u00bb bg_color_value=\u00bb#ededed\u00bb css=\u00bb.vc_custom_1630050828556{margin-top: 0px !important;border-top-width: 0px !important;padding-top: 0px !important;}\u00bb][vc_column width=\u00bb1\/6&#8243;][\/vc_column][vc_column width=\u00bb2\/3&#8243;][vc_column_text] EL NUEVO PARA\u00cdSO DEL AGUA Descubrimos el Pla d\u2019Urgell como quien encuentra sediento un gran oasis. La comarca se nos presenta como la extensi\u00f3n de dieciocho pueblos por una llanura agradecida al agua de los Canales de Urgell que le cambiaron la vida. En esta tierra de horizontes infinitos y puestas de sol sobre los campos de fruta, los habitantes de la comarca han cultivado un car\u00e1cter propio. Un pueblo que a medio camino de todas partes sabe lo que es ganar con tenacidad la cosecha y el valor del buen trato al reci\u00e9n llegado.[\/vc_column_text][\/vc_column][vc_column width=\u00bb1\/6&#8243;][\/vc_column][\/vc_row][vc_row css=\u00bb.vc_custom_1629975809590{margin-top: 0px !important;padding-top: 0px !important;}\u00bb][vc_column css=\u00bb.vc_custom_1629975819882{margin-top: 0px !important;padding-top: 0px !important;}\u00bb][\/vc_column][\/vc_row][vc_row][vc_column width=\u00bb6\/12&#8243;][vc_column_text] El viaje Los habitantes de esta comarca adoran su tierra y nos lo hacen saber en cada fiesta. Las citas en el calendario tienen siempre una raz\u00f3n de ser, una explicaci\u00f3n que se adentra en las generaciones de cada pueblo. As\u00ed vivimos la Fiesta de la Manzana y los Templarios de Barbens, que mezcla pasi\u00f3n por los productos propios y la historia que les ha visto nacer. No nos podemos perder de ninguna manera el desayuno popular del s\u00e1bado, la cena de hermandad y los bailes y pasacalles que ambientan el casco antiguo y el castillo templario convirti\u00e9ndolos en una recreaci\u00f3n de su propio pasado. Todo nos parece aut\u00e9ntico.[\/vc_column_text][\/vc_column][vc_column width=\u00bb6\/12&#8243;][vc_column_text css=\u00bb.vc_custom_1633431167776{margin-bottom: 14px !important;padding-bottom: 0px !important;}\u00bb] Los imprescindibles [\/vc_column_text][vc_row_inner equal_height=\u00bbyes\u00bb css=\u00bb.vc_custom_1629982614640{margin-top: 0px !important;margin-bottom: 0px !important;border-top-width: 0px !important;border-bottom-width: 0px !important;padding-top: 0px !important;padding-bottom: 0px !important;}\u00bb][vc_column_inner width=\u00bb9\/12&#8243; css=\u00bb.vc_custom_1629982630107{margin-top: 0px !important;margin-right: 0px !important;border-top-width: 0px !important;border-right-width: 0px !important;padding-top: 0px !important;padding-right: 0px !important;}\u00bb][vc_column_text css=\u00bb.vc_custom_1633431184010{margin-top: 0px !important;margin-right: 0px !important;margin-bottom: 3px !important;border-top-width: 0px !important;border-right-width: 0px !important;border-bottom-width: 0px !important;padding-top: 8px !important;padding-right: 0px !important;padding-bottom: 8px !important;padding-left: 30px !important;background-color: #ededed !important;}\u00bb el_class=\u00bbimpresc\u00bb]Fiesta de la Manzana y los Templarios de Barbens. Octubre.[\/vc_column_text][\/vc_column_inner][vc_column_inner width=\u00bb3\/12&#8243; css=\u00bb.vc_custom_1629982622928{margin-top: 0px !important;margin-left: 0px !important;border-top-width: 0px !important;border-left-width: 0px !important;padding-top: 0px !important;padding-left: 0px !important;}\u00bb][vc_single_image image=\u00bb111034&#8243; img_size=\u00bbfull\u00bb onclick=\u00bblink_image\u00bb css=\u00bb.vc_custom_1629982567564{margin-right: 0px !important;margin-left: 0px !important;border-right-width: 0px !important;border-left-width: 0px !important;padding-right: 0px !important;padding-left: 0px !important;}\u00bb el_class=\u00bbfoto-patr\u00bb][\/vc_column_inner][\/vc_row_inner][\/vc_column][\/vc_row][vc_row][vc_column width=\u00bb6\/12&#8243;][vc_column_text]Reanudamos este viaje a las esencias del Pla d\u2019Urgell en los Feriales de Bellv\u00eds, una fiesta con la que el pueblo se imagina de nuevo en el siglo XVII durante la entrada de las tropas de Felipe IV. Jugamos a conocer la villa a la vez que su historia y su cultura popular admirando la representaci\u00f3n de la leyenda de la anilla de Cal Bufal\u00e0. La fiesta nos lleva a tres d\u00edas de m\u00fasica, danzas, escenificaciones y fiestas hasta la expulsi\u00f3n de las tropas espa\u00f1olas.[\/vc_column_text][\/vc_column][vc_column width=\u00bb6\/12&#8243;][vc_row_inner equal_height=\u00bbyes\u00bb css=\u00bb.vc_custom_1629982614640{margin-top: 0px !important;margin-bottom: 0px !important;border-top-width: 0px !important;border-bottom-width: 0px !important;padding-top: 0px !important;padding-bottom: 0px !important;}\u00bb][vc_column_inner width=\u00bb9\/12&#8243; css=\u00bb.vc_custom_1629982630107{margin-top: 0px !important;margin-right: 0px !important;border-top-width: 0px !important;border-right-width: 0px !important;padding-top: 0px !important;padding-right: 0px !important;}\u00bb][vc_column_text css=\u00bb.vc_custom_1633431211659{margin-top: 0px !important;margin-right: 0px !important;margin-bottom: 3px !important;border-top-width: 0px !important;border-right-width: 0px !important;border-bottom-width: 0px !important;padding-top: 8px !important;padding-right: 0px !important;padding-bottom: 8px !important;padding-left: 30px !important;background-color: #ededed !important;}\u00bb el_class=\u00bbimpresc\u00bb]Feriales de Bellv\u00eds y la leyenda de la anilla de Cal Bufal\u00e0. Julio.[\/vc_column_text][\/vc_column_inner][vc_column_inner width=\u00bb3\/12&#8243; css=\u00bb.vc_custom_1629982622928{margin-top: 0px !important;margin-left: 0px !important;border-top-width: 0px !important;border-left-width: 0px !important;padding-top: 0px !important;padding-left: 0px !important;}\u00bb][vc_single_image image=\u00bb111071&#8243; img_size=\u00bbfull\u00bb onclick=\u00bblink_image\u00bb css=\u00bb.vc_custom_1630051135160{margin-right: 0px !important;margin-left: 0px !important;border-right-width: 0px !important;border-left-width: 0px !important;padding-right: 0px !important;padding-left: 0px !important;}\u00bb el_class=\u00bbfoto-patr\u00bb][\/vc_column_inner][\/vc_row_inner][vc_row_inner equal_height=\u00bbyes\u00bb css=\u00bb.vc_custom_1629982614640{margin-top: 0px !important;margin-bottom: 0px !important;border-top-width: 0px !important;border-bottom-width: 0px !important;padding-top: 0px !important;padding-bottom: 0px !important;}\u00bb][vc_column_inner width=\u00bb9\/12&#8243; css=\u00bb.vc_custom_1629982630107{margin-top: 0px !important;margin-right: 0px !important;border-top-width: 0px !important;border-right-width: 0px !important;padding-top: 0px !important;padding-right: 0px !important;}\u00bb][vc_column_text css=\u00bb.vc_custom_1633431232046{margin-top: 0px !important;margin-right: 0px !important;margin-bottom: 3px !important;border-top-width: 0px !important;border-right-width: 0px !important;border-bottom-width: 0px !important;padding-top: 8px !important;padding-right: 0px !important;padding-bottom: 8px !important;padding-left: 30px !important;background-color: #ededed !important;}\u00bb el_class=\u00bbimpresc\u00bb]Encuentro de gigantes del Pla d\u2019Urgell. Itinerante.[\/vc_column_text][\/vc_column_inner][vc_column_inner width=\u00bb3\/12&#8243; css=\u00bb.vc_custom_1629982622928{margin-top: 0px !important;margin-left: 0px !important;border-top-width: 0px !important;border-left-width: 0px !important;padding-top: 0px !important;padding-left: 0px !important;}\u00bb][vc_single_image image=\u00bb111079&#8243; img_size=\u00bbfull\u00bb onclick=\u00bblink_image\u00bb css=\u00bb.vc_custom_1630051309379{margin-right: 0px !important;margin-left: 0px !important;border-right-width: 0px !important;border-left-width: 0px !important;padding-right: 0px !important;padding-left: 0px !important;}\u00bb el_class=\u00bbfoto-patr\u00bb][\/vc_column_inner][\/vc_row_inner][\/vc_column][\/vc_row][vc_row][vc_column width=\u00bb6\/12&#8243;][vc_column_text]El Pla d\u2019Urgell mantiene viva la dedicaci\u00f3n a las tareas del campo. Este es un sentimiento que notamos en todas partes. Los abuelos han transmitido a las nuevas generaciones la importancia del buen cultivo de la tierra y el mundo ganadero. Por San Antonio, Linyola nos invita a conocer el buen trato al ganado con una fiesta de los Tres Tombs que culminamos con el desayuno con chuletas de cerdo fritas. Re\u00edmos y nos dejamos llevar por la naturalidad de los amigos que hemos hecho en esta comarca. Compartir la comida es a menudo la \u00fanica manera de mejorar la amistad. En este punto, la comarca nos exhibe con orgullo la cassola de tros, un plato heredero del aprovechamiento necesario de los antiguos abuelos. Conejo, caracoles, espinacas&#8230; toda la comarca cabe en la receta. Cada casa tiene su secreto. El sabor del Pla en el paladar nos emociona y nos hace sentir del Pla d\u2019Urgell.[\/vc_column_text][\/vc_column][vc_column width=\u00bb6\/12&#8243;][vc_row_inner equal_height=\u00bbyes\u00bb css=\u00bb.vc_custom_1629982614640{margin-top: 0px !important;margin-bottom: 0px !important;border-top-width: 0px !important;border-bottom-width: 0px !important;padding-top: 0px !important;padding-bottom: 0px !important;}\u00bb][vc_column_inner width=\u00bb9\/12&#8243; css=\u00bb.vc_custom_1629982630107{margin-top: 0px !important;margin-right: 0px !important;border-top-width: 0px !important;border-right-width: 0px !important;padding-top: 0px !important;padding-right: 0px !important;}\u00bb][vc_column_text css=\u00bb.vc_custom_1633431243625{margin-top: 0px !important;margin-right: 0px !important;margin-bottom: 3px !important;border-top-width: 0px !important;border-right-width: 0px !important;border-bottom-width: 0px !important;padding-top: 8px !important;padding-right: 0px !important;padding-bottom: 8px !important;padding-left: 30px !important;background-color: #ededed !important;}\u00bb el_class=\u00bbimpresc\u00bb]Tres Tombs de Linyola por San Antonio[\/vc_column_text][\/vc_column_inner][vc_column_inner width=\u00bb3\/12&#8243; css=\u00bb.vc_custom_1629982622928{margin-top: 0px !important;margin-left: 0px !important;border-top-width: 0px !important;border-left-width: 0px !important;padding-top: 0px !important;padding-left: 0px !important;}\u00bb][vc_single_image image=\u00bb111086&#8243; img_size=\u00bbfull\u00bb onclick=\u00bblink_image\u00bb css=\u00bb.vc_custom_1630051376648{margin-right: 0px !important;margin-left: 0px !important;border-right-width: 0px !important;border-left-width: 0px !important;padding-right: 0px !important;padding-left: 0px !important;}\u00bb el_class=\u00bbfoto-patr\u00bb][\/vc_column_inner][\/vc_row_inner][vc_row_inner equal_height=\u00bbyes\u00bb css=\u00bb.vc_custom_1629982614640{margin-top: 0px !important;margin-bottom: 0px !important;border-top-width: 0px !important;border-bottom-width: 0px !important;padding-top: 0px !important;padding-bottom: 0px !important;}\u00bb][vc_column_inner width=\u00bb9\/12&#8243; css=\u00bb.vc_custom_1629982630107{margin-top: 0px !important;margin-right: 0px !important;border-top-width: 0px !important;border-right-width: 0px !important;padding-top: 0px !important;padding-right: 0px !important;}\u00bb][vc_column_text css=\u00bb.vc_custom_1630051746646{margin-top: 0px !important;margin-right: 0px !important;margin-bottom: 3px !important;border-top-width: 0px !important;border-right-width: 0px !important;border-bottom-width: 0px !important;padding-top: 8px !important;padding-right: 0px !important;padding-bottom: 8px !important;padding-left: 30px !important;background-color: #ededed !important;}\u00bb el_class=\u00bbimpresc\u00bb]Cassola de tros.[\/vc_column_text][\/vc_column_inner][vc_column_inner width=\u00bb3\/12&#8243; css=\u00bb.vc_custom_1629982622928{margin-top: 0px !important;margin-left: 0px !important;border-top-width: 0px !important;border-left-width: 0px !important;padding-top: 0px !important;padding-left: 0px !important;}\u00bb][vc_single_image image=\u00bb111093&#8243; img_size=\u00bbfull\u00bb onclick=\u00bblink_image\u00bb css=\u00bb.vc_custom_1630051445164{margin-right: 0px !important;margin-left: 0px !important;border-right-width: 0px !important;border-left-width: 0px !important;padding-right: 0px !important;padding-left: 0px !important;}\u00bb el_class=\u00bbfoto-patr\u00bb][\/vc_column_inner][\/vc_row_inner][\/vc_column][\/vc_row][vc_row][vc_column width=\u00bb6\/12&#8243;][vc_column_text]Nada ser\u00eda lo que es en este llano rico sin los Canales de Urgell, una obra civil de pel\u00edcula que le trajo el agua del Segre y convirti\u00f3 un territorio conocido como el Hoyo del demonio en un para\u00edso f\u00e9rtil"}

[vc_row full_width=»stretch_row_content_no_spaces» bg_type=»bg_color» bg_color_value=»#3c3c3b» css=».vc_custom_1605797650815{margin-top: 0px !important;margin-bottom: 0px !important;padding-top: 0px !important;padding-bottom: 0px !important;}»][vc_column css=».vc_custom_1605797593358{margin-top: 0px !important;margin-bottom: 0px !important;padding-top: 0px !important;padding-bottom: 0px !important;}»][/vc_column][/vc_row][vc_row full_width=»stretch_row» bg_type=»image» parallax_style=»vcpb-default» bg_image_new=»id^111019|url^https://aralleida.cat/wp-content/uploads/2021/08/PLA-urgell.jpg|caption^null|alt^pla d&#8217;urgell|title^PLA-urgell|description^null» bg_image_repeat=»no-repeat»][vc_column][/vc_column][/vc_row][vc_row full_width=»stretch_row» bg_type=»bg_color» bg_color_value=»#ededed»][vc_column][/vc_column][/vc_row][vc_row full_width=»stretch_row» bg_type=»bg_color» bg_color_value=»#ededed» css=».vc_custom_1630050828556{margin-top: 0px !important;border-top-width: 0px !important;padding-top: 0px !important;}»][vc_column width=»1/6&#8243;][/vc_column][vc_column width=»2/3&#8243;][vc_column_text] EL NUEVO PARAÍSO DEL AGUA Descubrimos el Pla d’Urgell como quien encuentra sediento un gran oasis. La comarca se nos presenta como la extensión de dieciocho pueblos por una llanura agradecida al agua de los Canales de Urgell que le cambiaron la vida. En esta tierra de horizontes infinitos y puestas de sol sobre los campos de fruta, los habitantes de la comarca han cultivado un carácter propio. Un pueblo que a medio camino de todas partes sabe lo que es ganar con tenacidad la cosecha y el valor del buen trato al recién llegado.[/vc_column_text][/vc_column][vc_column width=»1/6&#8243;][/vc_column][/vc_row][vc_row css=».vc_custom_1629975809590{margin-top: 0px !important;padding-top: 0px !important;}»][vc_column css=».vc_custom_1629975819882{margin-top: 0px !important;padding-top: 0px !important;}»][/vc_column][/vc_row][vc_row][vc_column width=»6/12&#8243;][vc_column_text] El viaje Los habitantes de esta comarca adoran su tierra y nos lo hacen saber en cada fiesta. Las citas en el calendario tienen siempre una razón de ser, una explicación que se adentra en las generaciones de cada pueblo. Así vivimos la Fiesta de la Manzana y los Templarios de Barbens, que mezcla pasión por los productos propios y la historia que les ha visto nacer. No nos podemos perder de ninguna manera el desayuno popular del sábado, la cena de hermandad y los bailes y pasacalles que ambientan el casco antiguo y el castillo templario convirtiéndolos en una recreación de su propio pasado. Todo nos parece auténtico.[/vc_column_text][/vc_column][vc_column width=»6/12&#8243;][vc_column_text css=».vc_custom_1633431167776{margin-bottom: 14px !important;padding-bottom: 0px !important;}»] Los imprescindibles [/vc_column_text][vc_row_inner equal_height=»yes» css=».vc_custom_1629982614640{margin-top: 0px !important;margin-bottom: 0px !important;border-top-width: 0px !important;border-bottom-width: 0px !important;padding-top: 0px !important;padding-bottom: 0px !important;}»][vc_column_inner width=»9/12&#8243; css=».vc_custom_1629982630107{margin-top: 0px !important;margin-right: 0px !important;border-top-width: 0px !important;border-right-width: 0px !important;padding-top: 0px !important;padding-right: 0px !important;}»][vc_column_text css=».vc_custom_1633431184010{margin-top: 0px !important;margin-right: 0px !important;margin-bottom: 3px !important;border-top-width: 0px !important;border-right-width: 0px !important;border-bottom-width: 0px !important;padding-top: 8px !important;padding-right: 0px !important;padding-bottom: 8px !important;padding-left: 30px !important;background-color: #ededed !important;}» el_class=»impresc»]Fiesta de la Manzana y los Templarios de Barbens. Octubre.[/vc_column_text][/vc_column_inner][vc_column_inner width=»3/12&#8243; css=».vc_custom_1629982622928{margin-top: 0px !important;margin-left: 0px !important;border-top-width: 0px !important;border-left-width: 0px !important;padding-top: 0px !important;padding-left: 0px !important;}»][vc_single_image image=»111034&#8243; img_size=»full» onclick=»link_image» css=».vc_custom_1629982567564{margin-right: 0px !important;margin-left: 0px !important;border-right-width: 0px !important;border-left-width: 0px !important;padding-right: 0px !important;padding-left: 0px !important;}» el_class=»foto-patr»][/vc_column_inner][/vc_row_inner][/vc_column][/vc_row][vc_row][vc_column width=»6/12&#8243;][vc_column_text]Reanudamos este viaje a las esencias del Pla d’Urgell en los Feriales de Bellvís, una fiesta con la que el pueblo se imagina de nuevo en el siglo XVII durante la entrada de las tropas de Felipe IV. Jugamos a conocer la villa a la vez que su historia y su cultura popular admirando la representación de la leyenda de la anilla de Cal Bufalà. La fiesta nos lleva a tres días de música, danzas, escenificaciones y fiestas hasta la expulsión de las tropas españolas.[/vc_column_text][/vc_column][vc_column width=»6/12&#8243;][vc_row_inner equal_height=»yes» css=».vc_custom_1629982614640{margin-top: 0px !important;margin-bottom: 0px !important;border-top-width: 0px !important;border-bottom-width: 0px !important;padding-top: 0px !important;padding-bottom: 0px !important;}»][vc_column_inner width=»9/12&#8243; css=».vc_custom_1629982630107{margin-top: 0px !important;margin-right: 0px !important;border-top-width: 0px !important;border-right-width: 0px !important;padding-top: 0px !important;padding-right: 0px !important;}»][vc_column_text css=».vc_custom_1633431211659{margin-top: 0px !important;margin-right: 0px !important;margin-bottom: 3px !important;border-top-width: 0px !important;border-right-width: 0px !important;border-bottom-width: 0px !important;padding-top: 8px !important;padding-right: 0px !important;padding-bottom: 8px !important;padding-left: 30px !important;background-color: #ededed !important;}» el_class=»impresc»]Feriales de Bellvís y la leyenda de la anilla de Cal Bufalà. Julio.[/vc_column_text][/vc_column_inner][vc_column_inner width=»3/12&#8243; css=».vc_custom_1629982622928{margin-top: 0px !important;margin-left: 0px !important;border-top-width: 0px !important;border-left-width: 0px !important;padding-top: 0px !important;padding-left: 0px !important;}»][vc_single_image image=»111071&#8243; img_size=»full» onclick=»link_image» css=».vc_custom_1630051135160{margin-right: 0px !important;margin-left: 0px !important;border-right-width: 0px !important;border-left-width: 0px !important;padding-right: 0px !important;padding-left: 0px !important;}» el_class=»foto-patr»][/vc_column_inner][/vc_row_inner][vc_row_inner equal_height=»yes» css=».vc_custom_1629982614640{margin-top: 0px !important;margin-bottom: 0px !important;border-top-width: 0px !important;border-bottom-width: 0px !important;padding-top: 0px !important;padding-bottom: 0px !important;}»][vc_column_inner width=»9/12&#8243; css=».vc_custom_1629982630107{margin-top: 0px !important;margin-right: 0px !important;border-top-width: 0px !important;border-right-width: 0px !important;padding-top: 0px !important;padding-right: 0px !important;}»][vc_column_text css=».vc_custom_1633431232046{margin-top: 0px !important;margin-right: 0px !important;margin-bottom: 3px !important;border-top-width: 0px !important;border-right-width: 0px !important;border-bottom-width: 0px !important;padding-top: 8px !important;padding-right: 0px !important;padding-bottom: 8px !important;padding-left: 30px !important;background-color: #ededed !important;}» el_class=»impresc»]Encuentro de gigantes del Pla d’Urgell. Itinerante.[/vc_column_text][/vc_column_inner][vc_column_inner width=»3/12&#8243; css=».vc_custom_1629982622928{margin-top: 0px !important;margin-left: 0px !important;border-top-width: 0px !important;border-left-width: 0px !important;padding-top: 0px !important;padding-left: 0px !important;}»][vc_single_image image=»111079&#8243; img_size=»full» onclick=»link_image» css=».vc_custom_1630051309379{margin-right: 0px !important;margin-left: 0px !important;border-right-width: 0px !important;border-left-width: 0px !important;padding-right: 0px !important;padding-left: 0px !important;}» el_class=»foto-patr»][/vc_column_inner][/vc_row_inner][/vc_column][/vc_row][vc_row][vc_column width=»6/12&#8243;][vc_column_text]El Pla d’Urgell mantiene viva la dedicación a las tareas del campo. Este es un sentimiento que notamos en todas partes. Los abuelos han transmitido a las nuevas generaciones la importancia del buen cultivo de la tierra y el mundo ganadero. Por San Antonio, Linyola nos invita a conocer el buen trato al ganado con una fiesta de los Tres Tombs que culminamos con el desayuno con chuletas de cerdo fritas. Reímos y nos dejamos llevar por la naturalidad de los amigos que hemos hecho en esta comarca. Compartir la comida es a menudo la única manera de mejorar la amistad. En este punto, la comarca nos exhibe con orgullo la cassola de tros, un plato heredero del aprovechamiento necesario de los antiguos abuelos. Conejo, caracoles, espinacas&#8230; toda la comarca cabe en la receta. Cada casa tiene su secreto. El sabor del Pla en el paladar nos emociona y nos hace sentir del Pla d’Urgell.[/vc_column_text][/vc_column][vc_column width=»6/12&#8243;][vc_row_inner equal_height=»yes» css=».vc_custom_1629982614640{margin-top: 0px !important;margin-bottom: 0px !important;border-top-width: 0px !important;border-bottom-width: 0px !important;padding-top: 0px !important;padding-bottom: 0px !important;}»][vc_column_inner width=»9/12&#8243; css=».vc_custom_1629982630107{margin-top: 0px !important;margin-right: 0px !important;border-top-width: 0px !important;border-right-width: 0px !important;padding-top: 0px !important;padding-right: 0px !important;}»][vc_column_text css=».vc_custom_1633431243625{margin-top: 0px !important;margin-right: 0px !important;margin-bottom: 3px !important;border-top-width: 0px !important;border-right-width: 0px !important;border-bottom-width: 0px !important;padding-top: 8px !important;padding-right: 0px !important;padding-bottom: 8px !important;padding-left: 30px !important;background-color: #ededed !important;}» el_class=»impresc»]Tres Tombs de Linyola por San Antonio[/vc_column_text][/vc_column_inner][vc_column_inner width=»3/12&#8243; css=».vc_custom_1629982622928{margin-top: 0px !important;margin-left: 0px !important;border-top-width: 0px !important;border-left-width: 0px !important;padding-top: 0px !important;padding-left: 0px !important;}»][vc_single_image image=»111086&#8243; img_size=»full» onclick=»link_image» css=».vc_custom_1630051376648{margin-right: 0px !important;margin-left: 0px !important;border-right-width: 0px !important;border-left-width: 0px !important;padding-right: 0px !important;padding-left: 0px !important;}» el_class=»foto-patr»][/vc_column_inner][/vc_row_inner][vc_row_inner equal_height=»yes» css=».vc_custom_1629982614640{margin-top: 0px !important;margin-bottom: 0px !important;border-top-width: 0px !important;border-bottom-width: 0px !important;padding-top: 0px !important;padding-bottom: 0px !important;}»][vc_column_inner width=»9/12&#8243; css=».vc_custom_1629982630107{margin-top: 0px !important;margin-right: 0px !important;border-top-width: 0px !important;border-right-width: 0px !important;padding-top: 0px !important;padding-right: 0px !important;}»][vc_column_text css=».vc_custom_1630051746646{margin-top: 0px !important;margin-right: 0px !important;margin-bottom: 3px !important;border-top-width: 0px !important;border-right-width: 0px !important;border-bottom-width: 0px !important;padding-top: 8px !important;padding-right: 0px !important;padding-bottom: 8px !important;padding-left: 30px !important;background-color: #ededed !important;}» el_class=»impresc»]Cassola de tros.[/vc_column_text][/vc_column_inner][vc_column_inner width=»3/12&#8243; css=».vc_custom_1629982622928{margin-top: 0px !important;margin-left: 0px !important;border-top-width: 0px !important;border-left-width: 0px !important;padding-top: 0px !important;padding-left: 0px !important;}»][vc_single_image image=»111093&#8243; img_size=»full» onclick=»link_image» css=».vc_custom_1630051445164{margin-right: 0px !important;margin-left: 0px !important;border-right-width: 0px !important;border-left-width: 0px !important;padding-right: 0px !important;padding-left: 0px !important;}» el_class=»foto-patr»][/vc_column_inner][/vc_row_inner][/vc_column][/vc_row][vc_row][vc_column width=»6/12&#8243;][vc_column_text]Nada sería lo que es en este llano rico sin los Canales de Urgell, una obra civil de película que le trajo el agua del Segre y convirtió un territorio conocido como el Hoyo del demonio en un paraíso fértil
