
{"version":"1.0","provider_name":"Ara Lleida","provider_url":"https:\/\/aralleida.cat\/es\/","author_name":"admin","author_url":"https:\/\/aralleida.cat\/es\/author\/frame_zesv7n2g\/","title":"LA SEGARRA","type":"rich","width":600,"height":338,"html":"<blockquote class=\"wp-embedded-content\" data-secret=\"VdxHMchvo1\"><a href=\"https:\/\/aralleida.cat\/es\/patrimoni-immaterial\/la-segarra\/\">LA SEGARRA<\/a><\/blockquote><iframe sandbox=\"allow-scripts\" security=\"restricted\" src=\"https:\/\/aralleida.cat\/es\/patrimoni-immaterial\/la-segarra\/embed\/#?secret=VdxHMchvo1\" width=\"600\" height=\"338\" title=\"\u00abLA SEGARRA\u00bb \u2014 Ara Lleida\" data-secret=\"VdxHMchvo1\" frameborder=\"0\" marginwidth=\"0\" marginheight=\"0\" scrolling=\"no\" class=\"wp-embedded-content\"><\/iframe><script type=\"text\/javascript\">\n\/* <![CDATA[ *\/\n\/*! This file is auto-generated *\/\n!function(d,l){\"use strict\";l.querySelector&&d.addEventListener&&\"undefined\"!=typeof URL&&(d.wp=d.wp||{},d.wp.receiveEmbedMessage||(d.wp.receiveEmbedMessage=function(e){var t=e.data;if((t||t.secret||t.message||t.value)&&!\/[^a-zA-Z0-9]\/.test(t.secret)){for(var s,r,n,a=l.querySelectorAll('iframe[data-secret=\"'+t.secret+'\"]'),o=l.querySelectorAll('blockquote[data-secret=\"'+t.secret+'\"]'),c=new RegExp(\"^https?:$\",\"i\"),i=0;i<o.length;i++)o[i].style.display=\"none\";for(i=0;i<a.length;i++)s=a[i],e.source===s.contentWindow&&(s.removeAttribute(\"style\"),\"height\"===t.message?(1e3<(r=parseInt(t.value,10))?r=1e3:~~r<200&&(r=200),s.height=r):\"link\"===t.message&&(r=new URL(s.getAttribute(\"src\")),n=new URL(t.value),c.test(n.protocol))&&n.host===r.host&&l.activeElement===s&&(d.top.location.href=t.value))}},d.addEventListener(\"message\",d.wp.receiveEmbedMessage,!1),l.addEventListener(\"DOMContentLoaded\",function(){for(var e,t,s=l.querySelectorAll(\"iframe.wp-embedded-content\"),r=0;r<s.length;r++)(t=(e=s[r]).getAttribute(\"data-secret\"))||(t=Math.random().toString(36).substring(2,12),e.src+=\"#?secret=\"+t,e.setAttribute(\"data-secret\",t)),e.contentWindow.postMessage({message:\"ready\",secret:t},\"*\")},!1)))}(window,document);\n\/\/# sourceURL=https:\/\/aralleida.cat\/wp-includes\/js\/wp-embed.min.js\n\/* ]]> *\/\n<\/script>\n","description":"[vc_row full_width=\u00bbstretch_row_content_no_spaces\u00bb bg_type=\u00bbbg_color\u00bb bg_color_value=\u00bb#3c3c3b\u00bb css=\u00bb.vc_custom_1605797650815{margin-top: 0px !important;margin-bottom: 0px !important;padding-top: 0px !important;padding-bottom: 0px !important;}\u00bb][vc_column css=\u00bb.vc_custom_1605797593358{margin-top: 0px !important;margin-bottom: 0px !important;padding-top: 0px !important;padding-bottom: 0px !important;}\u00bb][\/vc_column][\/vc_row][vc_row full_width=\u00bbstretch_row\u00bb bg_type=\u00bbimage\u00bb parallax_style=\u00bbvcpb-default\u00bb bg_image_new=\u00bbid^111108|url^https:\/\/aralleida.cat\/wp-content\/uploads\/2021\/08\/SEGARRA.jpg|caption^null|alt^null|title^SEGARRA|description^null\u00bb bg_image_repeat=\u00bbno-repeat\u00bb][vc_column][\/vc_column][\/vc_row][vc_row full_width=\u00bbstretch_row\u00bb bg_type=\u00bbbg_color\u00bb bg_color_value=\u00bb#ededed\u00bb][vc_column][\/vc_column][\/vc_row][vc_row full_width=\u00bbstretch_row\u00bb bg_type=\u00bbbg_color\u00bb bg_color_value=\u00bb#ededed\u00bb css=\u00bb.vc_custom_1630050828556{margin-top: 0px !important;border-top-width: 0px !important;padding-top: 0px !important;}\u00bb][vc_column width=\u00bb1\/6&#8243;][\/vc_column][vc_column width=\u00bb2\/3&#8243;][vc_column_text] UNA ATALAYA DE LEYENDA El itinerario por el patrimonio inmaterial de las Tierras de Lleida nos eleva a la meseta de la Segarra. Desde esta atalaya de la depresi\u00f3n central, los segarrencs han construido una comarca con personalidad. Sentimos a flor de piel el talante noble del que cuida la tierra que le han dejado sus padres y el patrimonio cultural que hacen la comunidad. Un mapa de campos de cereales movidos por el viento y ba\u00f1ados por un sol que abarca un horizonte inmenso.[\/vc_column_text][\/vc_column][vc_column width=\u00bb1\/6&#8243;][\/vc_column][\/vc_row][vc_row css=\u00bb.vc_custom_1629975809590{margin-top: 0px !important;padding-top: 0px !important;}\u00bb][vc_column css=\u00bb.vc_custom_1629975819882{margin-top: 0px !important;padding-top: 0px !important;}\u00bb][\/vc_column][\/vc_row][vc_row][vc_column width=\u00bb6\/12&#8243;][vc_column_text] El viaje La capital comarcal despliega ante nosotros un cat\u00e1logo amplio de festividades que nos hablan de c\u00f3mo es la gente de aqu\u00ed. Solo una comunidad fuertemente estructurada puede recibir al visitante con una representaci\u00f3n como la Pasi\u00f3n de Cervera. El trabajo para la obra y la propia escenificaci\u00f3n son un patrimonio de relaciones personales que cosen la capital y la comarca con la complicidad del trabajo com\u00fan. Este car\u00e1cter de lucha compartida impregna el viaje por la Segarra. Admiramos las escenas de una Pasi\u00f3n de la que los cerveranos tienen referencia el a\u00f1o 1477. Nos rendimos al misterio tanto en la iglesia de Santa Maria con la Pasi\u00f3n Medieval como en el Gran Teatro de la Pasi\u00f3n con la Pasi\u00f3n de Cervera. Los cerveranos tambi\u00e9n nos cautivan con la fiesta del Sant\u00edsimo Misterio del mes de febrero y su tradicional canto de las Completas. Las partituras del siglo XIX conforman una m\u00fasica lit\u00fargica de primer orden que es la banda sonora de generaciones de cerveranos. La fiesta de San Mag\u00edn y su comitiva repartiendo agua por las casas de la capital completan una trilog\u00eda de celebraciones que son el alma de Cervera. [\/vc_column_text][\/vc_column][vc_column width=\u00bb6\/12&#8243;][vc_column_text css=\u00bb.vc_custom_1629982686827{margin-bottom: 14px !important;padding-bottom: 0px !important;}\u00bb] Los imprescindibles [\/vc_column_text][vc_row_inner equal_height=\u00bbyes\u00bb css=\u00bb.vc_custom_1630054455050{margin-top: 4px !important;margin-bottom: 0px !important;border-top-width: 0px !important;border-bottom-width: 0px !important;padding-top: 0px !important;padding-bottom: 0px !important;}\u00bb][vc_column_inner width=\u00bb9\/12&#8243; css=\u00bb.vc_custom_1629982630107{margin-top: 0px !important;margin-right: 0px !important;border-top-width: 0px !important;border-right-width: 0px !important;padding-top: 0px !important;padding-right: 0px !important;}\u00bb][vc_column_text css=\u00bb.vc_custom_1630052394097{margin-top: 0px !important;margin-right: 0px !important;margin-bottom: 3px !important;border-top-width: 0px !important;border-right-width: 0px !important;border-bottom-width: 0px !important;padding-top: 8px !important;padding-right: 0px !important;padding-bottom: 8px !important;padding-left: 30px !important;background-color: #ededed !important;}\u00bb el_class=\u00bbimpresc\u00bb]La Pasi\u00f3n de Cervera. Por Semana Santa.[\/vc_column_text][\/vc_column_inner][vc_column_inner width=\u00bb3\/12&#8243; css=\u00bb.vc_custom_1635149803444{margin-top: 0px !important;margin-bottom: 0px !important;margin-left: 0px !important;border-top-width: 0px !important;border-bottom-width: 0px !important;border-left-width: 0px !important;padding-top: 0px !important;padding-bottom: 0px !important;padding-left: 0px !important;}\u00bb][vc_single_image image=\u00bb111122&#8243; img_size=\u00bbfull\u00bb onclick=\u00bblink_image\u00bb css=\u00bb.vc_custom_1630052466425{margin-right: 0px !important;margin-left: 0px !important;border-right-width: 0px !important;border-left-width: 0px !important;padding-right: 0px !important;padding-left: 0px !important;}\u00bb el_class=\u00bbfoto-patr\u00bb][\/vc_column_inner][\/vc_row_inner][vc_row_inner equal_height=\u00bbyes\u00bb css=\u00bb.vc_custom_1635149814384{margin-top: 0px !important;margin-bottom: 8px !important;border-top-width: 0px !important;border-bottom-width: 0px !important;padding-top: 0px !important;padding-bottom: 0px !important;}\u00bb][vc_column_inner css=\u00bb.vc_custom_1635149775093{margin-top: 0px !important;margin-right: 13px !important;border-top-width: 0px !important;border-right-width: 0px !important;padding-top: 0px !important;padding-right: 0px !important;}\u00bb][vc_column_text css=\u00bb.vc_custom_1630052871709{margin-top: 0px !important;margin-right: 0px !important;margin-bottom: 3px !important;border-top-width: 0px !important;border-right-width: 0px !important;border-bottom-width: 0px !important;padding-top: 8px !important;padding-right: 0px !important;padding-bottom: 8px !important;padding-left: 30px !important;background-color: #ededed !important;}\u00bb el_class=\u00bbimpresc\u00bb]Sant\u00edsimo Misterio de Cervera. 5, 6 y 7 de febrero.[\/vc_column_text][\/vc_column_inner][\/vc_row_inner][vc_row_inner equal_height=\u00bbyes\u00bb css=\u00bb.vc_custom_1629982614640{margin-top: 0px !important;margin-bottom: 0px !important;border-top-width: 0px !important;border-bottom-width: 0px !important;padding-top: 0px !important;padding-bottom: 0px !important;}\u00bb][vc_column_inner width=\u00bb9\/12&#8243; css=\u00bb.vc_custom_1629982630107{margin-top: 0px !important;margin-right: 0px !important;border-top-width: 0px !important;border-right-width: 0px !important;padding-top: 0px !important;padding-right: 0px !important;}\u00bb][vc_column_text css=\u00bb.vc_custom_1630052535073{margin-top: 0px !important;margin-right: 0px !important;margin-bottom: 3px !important;border-top-width: 0px !important;border-right-width: 0px !important;border-bottom-width: 0px !important;padding-top: 8px !important;padding-right: 0px !important;padding-bottom: 8px !important;padding-left: 30px !important;background-color: #ededed !important;}\u00bb el_class=\u00bbimpresc\u00bb]Festa de Sant Mag\u00ed de Cervera. Semana del 19 de agosto[\/vc_column_text][\/vc_column_inner][vc_column_inner width=\u00bb3\/12&#8243; css=\u00bb.vc_custom_1629982622928{margin-top: 0px !important;margin-left: 0px !important;border-top-width: 0px !important;border-left-width: 0px !important;padding-top: 0px !important;padding-left: 0px !important;}\u00bb][vc_single_image image=\u00bb111129&#8243; img_size=\u00bbfull\u00bb onclick=\u00bblink_image\u00bb css=\u00bb.vc_custom_1630052756594{margin-right: 0px !important;margin-left: 0px !important;border-right-width: 0px !important;border-left-width: 0px !important;padding-right: 0px !important;padding-left: 0px !important;}\u00bb el_class=\u00bbfoto-patr\u00bb][\/vc_column_inner][\/vc_row_inner][\/vc_column][\/vc_row][vc_row][vc_column width=\u00bb6\/12&#8243;][vc_column_text]Con la misma pasi\u00f3n que los cerveranos, las familias de\u00a0Sant Guim de la Plana nos hacen revivir un Bel\u00e9n Viviente que ha convertido en referencia de las manifestaciones navide\u00f1as en el pa\u00eds. Los participantes recrean cuadros del nacimiento de Jes\u00fas y los oficios de la \u00e9poca en un recorrido que es todo respeto y solemnidad.[\/vc_column_text][\/vc_column][vc_column width=\u00bb6\/12&#8243;][vc_row_inner equal_height=\u00bbyes\u00bb css=\u00bb.vc_custom_1630054404612{margin-top: 9px !important;margin-bottom: 0px !important;border-top-width: 0px !important;border-bottom-width: 0px !important;padding-top: 0px !important;padding-bottom: 0px !important;}\u00bb][vc_column_inner width=\u00bb9\/12&#8243; css=\u00bb.vc_custom_1629982630107{margin-top: 0px !important;margin-right: 0px !important;border-top-width: 0px !important;border-right-width: 0px !important;padding-top: 0px !important;padding-right: 0px !important;}\u00bb][vc_column_text css=\u00bb.vc_custom_1630052923354{margin-top: 0px !important;margin-right: 0px !important;margin-bottom: 3px !important;border-top-width: 0px !important;border-right-width: 0px !important;border-bottom-width: 0px !important;padding-top: 8px !important;padding-right: 0px !important;padding-bottom: 8px !important;padding-left: 30px !important;background-color: #ededed !important;}\u00bb el_class=\u00bbimpresc\u00bb]Bel\u00e9n Viviente de Sant Guim de la Plana. En Navidad.[\/vc_column_text][\/vc_column_inner][vc_column_inner width=\u00bb3\/12&#8243; css=\u00bb.vc_custom_1629982622928{margin-top: 0px !important;margin-left: 0px !important;border-top-width: 0px !important;border-left-width: 0px !important;padding-top: 0px !important;padding-left: 0px !important;}\u00bb][vc_single_image image=\u00bb111136&#8243; img_size=\u00bbfull\u00bb onclick=\u00bblink_image\u00bb css=\u00bb.vc_custom_1630052953159{margin-right: 0px !important;margin-left: 0px !important;border-right-width: 0px !important;border-left-width: 0px !important;padding-right: 0px !important;padding-left: 0px !important;}\u00bb el_class=\u00bbfoto-patr\u00bb][\/vc_column_inner][\/vc_row_inner][\/vc_column][\/vc_row][vc_row][vc_column width=\u00bb6\/12&#8243;][vc_column_text]La comarca ha conservado creencias y leyendas. Los pueblos y sus rincones esconden historias que se han transmitido a las sobremesas de cada casa. En Florejacs nos cuentan que la dama del castillo era de una belleza tan deslumbrante que atra\u00eda muchos pretendientes. A todos les daba una flor que los convert\u00eda en otra flor que enseguida plantaba en su jard\u00edn. Entendemos el origen del nombre del pueblo a la espera de que, tal como nos dicen los abuelos, aparezca de nuevo la dama paseando por el castillo. En Ivorra las historias de los antiguos cuentan que hacia el a\u00f1o 1010 el cura dud\u00f3 de la presencia de Jesucristo en la Eucarist\u00eda mientras oficiaba en Santa Maria. En ese momento, el vino se convirti\u00f3 en sangre verti\u00e9ndose sobre el mantel. El papa Sergio IV certific\u00f3 el milagro y concedi\u00f3 unas reliquias al pueblo que todav\u00eda se conservan en la parroquia de Sant Cugat.[\/vc_column_text][\/vc_column][vc_column width=\u00bb6\/12&#8243;][vc_row_inner equal_height=\u00bbyes\u00bb css=\u00bb.vc_custom_1630054412518{margin-top: 9px !important;margin-bottom: 0px !important;border-top-width: 0px !important;border-bottom-width: 0px !important;padding-top: 0px !important;padding-bottom: 0px !important;}\u00bb][vc_column_inner width=\u00bb9\/12&#8243; css=\u00bb.vc_custom_1629982630107{margin-top: 0px !important;margin-right: 0px !important;border-top-width: 0px !important;border-right-width: 0px !important;padding-top: 0px !important;padding-right: 0px !important;}\u00bb][vc_column_text css=\u00bb.vc_custom_1630052980592{margin-top: 0px !important;margin-right: 0px !important;margin-bottom: 3px !important;border-top-width: 0px !important;border-right-width: 0px !important;border-bottom-width: 0px !important;padding-top: 8px !important;padding-right: 0px !important;padding-bottom: 8px !important;padding-left: 30px !important;background-color: #ededed !important;}\u00bb el_class=\u00bbimpresc\u00bb]Leyenda de la Dama de las Flores de Florejacs.[\/vc_column_text][\/vc_column_inner][vc_column_inner width=\u00bb3\/12&#8243; css=\u00bb.vc_custom_1629982622928{margin-top: 0px !important;margin-left: 0px !important;border-top-width: 0px !important;border-left-width: 0px !important;padding-top: 0px !important;padding-left: 0px !important;}\u00bb][vc_single_image image=\u00bb111143&#8243; img_size=\u00bbfull\u00bb onclick=\u00bblink_image\u00bb css=\u00bb.vc_custom_1630053043237{margin-right: 0px !important;margin-left: 0px !important;border-right-width: 0px !important;border-left-width: 0px !important;padding-right: 0px !important;padding-left: 0px !important;}\u00bb el_class=\u00bbfoto-patr\u00bb][\/vc_column_inner][\/vc_row_inner][vc_row_inner equal_height=\u00bbyes\u00bb css=\u00bb.vc_custom_1629982614640{margin-top: 0px !important;margin-bottom: 0px !important;border-top-width: 0px !important;border-bottom-width: 0px !important;padding-top: 0px !important;padding-bottom: 0px !important;}\u00bb][vc_column_inner width=\u00bb9\/12&#8243; css=\u00bb.vc_custom_1629982630107{margin-top: 0px"}

[vc_row full_width=»stretch_row_content_no_spaces» bg_type=»bg_color» bg_color_value=»#3c3c3b» css=».vc_custom_1605797650815{margin-top: 0px !important;margin-bottom: 0px !important;padding-top: 0px !important;padding-bottom: 0px !important;}»][vc_column css=».vc_custom_1605797593358{margin-top: 0px !important;margin-bottom: 0px !important;padding-top: 0px !important;padding-bottom: 0px !important;}»][/vc_column][/vc_row][vc_row full_width=»stretch_row» bg_type=»image» parallax_style=»vcpb-default» bg_image_new=»id^111108|url^https://aralleida.cat/wp-content/uploads/2021/08/SEGARRA.jpg|caption^null|alt^null|title^SEGARRA|description^null» bg_image_repeat=»no-repeat»][vc_column][/vc_column][/vc_row][vc_row full_width=»stretch_row» bg_type=»bg_color» bg_color_value=»#ededed»][vc_column][/vc_column][/vc_row][vc_row full_width=»stretch_row» bg_type=»bg_color» bg_color_value=»#ededed» css=».vc_custom_1630050828556{margin-top: 0px !important;border-top-width: 0px !important;padding-top: 0px !important;}»][vc_column width=»1/6&#8243;][/vc_column][vc_column width=»2/3&#8243;][vc_column_text] UNA ATALAYA DE LEYENDA El itinerario por el patrimonio inmaterial de las Tierras de Lleida nos eleva a la meseta de la Segarra. Desde esta atalaya de la depresión central, los segarrencs han construido una comarca con personalidad. Sentimos a flor de piel el talante noble del que cuida la tierra que le han dejado sus padres y el patrimonio cultural que hacen la comunidad. Un mapa de campos de cereales movidos por el viento y bañados por un sol que abarca un horizonte inmenso.[/vc_column_text][/vc_column][vc_column width=»1/6&#8243;][/vc_column][/vc_row][vc_row css=».vc_custom_1629975809590{margin-top: 0px !important;padding-top: 0px !important;}»][vc_column css=».vc_custom_1629975819882{margin-top: 0px !important;padding-top: 0px !important;}»][/vc_column][/vc_row][vc_row][vc_column width=»6/12&#8243;][vc_column_text] El viaje La capital comarcal despliega ante nosotros un catálogo amplio de festividades que nos hablan de cómo es la gente de aquí. Solo una comunidad fuertemente estructurada puede recibir al visitante con una representación como la Pasión de Cervera. El trabajo para la obra y la propia escenificación son un patrimonio de relaciones personales que cosen la capital y la comarca con la complicidad del trabajo común. Este carácter de lucha compartida impregna el viaje por la Segarra. Admiramos las escenas de una Pasión de la que los cerveranos tienen referencia el año 1477. Nos rendimos al misterio tanto en la iglesia de Santa Maria con la Pasión Medieval como en el Gran Teatro de la Pasión con la Pasión de Cervera. Los cerveranos también nos cautivan con la fiesta del Santísimo Misterio del mes de febrero y su tradicional canto de las Completas. Las partituras del siglo XIX conforman una música litúrgica de primer orden que es la banda sonora de generaciones de cerveranos. La fiesta de San Magín y su comitiva repartiendo agua por las casas de la capital completan una trilogía de celebraciones que son el alma de Cervera. [/vc_column_text][/vc_column][vc_column width=»6/12&#8243;][vc_column_text css=».vc_custom_1629982686827{margin-bottom: 14px !important;padding-bottom: 0px !important;}»] Los imprescindibles [/vc_column_text][vc_row_inner equal_height=»yes» css=».vc_custom_1630054455050{margin-top: 4px !important;margin-bottom: 0px !important;border-top-width: 0px !important;border-bottom-width: 0px !important;padding-top: 0px !important;padding-bottom: 0px !important;}»][vc_column_inner width=»9/12&#8243; css=».vc_custom_1629982630107{margin-top: 0px !important;margin-right: 0px !important;border-top-width: 0px !important;border-right-width: 0px !important;padding-top: 0px !important;padding-right: 0px !important;}»][vc_column_text css=».vc_custom_1630052394097{margin-top: 0px !important;margin-right: 0px !important;margin-bottom: 3px !important;border-top-width: 0px !important;border-right-width: 0px !important;border-bottom-width: 0px !important;padding-top: 8px !important;padding-right: 0px !important;padding-bottom: 8px !important;padding-left: 30px !important;background-color: #ededed !important;}» el_class=»impresc»]La Pasión de Cervera. Por Semana Santa.[/vc_column_text][/vc_column_inner][vc_column_inner width=»3/12&#8243; css=».vc_custom_1635149803444{margin-top: 0px !important;margin-bottom: 0px !important;margin-left: 0px !important;border-top-width: 0px !important;border-bottom-width: 0px !important;border-left-width: 0px !important;padding-top: 0px !important;padding-bottom: 0px !important;padding-left: 0px !important;}»][vc_single_image image=»111122&#8243; img_size=»full» onclick=»link_image» css=».vc_custom_1630052466425{margin-right: 0px !important;margin-left: 0px !important;border-right-width: 0px !important;border-left-width: 0px !important;padding-right: 0px !important;padding-left: 0px !important;}» el_class=»foto-patr»][/vc_column_inner][/vc_row_inner][vc_row_inner equal_height=»yes» css=».vc_custom_1635149814384{margin-top: 0px !important;margin-bottom: 8px !important;border-top-width: 0px !important;border-bottom-width: 0px !important;padding-top: 0px !important;padding-bottom: 0px !important;}»][vc_column_inner css=».vc_custom_1635149775093{margin-top: 0px !important;margin-right: 13px !important;border-top-width: 0px !important;border-right-width: 0px !important;padding-top: 0px !important;padding-right: 0px !important;}»][vc_column_text css=».vc_custom_1630052871709{margin-top: 0px !important;margin-right: 0px !important;margin-bottom: 3px !important;border-top-width: 0px !important;border-right-width: 0px !important;border-bottom-width: 0px !important;padding-top: 8px !important;padding-right: 0px !important;padding-bottom: 8px !important;padding-left: 30px !important;background-color: #ededed !important;}» el_class=»impresc»]Santísimo Misterio de Cervera. 5, 6 y 7 de febrero.[/vc_column_text][/vc_column_inner][/vc_row_inner][vc_row_inner equal_height=»yes» css=».vc_custom_1629982614640{margin-top: 0px !important;margin-bottom: 0px !important;border-top-width: 0px !important;border-bottom-width: 0px !important;padding-top: 0px !important;padding-bottom: 0px !important;}»][vc_column_inner width=»9/12&#8243; css=».vc_custom_1629982630107{margin-top: 0px !important;margin-right: 0px !important;border-top-width: 0px !important;border-right-width: 0px !important;padding-top: 0px !important;padding-right: 0px !important;}»][vc_column_text css=».vc_custom_1630052535073{margin-top: 0px !important;margin-right: 0px !important;margin-bottom: 3px !important;border-top-width: 0px !important;border-right-width: 0px !important;border-bottom-width: 0px !important;padding-top: 8px !important;padding-right: 0px !important;padding-bottom: 8px !important;padding-left: 30px !important;background-color: #ededed !important;}» el_class=»impresc»]Festa de Sant Magí de Cervera. Semana del 19 de agosto[/vc_column_text][/vc_column_inner][vc_column_inner width=»3/12&#8243; css=».vc_custom_1629982622928{margin-top: 0px !important;margin-left: 0px !important;border-top-width: 0px !important;border-left-width: 0px !important;padding-top: 0px !important;padding-left: 0px !important;}»][vc_single_image image=»111129&#8243; img_size=»full» onclick=»link_image» css=».vc_custom_1630052756594{margin-right: 0px !important;margin-left: 0px !important;border-right-width: 0px !important;border-left-width: 0px !important;padding-right: 0px !important;padding-left: 0px !important;}» el_class=»foto-patr»][/vc_column_inner][/vc_row_inner][/vc_column][/vc_row][vc_row][vc_column width=»6/12&#8243;][vc_column_text]Con la misma pasión que los cerveranos, las familias de Sant Guim de la Plana nos hacen revivir un Belén Viviente que ha convertido en referencia de las manifestaciones navideñas en el país. Los participantes recrean cuadros del nacimiento de Jesús y los oficios de la época en un recorrido que es todo respeto y solemnidad.[/vc_column_text][/vc_column][vc_column width=»6/12&#8243;][vc_row_inner equal_height=»yes» css=».vc_custom_1630054404612{margin-top: 9px !important;margin-bottom: 0px !important;border-top-width: 0px !important;border-bottom-width: 0px !important;padding-top: 0px !important;padding-bottom: 0px !important;}»][vc_column_inner width=»9/12&#8243; css=».vc_custom_1629982630107{margin-top: 0px !important;margin-right: 0px !important;border-top-width: 0px !important;border-right-width: 0px !important;padding-top: 0px !important;padding-right: 0px !important;}»][vc_column_text css=».vc_custom_1630052923354{margin-top: 0px !important;margin-right: 0px !important;margin-bottom: 3px !important;border-top-width: 0px !important;border-right-width: 0px !important;border-bottom-width: 0px !important;padding-top: 8px !important;padding-right: 0px !important;padding-bottom: 8px !important;padding-left: 30px !important;background-color: #ededed !important;}» el_class=»impresc»]Belén Viviente de Sant Guim de la Plana. En Navidad.[/vc_column_text][/vc_column_inner][vc_column_inner width=»3/12&#8243; css=».vc_custom_1629982622928{margin-top: 0px !important;margin-left: 0px !important;border-top-width: 0px !important;border-left-width: 0px !important;padding-top: 0px !important;padding-left: 0px !important;}»][vc_single_image image=»111136&#8243; img_size=»full» onclick=»link_image» css=».vc_custom_1630052953159{margin-right: 0px !important;margin-left: 0px !important;border-right-width: 0px !important;border-left-width: 0px !important;padding-right: 0px !important;padding-left: 0px !important;}» el_class=»foto-patr»][/vc_column_inner][/vc_row_inner][/vc_column][/vc_row][vc_row][vc_column width=»6/12&#8243;][vc_column_text]La comarca ha conservado creencias y leyendas. Los pueblos y sus rincones esconden historias que se han transmitido a las sobremesas de cada casa. En Florejacs nos cuentan que la dama del castillo era de una belleza tan deslumbrante que atraía muchos pretendientes. A todos les daba una flor que los convertía en otra flor que enseguida plantaba en su jardín. Entendemos el origen del nombre del pueblo a la espera de que, tal como nos dicen los abuelos, aparezca de nuevo la dama paseando por el castillo. En Ivorra las historias de los antiguos cuentan que hacia el año 1010 el cura dudó de la presencia de Jesucristo en la Eucaristía mientras oficiaba en Santa Maria. En ese momento, el vino se convirtió en sangre vertiéndose sobre el mantel. El papa Sergio IV certificó el milagro y concedió unas reliquias al pueblo que todavía se conservan en la parroquia de Sant Cugat.[/vc_column_text][/vc_column][vc_column width=»6/12&#8243;][vc_row_inner equal_height=»yes» css=».vc_custom_1630054412518{margin-top: 9px !important;margin-bottom: 0px !important;border-top-width: 0px !important;border-bottom-width: 0px !important;padding-top: 0px !important;padding-bottom: 0px !important;}»][vc_column_inner width=»9/12&#8243; css=».vc_custom_1629982630107{margin-top: 0px !important;margin-right: 0px !important;border-top-width: 0px !important;border-right-width: 0px !important;padding-top: 0px !important;padding-right: 0px !important;}»][vc_column_text css=».vc_custom_1630052980592{margin-top: 0px !important;margin-right: 0px !important;margin-bottom: 3px !important;border-top-width: 0px !important;border-right-width: 0px !important;border-bottom-width: 0px !important;padding-top: 8px !important;padding-right: 0px !important;padding-bottom: 8px !important;padding-left: 30px !important;background-color: #ededed !important;}» el_class=»impresc»]Leyenda de la Dama de las Flores de Florejacs.[/vc_column_text][/vc_column_inner][vc_column_inner width=»3/12&#8243; css=».vc_custom_1629982622928{margin-top: 0px !important;margin-left: 0px !important;border-top-width: 0px !important;border-left-width: 0px !important;padding-top: 0px !important;padding-left: 0px !important;}»][vc_single_image image=»111143&#8243; img_size=»full» onclick=»link_image» css=».vc_custom_1630053043237{margin-right: 0px !important;margin-left: 0px !important;border-right-width: 0px !important;border-left-width: 0px !important;padding-right: 0px !important;padding-left: 0px !important;}» el_class=»foto-patr»][/vc_column_inner][/vc_row_inner][vc_row_inner equal_height=»yes» css=».vc_custom_1629982614640{margin-top: 0px !important;margin-bottom: 0px !important;border-top-width: 0px !important;border-bottom-width: 0px !important;padding-top: 0px !important;padding-bottom: 0px !important;}»][vc_column_inner width=»9/12&#8243; css=».vc_custom_1629982630107{margin-top: 0px
