
{"version":"1.0","provider_name":"Ara Lleida","provider_url":"https:\/\/aralleida.cat\/es\/","author_name":"admin","author_url":"https:\/\/aralleida.cat\/es\/author\/frame_zesv7n2g\/","title":"L'ALTA RIBAGOR\u00c7A","type":"rich","width":600,"height":338,"html":"<blockquote class=\"wp-embedded-content\" data-secret=\"t137NmPWQR\"><a href=\"https:\/\/aralleida.cat\/es\/patrimoni-immaterial\/lalta-ribagorca\/\">L&#8217;ALTA RIBAGOR\u00c7A<\/a><\/blockquote><iframe sandbox=\"allow-scripts\" security=\"restricted\" src=\"https:\/\/aralleida.cat\/es\/patrimoni-immaterial\/lalta-ribagorca\/embed\/#?secret=t137NmPWQR\" width=\"600\" height=\"338\" title=\"\u00abL&#8217;ALTA RIBAGOR\u00c7A\u00bb \u2014 Ara Lleida\" data-secret=\"t137NmPWQR\" frameborder=\"0\" marginwidth=\"0\" marginheight=\"0\" scrolling=\"no\" class=\"wp-embedded-content\"><\/iframe><script type=\"text\/javascript\">\n\/* <![CDATA[ *\/\n\/*! This file is auto-generated *\/\n!function(d,l){\"use strict\";l.querySelector&&d.addEventListener&&\"undefined\"!=typeof URL&&(d.wp=d.wp||{},d.wp.receiveEmbedMessage||(d.wp.receiveEmbedMessage=function(e){var t=e.data;if((t||t.secret||t.message||t.value)&&!\/[^a-zA-Z0-9]\/.test(t.secret)){for(var s,r,n,a=l.querySelectorAll('iframe[data-secret=\"'+t.secret+'\"]'),o=l.querySelectorAll('blockquote[data-secret=\"'+t.secret+'\"]'),c=new RegExp(\"^https?:$\",\"i\"),i=0;i<o.length;i++)o[i].style.display=\"none\";for(i=0;i<a.length;i++)s=a[i],e.source===s.contentWindow&&(s.removeAttribute(\"style\"),\"height\"===t.message?(1e3<(r=parseInt(t.value,10))?r=1e3:~~r<200&&(r=200),s.height=r):\"link\"===t.message&&(r=new URL(s.getAttribute(\"src\")),n=new URL(t.value),c.test(n.protocol))&&n.host===r.host&&l.activeElement===s&&(d.top.location.href=t.value))}},d.addEventListener(\"message\",d.wp.receiveEmbedMessage,!1),l.addEventListener(\"DOMContentLoaded\",function(){for(var e,t,s=l.querySelectorAll(\"iframe.wp-embedded-content\"),r=0;r<s.length;r++)(t=(e=s[r]).getAttribute(\"data-secret\"))||(t=Math.random().toString(36).substring(2,12),e.src+=\"#?secret=\"+t,e.setAttribute(\"data-secret\",t)),e.contentWindow.postMessage({message:\"ready\",secret:t},\"*\")},!1)))}(window,document);\n\/\/# sourceURL=https:\/\/aralleida.cat\/wp-includes\/js\/wp-embed.min.js\n\/* ]]> *\/\n<\/script>\n","description":"[vc_row full_width=\u00bbstretch_row_content_no_spaces\u00bb bg_type=\u00bbbg_color\u00bb bg_color_value=\u00bb#3c3c3b\u00bb css=\u00bb.vc_custom_1605797650815{margin-top: 0px !important;margin-bottom: 0px !important;padding-top: 0px !important;padding-bottom: 0px !important;}\u00bb][vc_column css=\u00bb.vc_custom_1605797593358{margin-top: 0px !important;margin-bottom: 0px !important;padding-top: 0px !important;padding-bottom: 0px !important;}\u00bb][\/vc_column][\/vc_row][vc_row full_width=\u00bbstretch_row\u00bb bg_type=\u00bbimage\u00bb parallax_style=\u00bbvcpb-default\u00bb bg_image_new=\u00bbid^136844|url^https:\/\/aralleida.cat\/wp-content\/uploads\/2021\/10\/alta-ribagorca.jpg|caption^null|alt^null|title^alta-ribagorca|description^null\u00bb bg_image_repeat=\u00bbno-repeat\u00bb][vc_column][\/vc_column][\/vc_row][vc_row full_width=\u00bbstretch_row\u00bb bg_type=\u00bbbg_color\u00bb bg_color_value=\u00bb#ededed\u00bb][vc_column][\/vc_column][\/vc_row][vc_row full_width=\u00bbstretch_row\u00bb bg_type=\u00bbbg_color\u00bb bg_color_value=\u00bb#ededed\u00bb css=\u00bb.vc_custom_1630050828556{margin-top: 0px !important;border-top-width: 0px !important;padding-top: 0px !important;}\u00bb][vc_column width=\u00bb1\/6&#8243;][\/vc_column][vc_column width=\u00bb2\/3&#8243;][vc_column_text] ESENCIA AUT\u00c9NTICA DEL PIRINEO Estamos en una tierra aut\u00e9ntica. El Pirineo conserva en la Alta Ribagor\u00e7a las esencias de una cultura milenaria que se transmite a trav\u00e9s de generaciones que aman cada palmo de su pueblo. Estamos en un rinc\u00f3n del pa\u00eds tocado por la mano de los dioses. Una tierra con un patrimonio rom\u00e1nico universal y un entorno natural de ensue\u00f1o que han dignificado el orgullo de los ribagorzanos y han forjado un car\u00e1cter de pueblo inmutable al paso de los siglos.[\/vc_column_text][\/vc_column][vc_column width=\u00bb1\/6&#8243;][\/vc_column][\/vc_row][vc_row css=\u00bb.vc_custom_1629975809590{margin-top: 0px !important;padding-top: 0px !important;}\u00bb][vc_column css=\u00bb.vc_custom_1629975819882{margin-top: 0px !important;padding-top: 0px !important;}\u00bb][\/vc_column][\/vc_row][vc_row][vc_column width=\u00bb6\/12&#8243;][vc_column_text] El viaje Saboreamos el patrimonio inmaterial de la Alta Ribagor\u00e7a en cada fiesta de las fallas, en cada feria, en cada fiesta mayor que sigue un programa heredado de la antig\u00fcedad y en cada baile. Desde el mes de junio la comarca vive en las bajadas de las fallas uno de sus ritos ancestrales. Fiestas que unen los j\u00f3venes con sus padres, abuelos y antepasados \u200b\u200ben una coreograf\u00eda del brazo del fuego que es todo un compromiso con la comarca y el pueblo. En la oscuridad de la noche ribagorzana, nos purificamos con el fuego que nos han legado los pirenaicos y que los abuelos nos ense\u00f1an a respetar y querer. Cada pueblo nos acoge a su manera en noches para recordar. Durro, Senet, Barruera, Bo\u00ed, Cas\u00f3s, El Pont de Suert, Vilaller, Erill la Vall, Ta\u00fcll y Llesp nos encienden de emoci\u00f3n en una fiesta que nos arraiga a la tierra para siempre.[\/vc_column_text][\/vc_column][vc_column width=\u00bb6\/12&#8243;][vc_column_text css=\u00bb.vc_custom_1635238490688{margin-bottom: 14px !important;padding-bottom: 0px !important;}\u00bb] Los imprescindibles [\/vc_column_text][vc_row_inner equal_height=\u00bbyes\u00bb css=\u00bb.vc_custom_1630054455050{margin-top: 4px !important;margin-bottom: 0px !important;border-top-width: 0px !important;border-bottom-width: 0px !important;padding-top: 0px !important;padding-bottom: 0px !important;}\u00bb][vc_column_inner css=\u00bb.vc_custom_1635166356322{margin-top: 0px !important;margin-right: 13px !important;border-top-width: 0px !important;border-right-width: 0px !important;padding-top: 0px !important;padding-right: 0px !important;}\u00bb][vc_column_text css=\u00bb.vc_custom_1635238504189{margin-top: 0px !important;margin-right: 0px !important;margin-bottom: 3px !important;border-top-width: 0px !important;border-right-width: 0px !important;border-bottom-width: 0px !important;padding-top: 8px !important;padding-right: 0px !important;padding-bottom: 8px !important;padding-left: 30px !important;background-color: #ededed !important;}\u00bb el_class=\u00bbimpresc\u00bb]Fallas. La Fiesta del Fuego. Desde la primera quincena de junio. Durro, Senet, Barruera, Bo\u00ed, Cas\u00f3s, El Pont de Suert, Vilaller, Erill la Vall, Ta\u00fcll y Llesp.[\/vc_column_text][\/vc_column_inner][\/vc_row_inner][\/vc_column][\/vc_row][vc_row][vc_column width=\u00bb6\/12&#8243;][vc_column_text]La comarca nos seduce tambi\u00e9n de d\u00eda cuando nos sentamos a la mesa. Las familias de la Alta Ribagor\u00e7a se han mantenido fieles a las tradiciones ganaderas y culinarias y nos han legado una cesta de productos agroalimentarios con la calidad de las cosas bien hechas. Los valles disfrutan exponiendo a vecinos y visitantes sus mejores reses y los elaborados de carne y leche en las ferias que, como en un calendario sagrado, se van organizando anualmente en cada pueblo. A finales de septiembre Barruera nos convoca a la Feria del Ganado para admirar a los ganaderos comprando y vendiendo los mejores ejemplares como se ha hecho toda la vida. Tambi\u00e9n aprendemos a segar a mano y compramos en la muestra de artesan\u00eda del Pirineo. El tercer domingo de octubre es El Pont de Suert el que nos llama a conocer y saborear su tesoro gastron\u00f3mico m\u00e1s preciado en la Feria de la Girella. Un programa de actividades nos ense\u00f1a a hacer este embutido nacido de la pasi\u00f3n por el cordero y degustarlo en el mejor de los ambientes, rodeados de una muestra de tradiciones y comercio local. A principios de noviembre Vilaller se convierte en el centro de la comarca con la Feria de Todos los Santos, la m\u00e1s antigua de las que se hacen en la Alta Ribagor\u00e7a. Paseamos entre una exposici\u00f3n de ganado y nos emocionamos con el concurso de vaca bruna mientras degustamos las mejores girellas. Todo un viaje al alma viva de la comarca. El recorrido por los encuentros tradicionales nos reserva una cita especial en la Fiesta de la Cofrad\u00eda de San Sebasti\u00e1n en El Pont de Suert, nacida en 1503 y hoy vigente como una de las grandes manifestaciones de cultura popular inmaterial de la comarca. Los d\u00edas 19, 20 y 21 de enero, las familias se implican en la renovaci\u00f3n de los votos a San Sebasti\u00e1n a trav\u00e9s de una fiesta que une el gusto por la buena mesa, la tertulia fraternal y los platos que nos han regalado las abuelas como el estofado de cordero, el cocido, las sopas de pan, la vianda y el imprescindible freginat. Tres d\u00edas de cultura pirenaica por los cuatro costados.[\/vc_column_text][\/vc_column][vc_column width=\u00bb6\/12&#8243;][vc_row_inner equal_height=\u00bbyes\u00bb css=\u00bb.vc_custom_1630056473450{margin-top: 6px !important;margin-bottom: 0px !important;border-top-width: 0px !important;border-bottom-width: 0px !important;padding-top: 0px !important;padding-bottom: 0px !important;}\u00bb][vc_column_inner width=\u00bb9\/12&#8243; css=\u00bb.vc_custom_1629982630107{margin-top: 0px !important;margin-right: 0px !important;border-top-width: 0px !important;border-right-width: 0px !important;padding-top: 0px !important;padding-right: 0px !important;}\u00bb][vc_column_text css=\u00bb.vc_custom_1635238520150{margin-top: 0px !important;margin-right: 0px !important;margin-bottom: 3px !important;border-top-width: 0px !important;border-right-width: 0px !important;border-bottom-width: 0px !important;padding-top: 8px !important;padding-right: 0px !important;padding-bottom: 8px !important;padding-left: 30px !important;background-color: #ededed !important;}\u00bb el_class=\u00bbimpresc\u00bb]Feria del Ganado de Barruera. Finales de septiembre.[\/vc_column_text][\/vc_column_inner][vc_column_inner width=\u00bb3\/12&#8243; css=\u00bb.vc_custom_1629982622928{margin-top: 0px !important;margin-left: 0px !important;border-top-width: 0px !important;border-left-width: 0px !important;padding-top: 0px !important;padding-left: 0px !important;}\u00bb][vc_single_image image=\u00bb136681&#8243; img_size=\u00bbfull\u00bb onclick=\u00bblink_image\u00bb css=\u00bb.vc_custom_1635166415210{margin-right: 0px !important;margin-left: 0px !important;border-right-width: 0px !important;border-left-width: 0px !important;padding-right: 0px !important;padding-left: 0px !important;}\u00bb el_class=\u00bbfoto-patr\u00bb][\/vc_column_inner][\/vc_row_inner][vc_row_inner equal_height=\u00bbyes\u00bb css=\u00bb.vc_custom_1630056473450{margin-top: 6px !important;margin-bottom: 0px !important;border-top-width: 0px !important;border-bottom-width: 0px !important;padding-top: 0px !important;padding-bottom: 0px !important;}\u00bb][vc_column_inner width=\u00bb9\/12&#8243; css=\u00bb.vc_custom_1629982630107{margin-top: 0px !important;margin-right: 0px !important;border-top-width: 0px !important;border-right-width: 0px !important;padding-top: 0px !important;padding-right: 0px !important;}\u00bb][vc_column_text css=\u00bb.vc_custom_1635238532342{margin-top: 0px !important;margin-right: 0px !important;margin-bottom: 3px !important;border-top-width: 0px !important;border-right-width: 0px !important;border-bottom-width: 0px !important;padding-top: 8px !important;padding-right: 0px !important;padding-bottom: 8px !important;padding-left: 30px !important;background-color: #ededed !important;}\u00bb el_class=\u00bbimpresc\u00bb]Feria de la Girella de El Pont de Suert. Tercer domingo de octubre.[\/vc_column_text][\/vc_column_inner][vc_column_inner width=\u00bb3\/12&#8243; css=\u00bb.vc_custom_1635166551849{margin-top: 0px !important;margin-bottom: 0px !important;margin-left: 0px !important;border-top-width: 0px !important;border-bottom-width: 0px !important;border-left-width: 0px !important;padding-top: 0px !important;padding-bottom: 0px !important;padding-left: 0px !important;}\u00bb][vc_single_image image=\u00bb136709&#8243; img_size=\u00bbfull\u00bb onclick=\u00bblink_image\u00bb css=\u00bb.vc_custom_1635166473470{margin-right: 0px !important;margin-left: 0px !important;border-right-width: 0px !important;border-left-width: 0px !important;padding-right: 0px !important;padding-left: 0px !important;}\u00bb el_class=\u00bbfoto-patr\u00bb][\/vc_column_inner][\/vc_row_inner][vc_row_inner equal_height=\u00bbyes\u00bb css=\u00bb.vc_custom_1630056473450{margin-top: 6px !important;margin-bottom: 0px !important;border-top-width: 0px !important;border-bottom-width: 0px !important;padding-top: 0px !important;padding-bottom: 0px !important;}\u00bb][vc_column_inner css=\u00bb.vc_custom_1635166536659{margin-top: 0px !important;margin-right: 13px !important;border-top-width: 0px !important;border-right-width: 0px !important;padding-top: 0px !important;padding-right: 0px !important;}\u00bb][vc_column_text css=\u00bb.vc_custom_1635238546021{margin-top: 0px !important;margin-right: 0px !important;margin-bottom: 3px !important;border-top-width: 0px !important;border-right-width: 0px !important;border-bottom-width: 0px !important;padding-top: 8px !important;padding-right: 0px !important;padding-bottom: 8px !important;padding-left: 30px !important;background-color: #ededed !important;}\u00bb el_class=\u00bbimpresc\u00bb]Feria de Todos los Santos de Vilaller. 2 de noviembre.[\/vc_column_text][\/vc_column_inner][\/vc_row_inner][vc_row_inner equal_height=\u00bbyes\u00bb css=\u00bb.vc_custom_1630056473450{margin-top: 6px !important;margin-bottom: 0px !important;border-top-width: 0px"}

L'ALTA RIBAGORÇA

<blockquote class="wp-embedded-content" data-secret="t137NmPWQR"><a href="https://aralleida.cat/es/patrimoni-immaterial/lalta-ribagorca/">L&#8217;ALTA RIBAGORÇA</a></blockquote><iframe sandbox="allow-scripts" security="restricted" src="https://aralleida.cat/es/patrimoni-immaterial/lalta-ribagorca/embed/#?secret=t137NmPWQR" width="600" height="338" title="«L&#8217;ALTA RIBAGORÇA» — Ara Lleida" data-secret="t137NmPWQR" frameborder="0" marginwidth="0" marginheight="0" scrolling="no" class="wp-embedded-content"></iframe><script type="text/javascript">
/* <![CDATA[ */
/*! This file is auto-generated */
!function(d,l){"use strict";l.querySelector&&d.addEventListener&&"undefined"!=typeof URL&&(d.wp=d.wp||{},d.wp.receiveEmbedMessage||(d.wp.receiveEmbedMessage=function(e){var t=e.data;if((t||t.secret||t.message||t.value)&&!/[^a-zA-Z0-9]/.test(t.secret)){for(var s,r,n,a=l.querySelectorAll('iframe[data-secret="'+t.secret+'"]'),o=l.querySelectorAll('blockquote[data-secret="'+t.secret+'"]'),c=new RegExp("^https?:$","i"),i=0;i<o.length;i++)o[i].style.display="none";for(i=0;i<a.length;i++)s=a[i],e.source===s.contentWindow&&(s.removeAttribute("style"),"height"===t.message?(1e3<(r=parseInt(t.value,10))?r=1e3:~~r<200&&(r=200),s.height=r):"link"===t.message&&(r=new URL(s.getAttribute("src")),n=new URL(t.value),c.test(n.protocol))&&n.host===r.host&&l.activeElement===s&&(d.top.location.href=t.value))}},d.addEventListener("message",d.wp.receiveEmbedMessage,!1),l.addEventListener("DOMContentLoaded",function(){for(var e,t,s=l.querySelectorAll("iframe.wp-embedded-content"),r=0;r<s.length;r++)(t=(e=s[r]).getAttribute("data-secret"))||(t=Math.random().toString(36).substring(2,12),e.src+="#?secret="+t,e.setAttribute("data-secret",t)),e.contentWindow.postMessage({message:"ready",secret:t},"*")},!1)))}(window,document);
//# sourceURL=https://aralleida.cat/wp-includes/js/wp-embed.min.js
/* ]]> */
</script>

[vc_row full_width=»stretch_row_content_no_spaces» bg_type=»bg_color» bg_color_value=»#3c3c3b» css=».vc_custom_1605797650815{margin-top: 0px !important;margin-bottom: 0px !important;padding-top: 0px !important;padding-bottom: 0px !important;}»][vc_column css=».vc_custom_1605797593358{margin-top: 0px !important;margin-bottom: 0px !important;padding-top: 0px !important;padding-bottom: 0px !important;}»][/vc_column][/vc_row][vc_row full_width=»stretch_row» bg_type=»image» parallax_style=»vcpb-default» bg_image_new=»id^136844|url^https://aralleida.cat/wp-content/uploads/2021/10/alta-ribagorca.jpg|caption^null|alt^null|title^alta-ribagorca|description^null» bg_image_repeat=»no-repeat»][vc_column][/vc_column][/vc_row][vc_row full_width=»stretch_row» bg_type=»bg_color» bg_color_value=»#ededed»][vc_column][/vc_column][/vc_row][vc_row full_width=»stretch_row» bg_type=»bg_color» bg_color_value=»#ededed» css=».vc_custom_1630050828556{margin-top: 0px !important;border-top-width: 0px !important;padding-top: 0px !important;}»][vc_column width=»1/6&#8243;][/vc_column][vc_column width=»2/3&#8243;][vc_column_text] ESENCIA AUTÉNTICA DEL PIRINEO Estamos en una tierra auténtica. El Pirineo conserva en la Alta Ribagorça las esencias de una cultura milenaria que se transmite a través de generaciones que aman cada palmo de su pueblo. Estamos en un rincón del país tocado por la mano de los dioses. Una tierra con un patrimonio románico universal y un entorno natural de ensueño que han dignificado el orgullo de los ribagorzanos y han forjado un carácter de pueblo inmutable al paso de los siglos.[/vc_column_text][/vc_column][vc_column width=»1/6&#8243;][/vc_column][/vc_row][vc_row css=».vc_custom_1629975809590{margin-top: 0px !important;padding-top: 0px !important;}»][vc_column css=».vc_custom_1629975819882{margin-top: 0px !important;padding-top: 0px !important;}»][/vc_column][/vc_row][vc_row][vc_column width=»6/12&#8243;][vc_column_text] El viaje Saboreamos el patrimonio inmaterial de la Alta Ribagorça en cada fiesta de las fallas, en cada feria, en cada fiesta mayor que sigue un programa heredado de la antigüedad y en cada baile. Desde el mes de junio la comarca vive en las bajadas de las fallas uno de sus ritos ancestrales. Fiestas que unen los jóvenes con sus padres, abuelos y antepasados ​​en una coreografía del brazo del fuego que es todo un compromiso con la comarca y el pueblo. En la oscuridad de la noche ribagorzana, nos purificamos con el fuego que nos han legado los pirenaicos y que los abuelos nos enseñan a respetar y querer. Cada pueblo nos acoge a su manera en noches para recordar. Durro, Senet, Barruera, Boí, Casós, El Pont de Suert, Vilaller, Erill la Vall, Taüll y Llesp nos encienden de emoción en una fiesta que nos arraiga a la tierra para siempre.[/vc_column_text][/vc_column][vc_column width=»6/12&#8243;][vc_column_text css=».vc_custom_1635238490688{margin-bottom: 14px !important;padding-bottom: 0px !important;}»] Los imprescindibles [/vc_column_text][vc_row_inner equal_height=»yes» css=».vc_custom_1630054455050{margin-top: 4px !important;margin-bottom: 0px !important;border-top-width: 0px !important;border-bottom-width: 0px !important;padding-top: 0px !important;padding-bottom: 0px !important;}»][vc_column_inner css=».vc_custom_1635166356322{margin-top: 0px !important;margin-right: 13px !important;border-top-width: 0px !important;border-right-width: 0px !important;padding-top: 0px !important;padding-right: 0px !important;}»][vc_column_text css=».vc_custom_1635238504189{margin-top: 0px !important;margin-right: 0px !important;margin-bottom: 3px !important;border-top-width: 0px !important;border-right-width: 0px !important;border-bottom-width: 0px !important;padding-top: 8px !important;padding-right: 0px !important;padding-bottom: 8px !important;padding-left: 30px !important;background-color: #ededed !important;}» el_class=»impresc»]Fallas. La Fiesta del Fuego. Desde la primera quincena de junio. Durro, Senet, Barruera, Boí, Casós, El Pont de Suert, Vilaller, Erill la Vall, Taüll y Llesp.[/vc_column_text][/vc_column_inner][/vc_row_inner][/vc_column][/vc_row][vc_row][vc_column width=»6/12&#8243;][vc_column_text]La comarca nos seduce también de día cuando nos sentamos a la mesa. Las familias de la Alta Ribagorça se han mantenido fieles a las tradiciones ganaderas y culinarias y nos han legado una cesta de productos agroalimentarios con la calidad de las cosas bien hechas. Los valles disfrutan exponiendo a vecinos y visitantes sus mejores reses y los elaborados de carne y leche en las ferias que, como en un calendario sagrado, se van organizando anualmente en cada pueblo. A finales de septiembre Barruera nos convoca a la Feria del Ganado para admirar a los ganaderos comprando y vendiendo los mejores ejemplares como se ha hecho toda la vida. También aprendemos a segar a mano y compramos en la muestra de artesanía del Pirineo. El tercer domingo de octubre es El Pont de Suert el que nos llama a conocer y saborear su tesoro gastronómico más preciado en la Feria de la Girella. Un programa de actividades nos enseña a hacer este embutido nacido de la pasión por el cordero y degustarlo en el mejor de los ambientes, rodeados de una muestra de tradiciones y comercio local. A principios de noviembre Vilaller se convierte en el centro de la comarca con la Feria de Todos los Santos, la más antigua de las que se hacen en la Alta Ribagorça. Paseamos entre una exposición de ganado y nos emocionamos con el concurso de vaca bruna mientras degustamos las mejores girellas. Todo un viaje al alma viva de la comarca. El recorrido por los encuentros tradicionales nos reserva una cita especial en la Fiesta de la Cofradía de San Sebastián en El Pont de Suert, nacida en 1503 y hoy vigente como una de las grandes manifestaciones de cultura popular inmaterial de la comarca. Los días 19, 20 y 21 de enero, las familias se implican en la renovación de los votos a San Sebastián a través de una fiesta que une el gusto por la buena mesa, la tertulia fraternal y los platos que nos han regalado las abuelas como el estofado de cordero, el cocido, las sopas de pan, la vianda y el imprescindible freginat. Tres días de cultura pirenaica por los cuatro costados.[/vc_column_text][/vc_column][vc_column width=»6/12&#8243;][vc_row_inner equal_height=»yes» css=».vc_custom_1630056473450{margin-top: 6px !important;margin-bottom: 0px !important;border-top-width: 0px !important;border-bottom-width: 0px !important;padding-top: 0px !important;padding-bottom: 0px !important;}»][vc_column_inner width=»9/12&#8243; css=».vc_custom_1629982630107{margin-top: 0px !important;margin-right: 0px !important;border-top-width: 0px !important;border-right-width: 0px !important;padding-top: 0px !important;padding-right: 0px !important;}»][vc_column_text css=».vc_custom_1635238520150{margin-top: 0px !important;margin-right: 0px !important;margin-bottom: 3px !important;border-top-width: 0px !important;border-right-width: 0px !important;border-bottom-width: 0px !important;padding-top: 8px !important;padding-right: 0px !important;padding-bottom: 8px !important;padding-left: 30px !important;background-color: #ededed !important;}» el_class=»impresc»]Feria del Ganado de Barruera. Finales de septiembre.[/vc_column_text][/vc_column_inner][vc_column_inner width=»3/12&#8243; css=».vc_custom_1629982622928{margin-top: 0px !important;margin-left: 0px !important;border-top-width: 0px !important;border-left-width: 0px !important;padding-top: 0px !important;padding-left: 0px !important;}»][vc_single_image image=»136681&#8243; img_size=»full» onclick=»link_image» css=».vc_custom_1635166415210{margin-right: 0px !important;margin-left: 0px !important;border-right-width: 0px !important;border-left-width: 0px !important;padding-right: 0px !important;padding-left: 0px !important;}» el_class=»foto-patr»][/vc_column_inner][/vc_row_inner][vc_row_inner equal_height=»yes» css=».vc_custom_1630056473450{margin-top: 6px !important;margin-bottom: 0px !important;border-top-width: 0px !important;border-bottom-width: 0px !important;padding-top: 0px !important;padding-bottom: 0px !important;}»][vc_column_inner width=»9/12&#8243; css=».vc_custom_1629982630107{margin-top: 0px !important;margin-right: 0px !important;border-top-width: 0px !important;border-right-width: 0px !important;padding-top: 0px !important;padding-right: 0px !important;}»][vc_column_text css=».vc_custom_1635238532342{margin-top: 0px !important;margin-right: 0px !important;margin-bottom: 3px !important;border-top-width: 0px !important;border-right-width: 0px !important;border-bottom-width: 0px !important;padding-top: 8px !important;padding-right: 0px !important;padding-bottom: 8px !important;padding-left: 30px !important;background-color: #ededed !important;}» el_class=»impresc»]Feria de la Girella de El Pont de Suert. Tercer domingo de octubre.[/vc_column_text][/vc_column_inner][vc_column_inner width=»3/12&#8243; css=».vc_custom_1635166551849{margin-top: 0px !important;margin-bottom: 0px !important;margin-left: 0px !important;border-top-width: 0px !important;border-bottom-width: 0px !important;border-left-width: 0px !important;padding-top: 0px !important;padding-bottom: 0px !important;padding-left: 0px !important;}»][vc_single_image image=»136709&#8243; img_size=»full» onclick=»link_image» css=».vc_custom_1635166473470{margin-right: 0px !important;margin-left: 0px !important;border-right-width: 0px !important;border-left-width: 0px !important;padding-right: 0px !important;padding-left: 0px !important;}» el_class=»foto-patr»][/vc_column_inner][/vc_row_inner][vc_row_inner equal_height=»yes» css=».vc_custom_1630056473450{margin-top: 6px !important;margin-bottom: 0px !important;border-top-width: 0px !important;border-bottom-width: 0px !important;padding-top: 0px !important;padding-bottom: 0px !important;}»][vc_column_inner css=».vc_custom_1635166536659{margin-top: 0px !important;margin-right: 13px !important;border-top-width: 0px !important;border-right-width: 0px !important;padding-top: 0px !important;padding-right: 0px !important;}»][vc_column_text css=».vc_custom_1635238546021{margin-top: 0px !important;margin-right: 0px !important;margin-bottom: 3px !important;border-top-width: 0px !important;border-right-width: 0px !important;border-bottom-width: 0px !important;padding-top: 8px !important;padding-right: 0px !important;padding-bottom: 8px !important;padding-left: 30px !important;background-color: #ededed !important;}» el_class=»impresc»]Feria de Todos los Santos de Vilaller. 2 de noviembre.[/vc_column_text][/vc_column_inner][/vc_row_inner][vc_row_inner equal_height=»yes» css=».vc_custom_1630056473450{margin-top: 6px !important;margin-bottom: 0px !important;border-top-width: 0px
