
{"version":"1.0","provider_name":"Ara Lleida","provider_url":"https:\/\/aralleida.cat\/es\/","author_name":"Omar","author_url":"https:\/\/aralleida.cat\/es\/author\/lagrafica-2-2\/","title":"Primer congreso de turismo regenerativo de Catalu\u00f1a","type":"rich","width":600,"height":338,"html":"<blockquote class=\"wp-embedded-content\" data-secret=\"jupisCZyRG\"><a href=\"https:\/\/aralleida.cat\/es\/primer-congreso-de-turismo-regenerativo-de-cataluna\/\">Primer congreso de turismo regenerativo de Catalu\u00f1a<\/a><\/blockquote><iframe sandbox=\"allow-scripts\" security=\"restricted\" src=\"https:\/\/aralleida.cat\/es\/primer-congreso-de-turismo-regenerativo-de-cataluna\/embed\/#?secret=jupisCZyRG\" width=\"600\" height=\"338\" title=\"\u00abPrimer congreso de turismo regenerativo de Catalu\u00f1a\u00bb \u2014 Ara Lleida\" data-secret=\"jupisCZyRG\" frameborder=\"0\" marginwidth=\"0\" marginheight=\"0\" scrolling=\"no\" class=\"wp-embedded-content\"><\/iframe><script type=\"text\/javascript\">\n\/* <![CDATA[ *\/\n\/*! This file is auto-generated *\/\n!function(d,l){\"use strict\";l.querySelector&&d.addEventListener&&\"undefined\"!=typeof URL&&(d.wp=d.wp||{},d.wp.receiveEmbedMessage||(d.wp.receiveEmbedMessage=function(e){var t=e.data;if((t||t.secret||t.message||t.value)&&!\/[^a-zA-Z0-9]\/.test(t.secret)){for(var s,r,n,a=l.querySelectorAll('iframe[data-secret=\"'+t.secret+'\"]'),o=l.querySelectorAll('blockquote[data-secret=\"'+t.secret+'\"]'),c=new RegExp(\"^https?:$\",\"i\"),i=0;i<o.length;i++)o[i].style.display=\"none\";for(i=0;i<a.length;i++)s=a[i],e.source===s.contentWindow&&(s.removeAttribute(\"style\"),\"height\"===t.message?(1e3<(r=parseInt(t.value,10))?r=1e3:~~r<200&&(r=200),s.height=r):\"link\"===t.message&&(r=new URL(s.getAttribute(\"src\")),n=new URL(t.value),c.test(n.protocol))&&n.host===r.host&&l.activeElement===s&&(d.top.location.href=t.value))}},d.addEventListener(\"message\",d.wp.receiveEmbedMessage,!1),l.addEventListener(\"DOMContentLoaded\",function(){for(var e,t,s=l.querySelectorAll(\"iframe.wp-embedded-content\"),r=0;r<s.length;r++)(t=(e=s[r]).getAttribute(\"data-secret\"))||(t=Math.random().toString(36).substring(2,12),e.src+=\"#?secret=\"+t,e.setAttribute(\"data-secret\",t)),e.contentWindow.postMessage({message:\"ready\",secret:t},\"*\")},!1)))}(window,document);\n\/\/# sourceURL=https:\/\/aralleida.cat\/wp-includes\/js\/wp-embed.min.js\n\/* ]]> *\/\n<\/script>\n","thumbnail_url":"https:\/\/aralleida.cat\/wp-content\/uploads\/2025\/07\/congres-turisme-int.png","thumbnail_width":600,"thumbnail_height":400,"description":"[vc_row][vc_column][vc_separator][vc_column_text css=\u00bb\u00bb]Lleida quiere ser una de las puntas de lanza del turismo regenerativo, un modelo que va m\u00e1s all\u00e1 de la sostenibilidad y quiere convertir a los visitantes en agentes de cambio que restauran ecosistemas y revitalizan a las comunidades locales. En este sentido, el 1er Congreso de Turismo Regenerativo en Catalu\u00f1a celebrado este junio en la Cerdanya leridana ha servido para debatir y compartir experiencias relativas a este planteamiento y ha sentado las bases de un proyecto de implementaci\u00f3n de este modelo a trav\u00e9s de la sensibilizaci\u00f3n, la formaci\u00f3n y el trabajo en red. Edgar Tarr\u00e9s, miembro del Instituto de Turismo Regenerativo, ha explicado que una de las principales conclusiones del encuentro ha sido que es necesario crear una red de personas y entidades implicadas en el turismo regenerativo para desarrollar iniciativas y proyectos relacionados con este \u00e1mbito. Uno de los objetivos iniciales es poner en marcha programas de formaci\u00f3n propios o por medio de centros educativos para implementar esta filosof\u00eda en el mundo del turismo. \u00abQueremos promover esta filosof\u00eda, que pasa por llegar a conocer bien la naturaleza para despu\u00e9s ir enriqueci\u00e9ndola, a trav\u00e9s de programas de formaci\u00f3n centrados en cuatro ejes, el bienestar, la creatividad, el liderazgo y la resiliencia\u00bb, ha asegurado Tarr\u00e9s, quien ha a\u00f1adido que este modelo es muy positivo para la naturaleza, pero tambi\u00e9n para la gente del territorio. El miembro de la organizaci\u00f3n del congreso explica que la intenci\u00f3n es realizar actividades formativas trimestrales en torno a estos ejes. Por otra parte, durante el congreso se anunci\u00f3 que el pr\u00f3ximo 19 de julio se presentar\u00e1 en Prullans el Instituto de Turismo Regenerativo, entidad que ser\u00e1 la responsable de llevar a cabo todos estos proyectos y encontrar f\u00f3rmulas para que el turismo genere un retorno positivo a los destinos. El encuentro ha tenido como figura destacada a Anna Pollock, reconocida experta y pionera del turismo regenerativo, y ha contado con una cincuentena de participantes del mundo acad\u00e9mico, tur\u00edstico y agr\u00edcola, como estudiantes, profesionales del sector del turismo (responsables de hoteles y casas rurales), profesorado de universidad y personas interesadas en el tema. Los asistentes proced\u00edan de pa\u00edses como Gran Breta\u00f1a, Croacia, Grecia, Pa\u00edses Bajos, M\u00e9xico, Noruega, Portugal o Suecia. El congreso ha sido organizado por Cerdanya Viva y el Instituto Regenerativo,\u00a0 impulsados y dirigidos por David Isern.. &nbsp; M\u00e1s informaci\u00f3n: Cerdanya Viva Tel. 973 51 02 60\u202c https:\/\/cerdanyaviva.com\/[\/vc_column_text][\/vc_column][\/vc_row]"}

Primer congreso de turismo regenerativo de Cataluña

<blockquote class="wp-embedded-content" data-secret="jupisCZyRG"><a href="https://aralleida.cat/es/primer-congreso-de-turismo-regenerativo-de-cataluna/">Primer congreso de turismo regenerativo de Cataluña</a></blockquote><iframe sandbox="allow-scripts" security="restricted" src="https://aralleida.cat/es/primer-congreso-de-turismo-regenerativo-de-cataluna/embed/#?secret=jupisCZyRG" width="600" height="338" title="«Primer congreso de turismo regenerativo de Cataluña» — Ara Lleida" data-secret="jupisCZyRG" frameborder="0" marginwidth="0" marginheight="0" scrolling="no" class="wp-embedded-content"></iframe><script type="text/javascript">
/* <![CDATA[ */
/*! This file is auto-generated */
!function(d,l){"use strict";l.querySelector&&d.addEventListener&&"undefined"!=typeof URL&&(d.wp=d.wp||{},d.wp.receiveEmbedMessage||(d.wp.receiveEmbedMessage=function(e){var t=e.data;if((t||t.secret||t.message||t.value)&&!/[^a-zA-Z0-9]/.test(t.secret)){for(var s,r,n,a=l.querySelectorAll('iframe[data-secret="'+t.secret+'"]'),o=l.querySelectorAll('blockquote[data-secret="'+t.secret+'"]'),c=new RegExp("^https?:$","i"),i=0;i<o.length;i++)o[i].style.display="none";for(i=0;i<a.length;i++)s=a[i],e.source===s.contentWindow&&(s.removeAttribute("style"),"height"===t.message?(1e3<(r=parseInt(t.value,10))?r=1e3:~~r<200&&(r=200),s.height=r):"link"===t.message&&(r=new URL(s.getAttribute("src")),n=new URL(t.value),c.test(n.protocol))&&n.host===r.host&&l.activeElement===s&&(d.top.location.href=t.value))}},d.addEventListener("message",d.wp.receiveEmbedMessage,!1),l.addEventListener("DOMContentLoaded",function(){for(var e,t,s=l.querySelectorAll("iframe.wp-embedded-content"),r=0;r<s.length;r++)(t=(e=s[r]).getAttribute("data-secret"))||(t=Math.random().toString(36).substring(2,12),e.src+="#?secret="+t,e.setAttribute("data-secret",t)),e.contentWindow.postMessage({message:"ready",secret:t},"*")},!1)))}(window,document);
//# sourceURL=https://aralleida.cat/wp-includes/js/wp-embed.min.js
/* ]]> */
</script>

[vc_row][vc_column][vc_separator][vc_column_text css=»»]Lleida quiere ser una de las puntas de lanza del turismo regenerativo, un modelo que va más allá de la sostenibilidad y quiere convertir a los visitantes en agentes de cambio que restauran ecosistemas y revitalizan a las comunidades locales. En este sentido, el 1er Congreso de Turismo Regenerativo en Cataluña celebrado este junio en la Cerdanya leridana ha servido para debatir y compartir experiencias relativas a este planteamiento y ha sentado las bases de un proyecto de implementación de este modelo a través de la sensibilización, la formación y el trabajo en red. Edgar Tarrés, miembro del Instituto de Turismo Regenerativo, ha explicado que una de las principales conclusiones del encuentro ha sido que es necesario crear una red de personas y entidades implicadas en el turismo regenerativo para desarrollar iniciativas y proyectos relacionados con este ámbito. Uno de los objetivos iniciales es poner en marcha programas de formación propios o por medio de centros educativos para implementar esta filosofía en el mundo del turismo. «Queremos promover esta filosofía, que pasa por llegar a conocer bien la naturaleza para después ir enriqueciéndola, a través de programas de formación centrados en cuatro ejes, el bienestar, la creatividad, el liderazgo y la resiliencia», ha asegurado Tarrés, quien ha añadido que este modelo es muy positivo para la naturaleza, pero también para la gente del territorio. El miembro de la organización del congreso explica que la intención es realizar actividades formativas trimestrales en torno a estos ejes. Por otra parte, durante el congreso se anunció que el próximo 19 de julio se presentará en Prullans el Instituto de Turismo Regenerativo, entidad que será la responsable de llevar a cabo todos estos proyectos y encontrar fórmulas para que el turismo genere un retorno positivo a los destinos. El encuentro ha tenido como figura destacada a Anna Pollock, reconocida experta y pionera del turismo regenerativo, y ha contado con una cincuentena de participantes del mundo académico, turístico y agrícola, como estudiantes, profesionales del sector del turismo (responsables de hoteles y casas rurales), profesorado de universidad y personas interesadas en el tema. Los asistentes procedían de países como Gran Bretaña, Croacia, Grecia, Países Bajos, México, Noruega, Portugal o Suecia. El congreso ha sido organizado por Cerdanya Viva y el Instituto Regenerativo,  impulsados y dirigidos por David Isern.. &nbsp; Más información: Cerdanya Viva Tel. 973 51 02 60‬ https://cerdanyaviva.com/[/vc_column_text][/vc_column][/vc_row]
