
{"version":"1.0","provider_name":"Ara Lleida","provider_url":"https:\/\/aralleida.cat\/es\/","author_name":"admin","author_url":"https:\/\/aralleida.cat\/es\/author\/frame_zesv7n2g\/","title":"Rutas Gaspar de Portol\u00e0","type":"rich","width":600,"height":338,"html":"<blockquote class=\"wp-embedded-content\" data-secret=\"Xlo3r80E6H\"><a href=\"https:\/\/aralleida.cat\/es\/rutas-gaspar-de-portola\/\">Rutas Gaspar de Portol\u00e0<\/a><\/blockquote><iframe sandbox=\"allow-scripts\" security=\"restricted\" src=\"https:\/\/aralleida.cat\/es\/rutas-gaspar-de-portola\/embed\/#?secret=Xlo3r80E6H\" width=\"600\" height=\"338\" title=\"\u00abRutas Gaspar de Portol\u00e0\u00bb \u2014 Ara Lleida\" data-secret=\"Xlo3r80E6H\" frameborder=\"0\" marginwidth=\"0\" marginheight=\"0\" scrolling=\"no\" class=\"wp-embedded-content\"><\/iframe><script type=\"text\/javascript\">\n\/* <![CDATA[ *\/\n\/*! This file is auto-generated *\/\n!function(d,l){\"use strict\";l.querySelector&&d.addEventListener&&\"undefined\"!=typeof URL&&(d.wp=d.wp||{},d.wp.receiveEmbedMessage||(d.wp.receiveEmbedMessage=function(e){var t=e.data;if((t||t.secret||t.message||t.value)&&!\/[^a-zA-Z0-9]\/.test(t.secret)){for(var s,r,n,a=l.querySelectorAll('iframe[data-secret=\"'+t.secret+'\"]'),o=l.querySelectorAll('blockquote[data-secret=\"'+t.secret+'\"]'),c=new RegExp(\"^https?:$\",\"i\"),i=0;i<o.length;i++)o[i].style.display=\"none\";for(i=0;i<a.length;i++)s=a[i],e.source===s.contentWindow&&(s.removeAttribute(\"style\"),\"height\"===t.message?(1e3<(r=parseInt(t.value,10))?r=1e3:~~r<200&&(r=200),s.height=r):\"link\"===t.message&&(r=new URL(s.getAttribute(\"src\")),n=new URL(t.value),c.test(n.protocol))&&n.host===r.host&&l.activeElement===s&&(d.top.location.href=t.value))}},d.addEventListener(\"message\",d.wp.receiveEmbedMessage,!1),l.addEventListener(\"DOMContentLoaded\",function(){for(var e,t,s=l.querySelectorAll(\"iframe.wp-embedded-content\"),r=0;r<s.length;r++)(t=(e=s[r]).getAttribute(\"data-secret\"))||(t=Math.random().toString(36).substring(2,12),e.src+=\"#?secret=\"+t,e.setAttribute(\"data-secret\",t)),e.contentWindow.postMessage({message:\"ready\",secret:t},\"*\")},!1)))}(window,document);\n\/\/# sourceURL=https:\/\/aralleida.cat\/wp-includes\/js\/wp-embed.min.js\n\/* ]]> *\/\n<\/script>\n","description":"[vc_row full_width=\u00bbstretch_row_content_no_spaces\u00bb bg_type=\u00bbbg_color\u00bb bg_color_value=\u00bb#3c3c3b\u00bb css=\u00bb.vc_custom_1618825008722{margin-top: 0px !important;margin-bottom: 0px !important;padding-top: 0px !important;padding-bottom: 0px !important;}\u00bb][vc_column css=\u00bb.vc_custom_1618825003290{margin-top: 0px !important;margin-bottom: 0px !important;border-top-width: 0px !important;padding-top: 0px !important;padding-bottom: 0px !important;}\u00bb][\/vc_column][\/vc_row][vc_row full_width=\u00bbstretch_row_content_no_spaces\u00bb equal_height=\u00bbyes\u00bb content_placement=\u00bbbottom\u00bb bg_type=\u00bbimage\u00bb parallax_style=\u00bbvcpb-default\u00bb bg_image_new=\u00bbid^77973|url^https:\/\/aralleida.cat\/wp-content\/uploads\/2021\/06\/Gaspar-de-Portola.jpg|caption^null|alt^Gaspar de Portol\u00e0|title^Gaspar-de-Portol\u00e0|description^null\u00bb bg_image_repeat=\u00bbno-repeat\u00bb][vc_column css=\u00bb.vc_custom_1623755213604{margin-top: 0px !important;margin-right: 0px !important;margin-bottom: 0px !important;margin-left: 0px !important;padding-top: 0px !important;padding-right: 0px !important;padding-bottom: 0px !important;padding-left: 0px !important;background-position: center !important;background-repeat: no-repeat !important;background-size: contain !important;}\u00bb][\/vc_column][\/vc_row][vc_row][vc_column width=\u00bb1\/12&#8243;][\/vc_column][vc_column width=\u00bb10\/12&#8243; css=\u00bb.vc_custom_1623405724503{padding-right: 12px !important;padding-left: 12px !important;}\u00bb][vc_column_text]Estas rutas son una recopilaci\u00f3n de lugares relacionados con la vida y el legado hist\u00f3rico de Gaspar de Portol\u00e0 i Rovira (nacido en Os de Balaguer en 1716), fundamentalmente, y Pere Fages i Beleta (nacido en Guissona en 1734). Ambos contribuyeron a los descubrimientos de la Alta California (1769-1770) en lo que se ha denominado la \u201cSegunda era de los descubrimientos\u201d. Gaspar de Portol\u00e0, encargado de llevar a buen puerto el pedido realizado por Carlos III, logr\u00f3 cumplir los objetivos fundando la misi\u00f3n de San Diego y la ciudad de Monterrey, entre otras.[\/vc_column_text][vc_row_inner][vc_column_inner width=\u00bb1\/2&#8243;][vc_single_image image=\u00bb92526&#8243; img_size=\u00bb267&#215;400&#8243; alignment=\u00bbright\u00bb][\/vc_column_inner][vc_column_inner width=\u00bb1\/2&#8243;][vc_single_image image=\u00bb92533&#8243; img_size=\u00bb267&#215;400&#8243;][\/vc_column_inner][\/vc_row_inner][vc_column_text]Gaspar de Portol\u00e0 naci\u00f3 en Os de Balaguer en el a\u00f1o 1716. Siguiendo la saga familiar, su padre Francesc lo encamin\u00f3 a las armas al servicio del rey, al que sirvi\u00f3 durante 52 a\u00f1os, protagonizando la que se conoce como \u201cSegunda era de los descubrimientos\u201d. A su muerte, su fortuna se asign\u00f3 a obras de caridad en la ciudad de Lleida como la construcci\u00f3n de la Casa de Exp\u00f3sitos y Misericordia, actual edificio de la Diputaci\u00f3n de Lleida. Gaspar de Portol\u00e0 se prepar\u00f3 como militar en dos importantes campa\u00f1as internacionales: la Guerra de Sucesi\u00f3n Austr\u00edaca (1740- 1748) y la Guerra de los Siete A\u00f1os (1756-1763). En 1764, Carlos III lo nombr\u00f3 capit\u00e1n de sus ej\u00e9rcitos, donde tendr\u00eda la misi\u00f3n pol\u00edtica de iniciar la colonizaci\u00f3n de la Alta California. El objetivo era consolidar la presencia hispana en las costas americanas del Pac\u00edfico ante la amenaza de las colonizaciones rusas, que pon\u00eda en peligro los avances de los espa\u00f1oles y el comercio que proven\u00eda de Filipinas. All\u00ed se encontrar\u00eda con otro catal\u00e1n originario de Guissona (Lleida), Pere Fages, y, con el Regimiento de Voluntarios de Catalu\u00f1a, iniciar\u00edan la aventura de descubrir la Alta California.[\/vc_column_text][\/vc_column][vc_column width=\u00bb1\/12&#8243;][\/vc_column][\/vc_row][vc_row][vc_column][\/vc_column][\/vc_row][vc_row bg_type=\u00bbbg_color\u00bb ult_hide_row=\u00bbult_hide_row_value\u00bb ult_hide_row_large_screen=\u00bblarge_screen\u00bb ult_hide_row_desktop=\u00bbdesktop\u00bb ult_hide_row_tablet=\u00bbtablet\u00bb ult_hide_row_tablet_small=\u00bbxs_tablet\u00bb bg_color_value=\u00bb#ffffff\u00bb][vc_column][vc_single_image image=\u00bb77927&#8243; img_size=\u00bbfull\u00bb alignment=\u00bbcenter\u00bb][vc_column_text]Universidad de Cervera. Segarra. Archivo Ara Lleida. La Universidad de Cervera es seguramente el edificio ma\u0301s representativo de la ciudad. Durante el s. XVIII llego\u0301 a tener cerca de 2.000 alumnos y se convirtio\u0301 en la u\u0301nica universidad catalana tras el cierre de universidades decretado por Felipe V. Una e\u0301poca de esplendor en la que toda la ciudad se transformo\u0301 mejorando su fisonomi\u0301a.[\/vc_column_text][vc_single_image image=\u00bb77934&#8243; img_size=\u00bbfull\u00bb alignment=\u00bbcenter\u00bb][vc_column_text]Lleida. Segri\u00e0. Archivo Ara Lleida. Lleida ha sido a lo largo de los an\u0303os una amalgama de culturas que le han transmitido un legado patrimonial muy diverso. Tambie\u0301n, el paso de la familia Portola\u0300 ha dejado huella en distintos lugares como el Conjunto Monumental de la Seu Vella y Castillo del Rey, la Catedral Nueva, la iglesia de Sant Pere, la Paeria, el Palacio de la Diputacio\u0301n de Lleida, la estatua de Gaspar de Portola\u0300, etc.[\/vc_column_text][vc_single_image image=\u00bb77941&#8243; img_size=\u00bbfull\u00bb alignment=\u00bbcenter\u00bb][vc_column_text]Castillo de Os de Balaguer. Noguera. Archivo Ara Lleida. Municipio donde naci\u00f3 Gaspar de Portol\u00e0 i Rovira en 1716. La familia residi\u00f3 en el inconquistable \u201cOs Malignum Castrum\u201d, un castillo de origen \u00e1rabe fortificado el a\u00f1o 1035. Formaba parte de una l\u00ednea defensiva constituida por castillos como los de Albesa, Almenar o Corbins. Dentro de la Sala G\u00f3tica est\u00e1 situado el \u00fanico Museo de Campanas de Catalu\u00f1a.[\/vc_column_text][vc_single_image image=\u00bb77948&#8243; img_size=\u00bbfull\u00bb alignment=\u00bbcenter\u00bb][vc_column_text]Retablo del santuario del Miracle. Solson\u00e8s. Archivo Ara Lleida. El templo actual empez\u00f3 a edificarse a mediados del siglo XVII por el arquitecto vicense Josep Morat\u00f3. En su interior se conserva el espectacular retablo, obra del escultor Carles Morat\u00f3, construido con madera de \u00e1lamo y de pino, dorado y policromado. Se considera el m\u00e1ximo exponente del arte barroco en Catalu\u00f1a.[\/vc_column_text][\/vc_column][\/vc_row][vc_row full_width=\u00bbstretch_row_content\u00bb equal_height=\u00bbyes\u00bb bg_type=\u00bbbg_color\u00bb ult_hide_row=\u00bbult_hide_row_value\u00bb ult_hide_row_mobile=\u00bbmobile\u00bb ult_hide_row_mobile_large=\u00bbxl_mobile\u00bb bg_color_value=\u00bb#ffffff\u00bb][vc_column width=\u00bb1\/2&#8243; css=\u00bb.vc_custom_1623755497866{background-image: url(https:\/\/aralleida.cat\/wp-content\/uploads\/2021\/06\/gaspar-p-02.jpg?id=77921) !important;background-position: center !important;background-repeat: no-repeat !important;background-size: cover !important;}\u00bb][\/vc_column][vc_column width=\u00bb4\/12&#8243; css=\u00bb.vc_custom_1600871769902{padding-left: 45px !important;}\u00bb][vc_column_text]Universidad de Cervera. Segarra. Archivo Ara Lleida. La Universidad de Cervera es seguramente el edificio m\u00e1s representativo de la ciudad. Durante el s. XVIII lleg\u00f3 a tener cerca de 2.000 alumnos y se convirti\u00f3 en la \u00fanica universidad catalana tras el cierre de universidades decretado por Felipe V. Una \u00e9poca de esplendor en la que toda la ciudad se transform\u00f3 mejorando su fisonom\u00eda.[\/vc_column_text][\/vc_column][vc_column width=\u00bb2\/12&#8243;][\/vc_column][\/vc_row][vc_row full_width=\u00bbstretch_row_content\u00bb equal_height=\u00bbyes\u00bb bg_type=\u00bbbg_color\u00bb ult_hide_row=\u00bbult_hide_row_value\u00bb ult_hide_row_mobile=\u00bbmobile\u00bb ult_hide_row_mobile_large=\u00bbxl_mobile\u00bb bg_color_value=\u00bb#ffffff\u00bb][vc_column width=\u00bb2\/12&#8243;][\/vc_column][vc_column width=\u00bb4\/12&#8243; css=\u00bb.vc_custom_1601301352032{padding-right: 45px !important;padding-left: 15px !important;}\u00bb][vc_column_text]Lleida. Segri\u00e0. Archivo Ara Lleida. Lleida ha sido a lo largo de los a\u00f1os una amalgama de culturas que le han transmitido un legado patrimonial muy diverso. Tambi\u00e9n, el paso de la familia Portol\u00e0 ha dejado huella en distintos lugares como el Conjunto Monumental de la Seu Vella y Castillo del Rey, la Catedral Nueva, la iglesia de Sant Pere, la Paeria, el Palacio de la Diputaci\u00f3n de Lleida, la estatua de Gaspar de Portol\u00e0, etc.[\/vc_column_text][\/vc_column][vc_column width=\u00bb1\/2&#8243; css=\u00bb.vc_custom_1623755534294{background-image: url(https:\/\/aralleida.cat\/wp-content\/uploads\/2021\/06\/gaspar-p-04.jpg?id=77928) !important;background-position: center !important;background-repeat: no-repeat !important;background-size: cover !important;}\u00bb][\/vc_column][\/vc_row][vc_row full_width=\u00bbstretch_row_content\u00bb equal_height=\u00bbyes\u00bb bg_type=\u00bbbg_color\u00bb ult_hide_row=\u00bbult_hide_row_value\u00bb ult_hide_row_mobile=\u00bbmobile\u00bb ult_hide_row_mobile_large=\u00bbxl_mobile\u00bb bg_color_value=\u00bb#ffffff\u00bb][vc_column width=\u00bb1\/2&#8243; css=\u00bb.vc_custom_1623755562654{background-image: url(https:\/\/aralleida.cat\/wp-content\/uploads\/2021\/06\/gaspar-p-03.jpg?id=77935) !important;background-position: center !important;background-repeat: no-repeat !important;background-size: cover !important;}\u00bb][\/vc_column][vc_column width=\u00bb4\/12&#8243; css=\u00bb.vc_custom_1600871769902{padding-left: 45px !important;}\u00bb][vc_column_text]Castillo de Os de Balaguer. Noguera. Archivo Ara Lleida. Municipio donde naci\u00f3 Gaspar de Portol\u00e0 i Rovira en 1716. La familia residi\u00f3 en el inconquistable \u201cOs Malignum Castrum\u201d, un castillo de origen \u00e1rabe fortificado el a\u00f1o 1035. Formaba parte de una l\u00ednea defensiva constituida por castillos como los de Albesa, Almenar o Corbins. Dentro de la Sala G\u00f3tica est\u00e1 situado el \u00fanico Museo de Campanas de Catalu\u00f1a.[\/vc_column_text][\/vc_column][vc_column width=\u00bb2\/12&#8243;][\/vc_column][\/vc_row][vc_row full_width=\u00bbstretch_row_content\u00bb equal_height=\u00bbyes\u00bb bg_type=\u00bbbg_color\u00bb ult_hide_row=\u00bbult_hide_row_value\u00bb ult_hide_row_mobile=\u00bbmobile\u00bb ult_hide_row_mobile_large=\u00bbxl_mobile\u00bb bg_color_value=\u00bb#ffffff\u00bb][vc_column width=\u00bb2\/12&#8243;][\/vc_column][vc_column width=\u00bb4\/12&#8243; css=\u00bb.vc_custom_1601301395413{padding-right: 45px !important;padding-left: 15px !important;}\u00bb][vc_column_text]Retablo del santuario del Miracle. Solson\u00e8s. Archivo Ara Lleida. El templo actual empez\u00f3 a edificarse a mediados del siglo XVII por el arquitecto vicense Josep Morat\u00f3. En su interior se conserva el espectacular retablo, obra del escultor Carles Morat\u00f3, construido con madera de \u00e1lamo y de pino, dorado y policromado. Se considera el m\u00e1ximo exponente del arte barroco en Catalu\u00f1a.[\/vc_column_text][\/vc_column][vc_column width=\u00bb1\/2&#8243; css=\u00bb.vc_custom_1623755595844{background-image: url(https:\/\/aralleida.cat\/wp-content\/uploads\/2021\/06\/gaspar-p-01.jpg?id=77942) !important;background-position: center !important;background-repeat: no-repeat !important;background-size: cover !important;}\u00bb][\/vc_column][\/vc_row][vc_row][vc_column][\/vc_column][\/vc_row][vc_row full_width=\u00bbstretch_row\u00bb bg_type=\u00bbbg_color\u00bb bg_color_value=\u00bb#ffffff\u00bb][vc_column][\/vc_column][\/vc_row][vc_row][vc_column][\/vc_column][\/vc_row]"}

Rutas Gaspar de Portolà

<blockquote class="wp-embedded-content" data-secret="Xlo3r80E6H"><a href="https://aralleida.cat/es/rutas-gaspar-de-portola/">Rutas Gaspar de Portolà</a></blockquote><iframe sandbox="allow-scripts" security="restricted" src="https://aralleida.cat/es/rutas-gaspar-de-portola/embed/#?secret=Xlo3r80E6H" width="600" height="338" title="«Rutas Gaspar de Portolà» — Ara Lleida" data-secret="Xlo3r80E6H" frameborder="0" marginwidth="0" marginheight="0" scrolling="no" class="wp-embedded-content"></iframe><script type="text/javascript">
/* <![CDATA[ */
/*! This file is auto-generated */
!function(d,l){"use strict";l.querySelector&&d.addEventListener&&"undefined"!=typeof URL&&(d.wp=d.wp||{},d.wp.receiveEmbedMessage||(d.wp.receiveEmbedMessage=function(e){var t=e.data;if((t||t.secret||t.message||t.value)&&!/[^a-zA-Z0-9]/.test(t.secret)){for(var s,r,n,a=l.querySelectorAll('iframe[data-secret="'+t.secret+'"]'),o=l.querySelectorAll('blockquote[data-secret="'+t.secret+'"]'),c=new RegExp("^https?:$","i"),i=0;i<o.length;i++)o[i].style.display="none";for(i=0;i<a.length;i++)s=a[i],e.source===s.contentWindow&&(s.removeAttribute("style"),"height"===t.message?(1e3<(r=parseInt(t.value,10))?r=1e3:~~r<200&&(r=200),s.height=r):"link"===t.message&&(r=new URL(s.getAttribute("src")),n=new URL(t.value),c.test(n.protocol))&&n.host===r.host&&l.activeElement===s&&(d.top.location.href=t.value))}},d.addEventListener("message",d.wp.receiveEmbedMessage,!1),l.addEventListener("DOMContentLoaded",function(){for(var e,t,s=l.querySelectorAll("iframe.wp-embedded-content"),r=0;r<s.length;r++)(t=(e=s[r]).getAttribute("data-secret"))||(t=Math.random().toString(36).substring(2,12),e.src+="#?secret="+t,e.setAttribute("data-secret",t)),e.contentWindow.postMessage({message:"ready",secret:t},"*")},!1)))}(window,document);
//# sourceURL=https://aralleida.cat/wp-includes/js/wp-embed.min.js
/* ]]> */
</script>

[vc_row full_width=»stretch_row_content_no_spaces» bg_type=»bg_color» bg_color_value=»#3c3c3b» css=».vc_custom_1618825008722{margin-top: 0px !important;margin-bottom: 0px !important;padding-top: 0px !important;padding-bottom: 0px !important;}»][vc_column css=».vc_custom_1618825003290{margin-top: 0px !important;margin-bottom: 0px !important;border-top-width: 0px !important;padding-top: 0px !important;padding-bottom: 0px !important;}»][/vc_column][/vc_row][vc_row full_width=»stretch_row_content_no_spaces» equal_height=»yes» content_placement=»bottom» bg_type=»image» parallax_style=»vcpb-default» bg_image_new=»id^77973|url^https://aralleida.cat/wp-content/uploads/2021/06/Gaspar-de-Portola.jpg|caption^null|alt^Gaspar de Portolà|title^Gaspar-de-Portolà|description^null» bg_image_repeat=»no-repeat»][vc_column css=».vc_custom_1623755213604{margin-top: 0px !important;margin-right: 0px !important;margin-bottom: 0px !important;margin-left: 0px !important;padding-top: 0px !important;padding-right: 0px !important;padding-bottom: 0px !important;padding-left: 0px !important;background-position: center !important;background-repeat: no-repeat !important;background-size: contain !important;}»][/vc_column][/vc_row][vc_row][vc_column width=»1/12&#8243;][/vc_column][vc_column width=»10/12&#8243; css=».vc_custom_1623405724503{padding-right: 12px !important;padding-left: 12px !important;}»][vc_column_text]Estas rutas son una recopilación de lugares relacionados con la vida y el legado histórico de Gaspar de Portolà i Rovira (nacido en Os de Balaguer en 1716), fundamentalmente, y Pere Fages i Beleta (nacido en Guissona en 1734). Ambos contribuyeron a los descubrimientos de la Alta California (1769-1770) en lo que se ha denominado la “Segunda era de los descubrimientos”. Gaspar de Portolà, encargado de llevar a buen puerto el pedido realizado por Carlos III, logró cumplir los objetivos fundando la misión de San Diego y la ciudad de Monterrey, entre otras.[/vc_column_text][vc_row_inner][vc_column_inner width=»1/2&#8243;][vc_single_image image=»92526&#8243; img_size=»267&#215;400&#8243; alignment=»right»][/vc_column_inner][vc_column_inner width=»1/2&#8243;][vc_single_image image=»92533&#8243; img_size=»267&#215;400&#8243;][/vc_column_inner][/vc_row_inner][vc_column_text]Gaspar de Portolà nació en Os de Balaguer en el año 1716. Siguiendo la saga familiar, su padre Francesc lo encaminó a las armas al servicio del rey, al que sirvió durante 52 años, protagonizando la que se conoce como “Segunda era de los descubrimientos”. A su muerte, su fortuna se asignó a obras de caridad en la ciudad de Lleida como la construcción de la Casa de Expósitos y Misericordia, actual edificio de la Diputación de Lleida. Gaspar de Portolà se preparó como militar en dos importantes campañas internacionales: la Guerra de Sucesión Austríaca (1740- 1748) y la Guerra de los Siete Años (1756-1763). En 1764, Carlos III lo nombró capitán de sus ejércitos, donde tendría la misión política de iniciar la colonización de la Alta California. El objetivo era consolidar la presencia hispana en las costas americanas del Pacífico ante la amenaza de las colonizaciones rusas, que ponía en peligro los avances de los españoles y el comercio que provenía de Filipinas. Allí se encontraría con otro catalán originario de Guissona (Lleida), Pere Fages, y, con el Regimiento de Voluntarios de Cataluña, iniciarían la aventura de descubrir la Alta California.[/vc_column_text][/vc_column][vc_column width=»1/12&#8243;][/vc_column][/vc_row][vc_row][vc_column][/vc_column][/vc_row][vc_row bg_type=»bg_color» ult_hide_row=»ult_hide_row_value» ult_hide_row_large_screen=»large_screen» ult_hide_row_desktop=»desktop» ult_hide_row_tablet=»tablet» ult_hide_row_tablet_small=»xs_tablet» bg_color_value=»#ffffff»][vc_column][vc_single_image image=»77927&#8243; img_size=»full» alignment=»center»][vc_column_text]Universidad de Cervera. Segarra. Archivo Ara Lleida. La Universidad de Cervera es seguramente el edificio más representativo de la ciudad. Durante el s. XVIII llegó a tener cerca de 2.000 alumnos y se convirtió en la única universidad catalana tras el cierre de universidades decretado por Felipe V. Una época de esplendor en la que toda la ciudad se transformó mejorando su fisonomía.[/vc_column_text][vc_single_image image=»77934&#8243; img_size=»full» alignment=»center»][vc_column_text]Lleida. Segrià. Archivo Ara Lleida. Lleida ha sido a lo largo de los años una amalgama de culturas que le han transmitido un legado patrimonial muy diverso. También, el paso de la familia Portolà ha dejado huella en distintos lugares como el Conjunto Monumental de la Seu Vella y Castillo del Rey, la Catedral Nueva, la iglesia de Sant Pere, la Paeria, el Palacio de la Diputación de Lleida, la estatua de Gaspar de Portolà, etc.[/vc_column_text][vc_single_image image=»77941&#8243; img_size=»full» alignment=»center»][vc_column_text]Castillo de Os de Balaguer. Noguera. Archivo Ara Lleida. Municipio donde nació Gaspar de Portolà i Rovira en 1716. La familia residió en el inconquistable “Os Malignum Castrum”, un castillo de origen árabe fortificado el año 1035. Formaba parte de una línea defensiva constituida por castillos como los de Albesa, Almenar o Corbins. Dentro de la Sala Gótica está situado el único Museo de Campanas de Cataluña.[/vc_column_text][vc_single_image image=»77948&#8243; img_size=»full» alignment=»center»][vc_column_text]Retablo del santuario del Miracle. Solsonès. Archivo Ara Lleida. El templo actual empezó a edificarse a mediados del siglo XVII por el arquitecto vicense Josep Morató. En su interior se conserva el espectacular retablo, obra del escultor Carles Morató, construido con madera de álamo y de pino, dorado y policromado. Se considera el máximo exponente del arte barroco en Cataluña.[/vc_column_text][/vc_column][/vc_row][vc_row full_width=»stretch_row_content» equal_height=»yes» bg_type=»bg_color» ult_hide_row=»ult_hide_row_value» ult_hide_row_mobile=»mobile» ult_hide_row_mobile_large=»xl_mobile» bg_color_value=»#ffffff»][vc_column width=»1/2&#8243; css=».vc_custom_1623755497866{background-image: url(https://aralleida.cat/wp-content/uploads/2021/06/gaspar-p-02.jpg?id=77921) !important;background-position: center !important;background-repeat: no-repeat !important;background-size: cover !important;}»][/vc_column][vc_column width=»4/12&#8243; css=».vc_custom_1600871769902{padding-left: 45px !important;}»][vc_column_text]Universidad de Cervera. Segarra. Archivo Ara Lleida. La Universidad de Cervera es seguramente el edificio más representativo de la ciudad. Durante el s. XVIII llegó a tener cerca de 2.000 alumnos y se convirtió en la única universidad catalana tras el cierre de universidades decretado por Felipe V. Una época de esplendor en la que toda la ciudad se transformó mejorando su fisonomía.[/vc_column_text][/vc_column][vc_column width=»2/12&#8243;][/vc_column][/vc_row][vc_row full_width=»stretch_row_content» equal_height=»yes» bg_type=»bg_color» ult_hide_row=»ult_hide_row_value» ult_hide_row_mobile=»mobile» ult_hide_row_mobile_large=»xl_mobile» bg_color_value=»#ffffff»][vc_column width=»2/12&#8243;][/vc_column][vc_column width=»4/12&#8243; css=».vc_custom_1601301352032{padding-right: 45px !important;padding-left: 15px !important;}»][vc_column_text]Lleida. Segrià. Archivo Ara Lleida. Lleida ha sido a lo largo de los años una amalgama de culturas que le han transmitido un legado patrimonial muy diverso. También, el paso de la familia Portolà ha dejado huella en distintos lugares como el Conjunto Monumental de la Seu Vella y Castillo del Rey, la Catedral Nueva, la iglesia de Sant Pere, la Paeria, el Palacio de la Diputación de Lleida, la estatua de Gaspar de Portolà, etc.[/vc_column_text][/vc_column][vc_column width=»1/2&#8243; css=».vc_custom_1623755534294{background-image: url(https://aralleida.cat/wp-content/uploads/2021/06/gaspar-p-04.jpg?id=77928) !important;background-position: center !important;background-repeat: no-repeat !important;background-size: cover !important;}»][/vc_column][/vc_row][vc_row full_width=»stretch_row_content» equal_height=»yes» bg_type=»bg_color» ult_hide_row=»ult_hide_row_value» ult_hide_row_mobile=»mobile» ult_hide_row_mobile_large=»xl_mobile» bg_color_value=»#ffffff»][vc_column width=»1/2&#8243; css=».vc_custom_1623755562654{background-image: url(https://aralleida.cat/wp-content/uploads/2021/06/gaspar-p-03.jpg?id=77935) !important;background-position: center !important;background-repeat: no-repeat !important;background-size: cover !important;}»][/vc_column][vc_column width=»4/12&#8243; css=».vc_custom_1600871769902{padding-left: 45px !important;}»][vc_column_text]Castillo de Os de Balaguer. Noguera. Archivo Ara Lleida. Municipio donde nació Gaspar de Portolà i Rovira en 1716. La familia residió en el inconquistable “Os Malignum Castrum”, un castillo de origen árabe fortificado el año 1035. Formaba parte de una línea defensiva constituida por castillos como los de Albesa, Almenar o Corbins. Dentro de la Sala Gótica está situado el único Museo de Campanas de Cataluña.[/vc_column_text][/vc_column][vc_column width=»2/12&#8243;][/vc_column][/vc_row][vc_row full_width=»stretch_row_content» equal_height=»yes» bg_type=»bg_color» ult_hide_row=»ult_hide_row_value» ult_hide_row_mobile=»mobile» ult_hide_row_mobile_large=»xl_mobile» bg_color_value=»#ffffff»][vc_column width=»2/12&#8243;][/vc_column][vc_column width=»4/12&#8243; css=».vc_custom_1601301395413{padding-right: 45px !important;padding-left: 15px !important;}»][vc_column_text]Retablo del santuario del Miracle. Solsonès. Archivo Ara Lleida. El templo actual empezó a edificarse a mediados del siglo XVII por el arquitecto vicense Josep Morató. En su interior se conserva el espectacular retablo, obra del escultor Carles Morató, construido con madera de álamo y de pino, dorado y policromado. Se considera el máximo exponente del arte barroco en Cataluña.[/vc_column_text][/vc_column][vc_column width=»1/2&#8243; css=».vc_custom_1623755595844{background-image: url(https://aralleida.cat/wp-content/uploads/2021/06/gaspar-p-01.jpg?id=77942) !important;background-position: center !important;background-repeat: no-repeat !important;background-size: cover !important;}»][/vc_column][/vc_row][vc_row][vc_column][/vc_column][/vc_row][vc_row full_width=»stretch_row» bg_type=»bg_color» bg_color_value=»#ffffff»][vc_column][/vc_column][/vc_row][vc_row][vc_column][/vc_column][/vc_row]
