
{"version":"1.0","provider_name":"Ara Lleida","provider_url":"https:\/\/aralleida.cat\/fr\/","author_name":"admin","author_url":"https:\/\/aralleida.cat\/fr\/author\/frame_zesv7n2g\/","title":"Activit\u00e9s li\u00e9es \u00e0 la nature","type":"rich","width":600,"height":338,"html":"<blockquote class=\"wp-embedded-content\" data-secret=\"3u2TVkiY3U\"><a href=\"https:\/\/aralleida.cat\/fr\/activites-dautomne\/activites-liees-a-la-nature\/\">Activit\u00e9s li\u00e9es \u00e0 la nature<\/a><\/blockquote><iframe sandbox=\"allow-scripts\" security=\"restricted\" src=\"https:\/\/aralleida.cat\/fr\/activites-dautomne\/activites-liees-a-la-nature\/embed\/#?secret=3u2TVkiY3U\" width=\"600\" height=\"338\" title=\"\u00ab\u00a0Activit\u00e9s li\u00e9es \u00e0 la nature\u00a0\u00bb &#8212; Ara Lleida\" data-secret=\"3u2TVkiY3U\" frameborder=\"0\" marginwidth=\"0\" marginheight=\"0\" scrolling=\"no\" class=\"wp-embedded-content\"><\/iframe><script type=\"text\/javascript\">\n\/* <![CDATA[ *\/\n\/*! This file is auto-generated *\/\n!function(d,l){\"use strict\";l.querySelector&&d.addEventListener&&\"undefined\"!=typeof URL&&(d.wp=d.wp||{},d.wp.receiveEmbedMessage||(d.wp.receiveEmbedMessage=function(e){var t=e.data;if((t||t.secret||t.message||t.value)&&!\/[^a-zA-Z0-9]\/.test(t.secret)){for(var s,r,n,a=l.querySelectorAll('iframe[data-secret=\"'+t.secret+'\"]'),o=l.querySelectorAll('blockquote[data-secret=\"'+t.secret+'\"]'),c=new RegExp(\"^https?:$\",\"i\"),i=0;i<o.length;i++)o[i].style.display=\"none\";for(i=0;i<a.length;i++)s=a[i],e.source===s.contentWindow&&(s.removeAttribute(\"style\"),\"height\"===t.message?(1e3<(r=parseInt(t.value,10))?r=1e3:~~r<200&&(r=200),s.height=r):\"link\"===t.message&&(r=new URL(s.getAttribute(\"src\")),n=new URL(t.value),c.test(n.protocol))&&n.host===r.host&&l.activeElement===s&&(d.top.location.href=t.value))}},d.addEventListener(\"message\",d.wp.receiveEmbedMessage,!1),l.addEventListener(\"DOMContentLoaded\",function(){for(var e,t,s=l.querySelectorAll(\"iframe.wp-embedded-content\"),r=0;r<s.length;r++)(t=(e=s[r]).getAttribute(\"data-secret\"))||(t=Math.random().toString(36).substring(2,12),e.src+=\"#?secret=\"+t,e.setAttribute(\"data-secret\",t)),e.contentWindow.postMessage({message:\"ready\",secret:t},\"*\")},!1)))}(window,document);\n\/\/# sourceURL=https:\/\/aralleida.cat\/wp-includes\/js\/wp-embed.min.js\n\/* ]]> *\/\n<\/script>\n","description":"[vc_row full_width=\u00a0\u00bbstretch_row_content_no_spaces\u00a0\u00bb bg_type=\u00a0\u00bbbg_color\u00a0\u00bb bg_color_value=\u00a0\u00bb#3c3c3b\u00a0\u00bb css=\u00a0\u00bb.vc_custom_1605797650815{margin-top: 0px !important;margin-bottom: 0px !important;padding-top: 0px !important;padding-bottom: 0px !important;}\u00a0\u00bb][vc_column css=\u00a0\u00bb.vc_custom_1605797593358{margin-top: 0px !important;margin-bottom: 0px !important;padding-top: 0px !important;padding-bottom: 0px !important;}\u00a0\u00bb][\/vc_column][\/vc_row][vc_row full_width=\u00a0\u00bbstretch_row_content\u00a0\u00bb bg_type=\u00a0\u00bbimage\u00a0\u00bb parallax_style=\u00a0\u00bbvcpb-default\u00a0\u00bb bg_image_new=\u00a0\u00bbid^117707|url^https:\/\/aralleida.cat\/wp-content\/uploads\/2021\/09\/ecoturisme-1.jpg|caption^null|alt^null|title^ecoturisme|description^null\u00a0\u00bb bg_image_repeat=\u00a0\u00bbno-repeat\u00a0\u00bb bg_override=\u00a0\u00bbfull\u00a0\u00bb][vc_column][\/vc_column][\/vc_row][vc_row css=\u00a0\u00bb.vc_custom_1618215981226{margin-top: 0px !important;padding-top: 0px !important;}\u00a0\u00bb][vc_column][vc_column_text]Activit\u00e9s d&rsquo;automne &gt; Activit\u00e9s li\u00e9es \u00e0 la nature[\/vc_column_text][vc_separator css=\u00a0\u00bb.vc_custom_1618216477929{margin-top: 0px !important;margin-right: 0px !important;margin-bottom: 0px !important;border-bottom-width: 0px !important;padding-top: 0px !important;padding-right: 0px !important;padding-bottom: 0px !important;}\u00a0\u00bb][vc_row_inner css=\u00a0\u00bb.vc_custom_1631088904179{margin-top: 5px !important;margin-bottom: 2px !important;margin-left: 0px !important;border-left-width: 0px !important;padding-top: 0px !important;padding-bottom: 0px !important;padding-left: 0px !important;}\u00a0\u00bb][vc_column_inner width=\u00a0\u00bb5\/6&Prime; css=\u00a0\u00bb.vc_custom_1631088985050{margin-top: 0px !important;margin-bottom: 0px !important;margin-left: 0px !important;border-left-width: 0px !important;padding-top: 0px !important;padding-bottom: 0px !important;padding-left: 0px !important;}\u00a0\u00bb][\/vc_column_inner][vc_column_inner width=\u00a0\u00bb1\/6&Prime; css=\u00a0\u00bb.vc_custom_1615285420766{margin-top: 0px !important;margin-bottom: 0px !important;padding-top: 0px !important;padding-bottom: 0px !important;}\u00a0\u00bb][vc_single_image image=\u00a0\u00bb114985&Prime; img_size=\u00a0\u00bbfull\u00a0\u00bb alignment=\u00a0\u00bbright\u00a0\u00bb css=\u00a0\u00bb.vc_custom_1631089141268{margin-top: 0px !important;margin-bottom: 0px !important;border-top-width: 0px !important;border-bottom-width: 0px !important;padding-top: 0px !important;padding-bottom: 0px !important;}\u00a0\u00bb][\/vc_column_inner][\/vc_row_inner][vc_separator css=\u00a0\u00bb.vc_custom_1618216381929{margin-top: 0px !important;margin-bottom: 0px !important;padding-top: 0px !important;padding-bottom: 0px !important;}\u00a0\u00bb][vc_row_inner css=\u00a0\u00bb.vc_custom_1631088694056{margin-top: 0px !important;border-top-width: 0px !important;padding-top: 0px !important;}\u00a0\u00bb][vc_column_inner width=\u00a0\u00bb3\/4&Prime; css=\u00a0\u00bb.vc_custom_1631088708151{margin-top: 0px !important;border-top-width: 0px !important;padding-top: 0px !important;}\u00a0\u00bb][vc_column_text css=\u00a0\u00bb.vc_custom_1697730092151{margin-top: 0px !important;margin-right: 0px !important;margin-left: 0px !important;border-top-width: 0px !important;padding-top: 0px !important;}\u00a0\u00bb] La r\u00e9gion de Lleida mise depuis des ann\u00e9es sur un\u00a0tourisme dans la nature durable et respectueux de l\u2019environnement, non saisonnier et \u00e9loign\u00e9 des mod\u00e8les de masse et impersonnels. L\u2019automne est sans aucun doute l\u2019une des meilleures p\u00e9riodes pour appr\u00e9cier la beaut\u00e9 des paysages de Lleida, lorsque les for\u00eats de feuillus des Pyr\u00e9n\u00e9es se parent de fantastiques nuances d\u2019orange, de rouge et de jaune ou que les vignobles de la plaine dessinent une mosa\u00efque color\u00e9e de tons vert p\u00e2le, jaunes, or et rouges. C\u2019est \u00e9galement la saison du brame du cerf, rituel de rut unique qui attire chaque ann\u00e9e des centaines de visiteurs dans des lieux tels que\u00a0Boumort, les Hautes Pyr\u00e9n\u00e9es ou le parc de Cad\u00ed-Moixer\u00f3.\u00a0L\u2019automne nous invite \u00e0 explorer tranquillement les parcs naturels des Pyr\u00e9n\u00e9es ou d\u2019autres lieux uniques tout en profitant de la douceur du temps. Le tout sans oublier les grands barrages et gorges des Pr\u00e9-Pyr\u00e9n\u00e9es, dont beaucoup sont visibles depuis le spectaculaire\u00a0Train des lacs, qui propose un parcours panoramique entre la ville de Lleida et La Pobla de Segur, essentiellement destin\u00e9 au tourisme familial et aux amateurs de nature \u00e0 l\u2019\u00e9tat pur. [\/vc_column_text][\/vc_column_inner][vc_column_inner width=\u00a0\u00bb1\/4&Prime; css=\u00a0\u00bb.vc_custom_1631088721311{margin-top: 0px !important;border-top-width: 0px !important;padding-top: 0px !important;}\u00a0\u00bb][vc_column_text css=\u00a0\u00bb.vc_custom_1697730131637{margin-top: 0px !important;margin-right: 0px !important;margin-left: 0px !important;border-top-width: 0px !important;padding-top: 0px !important;}\u00a0\u00bb] \u2013 \u00c9cotourisme \u2013 Brame du cerf \u2013 Train des lacs [\/vc_column_text][\/vc_column_inner][\/vc_row_inner][\/vc_column][\/vc_row][vc_row][vc_column][vc_column_text css=\u00a0\u00bb\u00a0\u00bb][\/vc_column_text][\/vc_column][\/vc_row][vc_row full_width=\u00a0\u00bbstretch_row\u00a0\u00bb bg_type=\u00a0\u00bbbg_color\u00a0\u00bb bg_color_value=\u00a0\u00bb#715148&Prime;][vc_column width=\u00a0\u00bb1\/3&Prime;][\/vc_column][vc_column width=\u00a0\u00bb1\/3&Prime;][vc_single_image image=\u00a0\u00bb115019&Prime; img_size=\u00a0\u00bbfull\u00a0\u00bb alignment=\u00a0\u00bbcenter\u00a0\u00bb][\/vc_column][vc_column width=\u00a0\u00bb1\/3&Prime;][\/vc_column][\/vc_row]"}

Activités liées à la nature

<blockquote class="wp-embedded-content" data-secret="3u2TVkiY3U"><a href="https://aralleida.cat/fr/activites-dautomne/activites-liees-a-la-nature/">Activités liées à la nature</a></blockquote><iframe sandbox="allow-scripts" security="restricted" src="https://aralleida.cat/fr/activites-dautomne/activites-liees-a-la-nature/embed/#?secret=3u2TVkiY3U" width="600" height="338" title="« Activités liées à la nature » &#8212; Ara Lleida" data-secret="3u2TVkiY3U" frameborder="0" marginwidth="0" marginheight="0" scrolling="no" class="wp-embedded-content"></iframe><script type="text/javascript">
/* <![CDATA[ */
/*! This file is auto-generated */
!function(d,l){"use strict";l.querySelector&&d.addEventListener&&"undefined"!=typeof URL&&(d.wp=d.wp||{},d.wp.receiveEmbedMessage||(d.wp.receiveEmbedMessage=function(e){var t=e.data;if((t||t.secret||t.message||t.value)&&!/[^a-zA-Z0-9]/.test(t.secret)){for(var s,r,n,a=l.querySelectorAll('iframe[data-secret="'+t.secret+'"]'),o=l.querySelectorAll('blockquote[data-secret="'+t.secret+'"]'),c=new RegExp("^https?:$","i"),i=0;i<o.length;i++)o[i].style.display="none";for(i=0;i<a.length;i++)s=a[i],e.source===s.contentWindow&&(s.removeAttribute("style"),"height"===t.message?(1e3<(r=parseInt(t.value,10))?r=1e3:~~r<200&&(r=200),s.height=r):"link"===t.message&&(r=new URL(s.getAttribute("src")),n=new URL(t.value),c.test(n.protocol))&&n.host===r.host&&l.activeElement===s&&(d.top.location.href=t.value))}},d.addEventListener("message",d.wp.receiveEmbedMessage,!1),l.addEventListener("DOMContentLoaded",function(){for(var e,t,s=l.querySelectorAll("iframe.wp-embedded-content"),r=0;r<s.length;r++)(t=(e=s[r]).getAttribute("data-secret"))||(t=Math.random().toString(36).substring(2,12),e.src+="#?secret="+t,e.setAttribute("data-secret",t)),e.contentWindow.postMessage({message:"ready",secret:t},"*")},!1)))}(window,document);
//# sourceURL=https://aralleida.cat/wp-includes/js/wp-embed.min.js
/* ]]> */
</script>

[vc_row full_width= »stretch_row_content_no_spaces » bg_type= »bg_color » bg_color_value= »#3c3c3b » css= ».vc_custom_1605797650815{margin-top: 0px !important;margin-bottom: 0px !important;padding-top: 0px !important;padding-bottom: 0px !important;} »][vc_column css= ».vc_custom_1605797593358{margin-top: 0px !important;margin-bottom: 0px !important;padding-top: 0px !important;padding-bottom: 0px !important;} »][/vc_column][/vc_row][vc_row full_width= »stretch_row_content » bg_type= »image » parallax_style= »vcpb-default » bg_image_new= »id^117707|url^https://aralleida.cat/wp-content/uploads/2021/09/ecoturisme-1.jpg|caption^null|alt^null|title^ecoturisme|description^null » bg_image_repeat= »no-repeat » bg_override= »full »][vc_column][/vc_column][/vc_row][vc_row css= ».vc_custom_1618215981226{margin-top: 0px !important;padding-top: 0px !important;} »][vc_column][vc_column_text]Activités d&rsquo;automne &gt; Activités liées à la nature[/vc_column_text][vc_separator css= ».vc_custom_1618216477929{margin-top: 0px !important;margin-right: 0px !important;margin-bottom: 0px !important;border-bottom-width: 0px !important;padding-top: 0px !important;padding-right: 0px !important;padding-bottom: 0px !important;} »][vc_row_inner css= ».vc_custom_1631088904179{margin-top: 5px !important;margin-bottom: 2px !important;margin-left: 0px !important;border-left-width: 0px !important;padding-top: 0px !important;padding-bottom: 0px !important;padding-left: 0px !important;} »][vc_column_inner width= »5/6&Prime; css= ».vc_custom_1631088985050{margin-top: 0px !important;margin-bottom: 0px !important;margin-left: 0px !important;border-left-width: 0px !important;padding-top: 0px !important;padding-bottom: 0px !important;padding-left: 0px !important;} »][/vc_column_inner][vc_column_inner width= »1/6&Prime; css= ».vc_custom_1615285420766{margin-top: 0px !important;margin-bottom: 0px !important;padding-top: 0px !important;padding-bottom: 0px !important;} »][vc_single_image image= »114985&Prime; img_size= »full » alignment= »right » css= ».vc_custom_1631089141268{margin-top: 0px !important;margin-bottom: 0px !important;border-top-width: 0px !important;border-bottom-width: 0px !important;padding-top: 0px !important;padding-bottom: 0px !important;} »][/vc_column_inner][/vc_row_inner][vc_separator css= ».vc_custom_1618216381929{margin-top: 0px !important;margin-bottom: 0px !important;padding-top: 0px !important;padding-bottom: 0px !important;} »][vc_row_inner css= ».vc_custom_1631088694056{margin-top: 0px !important;border-top-width: 0px !important;padding-top: 0px !important;} »][vc_column_inner width= »3/4&Prime; css= ».vc_custom_1631088708151{margin-top: 0px !important;border-top-width: 0px !important;padding-top: 0px !important;} »][vc_column_text css= ».vc_custom_1697730092151{margin-top: 0px !important;margin-right: 0px !important;margin-left: 0px !important;border-top-width: 0px !important;padding-top: 0px !important;} »] La région de Lleida mise depuis des années sur un tourisme dans la nature durable et respectueux de l’environnement, non saisonnier et éloigné des modèles de masse et impersonnels. L’automne est sans aucun doute l’une des meilleures périodes pour apprécier la beauté des paysages de Lleida, lorsque les forêts de feuillus des Pyrénées se parent de fantastiques nuances d’orange, de rouge et de jaune ou que les vignobles de la plaine dessinent une mosaïque colorée de tons vert pâle, jaunes, or et rouges. C’est également la saison du brame du cerf, rituel de rut unique qui attire chaque année des centaines de visiteurs dans des lieux tels que Boumort, les Hautes Pyrénées ou le parc de Cadí-Moixeró. L’automne nous invite à explorer tranquillement les parcs naturels des Pyrénées ou d’autres lieux uniques tout en profitant de la douceur du temps. Le tout sans oublier les grands barrages et gorges des Pré-Pyrénées, dont beaucoup sont visibles depuis le spectaculaire Train des lacs, qui propose un parcours panoramique entre la ville de Lleida et La Pobla de Segur, essentiellement destiné au tourisme familial et aux amateurs de nature à l’état pur. [/vc_column_text][/vc_column_inner][vc_column_inner width= »1/4&Prime; css= ».vc_custom_1631088721311{margin-top: 0px !important;border-top-width: 0px !important;padding-top: 0px !important;} »][vc_column_text css= ».vc_custom_1697730131637{margin-top: 0px !important;margin-right: 0px !important;margin-left: 0px !important;border-top-width: 0px !important;padding-top: 0px !important;} »] – Écotourisme – Brame du cerf – Train des lacs [/vc_column_text][/vc_column_inner][/vc_row_inner][/vc_column][/vc_row][vc_row][vc_column][vc_column_text css= » »][/vc_column_text][/vc_column][/vc_row][vc_row full_width= »stretch_row » bg_type= »bg_color » bg_color_value= »#715148&Prime;][vc_column width= »1/3&Prime;][/vc_column][vc_column width= »1/3&Prime;][vc_single_image image= »115019&Prime; img_size= »full » alignment= »center »][/vc_column][vc_column width= »1/3&Prime;][/vc_column][/vc_row]
