
{"version":"1.0","provider_name":"Ara Lleida","provider_url":"https:\/\/aralleida.cat\/fr\/","author_name":"Olga Paz","author_url":"https:\/\/aralleida.cat\/fr\/author\/turismeleida3\/","title":"Cerdanya Viva Ecoestades","type":"rich","width":600,"height":338,"html":"<blockquote class=\"wp-embedded-content\" data-secret=\"4Pr87aSjoY\"><a href=\"https:\/\/aralleida.cat\/fr\/assoc_biosfera\/cerdanya-ecoresort\/\">Cerdanya Viva Ecoestades<\/a><\/blockquote><iframe sandbox=\"allow-scripts\" security=\"restricted\" src=\"https:\/\/aralleida.cat\/fr\/assoc_biosfera\/cerdanya-ecoresort\/embed\/#?secret=4Pr87aSjoY\" width=\"600\" height=\"338\" title=\"\u00ab\u00a0Cerdanya Viva Ecoestades\u00a0\u00bb &#8212; Ara Lleida\" data-secret=\"4Pr87aSjoY\" frameborder=\"0\" marginwidth=\"0\" marginheight=\"0\" scrolling=\"no\" class=\"wp-embedded-content\"><\/iframe><script type=\"text\/javascript\">\n\/* <![CDATA[ *\/\n\/*! This file is auto-generated *\/\n!function(d,l){\"use strict\";l.querySelector&&d.addEventListener&&\"undefined\"!=typeof URL&&(d.wp=d.wp||{},d.wp.receiveEmbedMessage||(d.wp.receiveEmbedMessage=function(e){var t=e.data;if((t||t.secret||t.message||t.value)&&!\/[^a-zA-Z0-9]\/.test(t.secret)){for(var s,r,n,a=l.querySelectorAll('iframe[data-secret=\"'+t.secret+'\"]'),o=l.querySelectorAll('blockquote[data-secret=\"'+t.secret+'\"]'),c=new RegExp(\"^https?:$\",\"i\"),i=0;i<o.length;i++)o[i].style.display=\"none\";for(i=0;i<a.length;i++)s=a[i],e.source===s.contentWindow&&(s.removeAttribute(\"style\"),\"height\"===t.message?(1e3<(r=parseInt(t.value,10))?r=1e3:~~r<200&&(r=200),s.height=r):\"link\"===t.message&&(r=new URL(s.getAttribute(\"src\")),n=new URL(t.value),c.test(n.protocol))&&n.host===r.host&&l.activeElement===s&&(d.top.location.href=t.value))}},d.addEventListener(\"message\",d.wp.receiveEmbedMessage,!1),l.addEventListener(\"DOMContentLoaded\",function(){for(var e,t,s=l.querySelectorAll(\"iframe.wp-embedded-content\"),r=0;r<s.length;r++)(t=(e=s[r]).getAttribute(\"data-secret\"))||(t=Math.random().toString(36).substring(2,12),e.src+=\"#?secret=\"+t,e.setAttribute(\"data-secret\",t)),e.contentWindow.postMessage({message:\"ready\",secret:t},\"*\")},!1)))}(window,document);\n\/\/# sourceURL=https:\/\/aralleida.cat\/wp-includes\/js\/wp-embed.min.js\n\/* ]]> *\/\n<\/script>\n","thumbnail_url":"https:\/\/aralleida.cat\/wp-content\/uploads\/2021\/07\/cerdanya-ecoresort-bsp.jpg","thumbnail_width":2551,"thumbnail_height":738,"description":"Cerdanya viva est un projet de tourisme r\u00e9g\u00e9n\u00e9rateur situ\u00e9 \u00e0 Prullans, en Cerdagne, engag\u00e9 \u00e0 prendre soin des personnes, du territoire et de la plan\u00e8te. Avec plus de 75 ans d\u2019histoire, nous vous proposons un s\u00e9jour alliant nature, bien-\u00eatre et durabilit\u00e9. Nous disposons de chambres, d\u2019appartements, de bungalows et d\u2019emplacements de camping, ainsi que d\u2019activit\u00e9s et de services pour tous les \u00e2ges. Notre c\u0153ur bat au rythme de la ferme et des potagers d\u2019El Verger Cerd\u00e0, un espace \u00e9cologique et de permaculture, d\u2019o\u00f9 s\u2019approvisionne l\u2019Ar\u00e7 Gastroteca Regenerativa, notre proposition gastronomique saine et locale. Faisons fleurir la vie ! Plus d&rsquo;informations aupr\u00e8s de l&rsquo;entreprise ou de l&rsquo;entit\u00e9 certifi\u00e9e"}

Cerdanya viva est un projet de tourisme régénérateur situé à Prullans, en Cerdagne, engagé à prendre soin des personnes, du territoire et de la planète. Avec plus de 75 ans d’histoire, nous vous proposons un séjour alliant nature, bien-être et durabilité. Nous disposons de chambres, d’appartements, de bungalows et d’emplacements de camping, ainsi que d’activités et de services pour tous les âges. Notre cœur bat au rythme de la ferme et des potagers d’El Verger Cerdà, un espace écologique et de permaculture, d’où s’approvisionne l’Arç Gastroteca Regenerativa, notre proposition gastronomique saine et locale. Faisons fleurir la vie ! Plus d&rsquo;informations auprès de l&rsquo;entreprise ou de l&rsquo;entité certifiée
