
{"version":"1.0","provider_name":"Ara Lleida","provider_url":"https:\/\/aralleida.cat\/fr\/","author_name":"Olga Paz","author_url":"https:\/\/aralleida.cat\/fr\/author\/turismeleida3\/","title":"La Manreana Park","type":"rich","width":600,"height":338,"html":"<blockquote class=\"wp-embedded-content\" data-secret=\"9IYAiUwZQe\"><a href=\"https:\/\/aralleida.cat\/fr\/assoc_biosfera\/la-manreana-park\/\">La Manreana Park<\/a><\/blockquote><iframe sandbox=\"allow-scripts\" security=\"restricted\" src=\"https:\/\/aralleida.cat\/fr\/assoc_biosfera\/la-manreana-park\/embed\/#?secret=9IYAiUwZQe\" width=\"600\" height=\"338\" title=\"\u00ab\u00a0La Manreana Park\u00a0\u00bb &#8212; Ara Lleida\" data-secret=\"9IYAiUwZQe\" frameborder=\"0\" marginwidth=\"0\" marginheight=\"0\" scrolling=\"no\" class=\"wp-embedded-content\"><\/iframe><script type=\"text\/javascript\">\n\/* <![CDATA[ *\/\n\/*! This file is auto-generated *\/\n!function(d,l){\"use strict\";l.querySelector&&d.addEventListener&&\"undefined\"!=typeof URL&&(d.wp=d.wp||{},d.wp.receiveEmbedMessage||(d.wp.receiveEmbedMessage=function(e){var t=e.data;if((t||t.secret||t.message||t.value)&&!\/[^a-zA-Z0-9]\/.test(t.secret)){for(var s,r,n,a=l.querySelectorAll('iframe[data-secret=\"'+t.secret+'\"]'),o=l.querySelectorAll('blockquote[data-secret=\"'+t.secret+'\"]'),c=new RegExp(\"^https?:$\",\"i\"),i=0;i<o.length;i++)o[i].style.display=\"none\";for(i=0;i<a.length;i++)s=a[i],e.source===s.contentWindow&&(s.removeAttribute(\"style\"),\"height\"===t.message?(1e3<(r=parseInt(t.value,10))?r=1e3:~~r<200&&(r=200),s.height=r):\"link\"===t.message&&(r=new URL(s.getAttribute(\"src\")),n=new URL(t.value),c.test(n.protocol))&&n.host===r.host&&l.activeElement===s&&(d.top.location.href=t.value))}},d.addEventListener(\"message\",d.wp.receiveEmbedMessage,!1),l.addEventListener(\"DOMContentLoaded\",function(){for(var e,t,s=l.querySelectorAll(\"iframe.wp-embedded-content\"),r=0;r<s.length;r++)(t=(e=s[r]).getAttribute(\"data-secret\"))||(t=Math.random().toString(36).substring(2,12),e.src+=\"#?secret=\"+t,e.setAttribute(\"data-secret\",t)),e.contentWindow.postMessage({message:\"ready\",secret:t},\"*\")},!1)))}(window,document);\n\/\/# sourceURL=https:\/\/aralleida.cat\/wp-includes\/js\/wp-embed.min.js\n\/* ]]> *\/\n<\/script>\n","thumbnail_url":"https:\/\/aralleida.cat\/wp-content\/uploads\/2021\/07\/la-manreana-bsp.jpg","thumbnail_width":2016,"thumbnail_height":801,"description":"La Manreana Parc est un parc \u00e0 th\u00e8me familial et de campagne situ\u00e9 dans une ancienne ferme au c\u0153ur de champs de culture. Les installations disponibles sont les suivantes\u00a0: potager, ferme avec de nombreux animaux et centre de nature et de faune. Le label Biosphere met en valeur des aspects que nous travaillions d\u00e9j\u00e0 ainsi que d\u2019autres que nous avons int\u00e9gr\u00e9s\u00a0: produire de bons aliments, prendre soin de la terre et du bien-\u00eatre de nos animaux. Nous sommes attach\u00e9s \u00e0 notre environnement et \u00e0 la consommation responsable, de proximit\u00e9, \u00e9cologique, \u00e9thique et solidaire. Nous veillons \u00e0 g\u00e9n\u00e9rer un minimum de r\u00e9sidus et \u00e0 les r\u00e9utiliser pour nos animaux. Nous proposons des activit\u00e9s th\u00e9\u00e2tralis\u00e9es qui visent \u00e0 montrer le mode de vie des agriculteurs aux familles qui nous rendent visite de fa\u00e7on amusante. Plus d&rsquo;informations aupr\u00e8s de l&rsquo;entreprise ou de l&rsquo;entit\u00e9 certifi\u00e9e"}

La Manreana Parc est un parc à thème familial et de campagne situé dans une ancienne ferme au cœur de champs de culture. Les installations disponibles sont les suivantes : potager, ferme avec de nombreux animaux et centre de nature et de faune. Le label Biosphere met en valeur des aspects que nous travaillions déjà ainsi que d’autres que nous avons intégrés : produire de bons aliments, prendre soin de la terre et du bien-être de nos animaux. Nous sommes attachés à notre environnement et à la consommation responsable, de proximité, écologique, éthique et solidaire. Nous veillons à générer un minimum de résidus et à les réutiliser pour nos animaux. Nous proposons des activités théâtralisées qui visent à montrer le mode de vie des agriculteurs aux familles qui nous rendent visite de façon amusante. Plus d&rsquo;informations auprès de l&rsquo;entreprise ou de l&rsquo;entité certifiée
