
{"version":"1.0","provider_name":"Ara Lleida","provider_url":"https:\/\/aralleida.cat\/fr\/","author_name":"admin","author_url":"https:\/\/aralleida.cat\/fr\/author\/frame_zesv7n2g\/","title":"Les sept dialogues avec la nature","type":"rich","width":600,"height":338,"html":"<blockquote class=\"wp-embedded-content\" data-secret=\"ORNhluQDtP\"><a href=\"https:\/\/aralleida.cat\/fr\/associatbosc\/les-sept-dialogues-avec-la-nature\/\">Les sept dialogues avec la nature<\/a><\/blockquote><iframe sandbox=\"allow-scripts\" security=\"restricted\" src=\"https:\/\/aralleida.cat\/fr\/associatbosc\/les-sept-dialogues-avec-la-nature\/embed\/#?secret=ORNhluQDtP\" width=\"600\" height=\"338\" title=\"\u00ab\u00a0Les sept dialogues avec la nature\u00a0\u00bb &#8212; Ara Lleida\" data-secret=\"ORNhluQDtP\" frameborder=\"0\" marginwidth=\"0\" marginheight=\"0\" scrolling=\"no\" class=\"wp-embedded-content\"><\/iframe><script type=\"text\/javascript\">\n\/* <![CDATA[ *\/\n\/*! This file is auto-generated *\/\n!function(d,l){\"use strict\";l.querySelector&&d.addEventListener&&\"undefined\"!=typeof URL&&(d.wp=d.wp||{},d.wp.receiveEmbedMessage||(d.wp.receiveEmbedMessage=function(e){var t=e.data;if((t||t.secret||t.message||t.value)&&!\/[^a-zA-Z0-9]\/.test(t.secret)){for(var s,r,n,a=l.querySelectorAll('iframe[data-secret=\"'+t.secret+'\"]'),o=l.querySelectorAll('blockquote[data-secret=\"'+t.secret+'\"]'),c=new RegExp(\"^https?:$\",\"i\"),i=0;i<o.length;i++)o[i].style.display=\"none\";for(i=0;i<a.length;i++)s=a[i],e.source===s.contentWindow&&(s.removeAttribute(\"style\"),\"height\"===t.message?(1e3<(r=parseInt(t.value,10))?r=1e3:~~r<200&&(r=200),s.height=r):\"link\"===t.message&&(r=new URL(s.getAttribute(\"src\")),n=new URL(t.value),c.test(n.protocol))&&n.host===r.host&&l.activeElement===s&&(d.top.location.href=t.value))}},d.addEventListener(\"message\",d.wp.receiveEmbedMessage,!1),l.addEventListener(\"DOMContentLoaded\",function(){for(var e,t,s=l.querySelectorAll(\"iframe.wp-embedded-content\"),r=0;r<s.length;r++)(t=(e=s[r]).getAttribute(\"data-secret\"))||(t=Math.random().toString(36).substring(2,12),e.src+=\"#?secret=\"+t,e.setAttribute(\"data-secret\",t)),e.contentWindow.postMessage({message:\"ready\",secret:t},\"*\")},!1)))}(window,document);\n\/\/# sourceURL=https:\/\/aralleida.cat\/wp-includes\/js\/wp-embed.min.js\n\/* ]]> *\/\n<\/script>\n","thumbnail_url":"https:\/\/aralleida.cat\/wp-content\/uploads\/2025\/05\/Foto-1er-test-EduAmbiental8.jpg","thumbnail_width":1600,"thumbnail_height":1067,"description":"Ce projet vise \u00e0 mettre en \u00e9vidence l\u2019interconnexion et l\u2019interd\u00e9pendance entre les \u00eatres humains et la nature en tant que piliers de notre sant\u00e9, de notre bien-\u00eatre et de notre qualit\u00e9 de vie dans les sph\u00e8res personnelle, relationnelle et sociale. Une exp\u00e9rience innovante bas\u00e9e sur la prise de conscience et les valeurs qui aide \u00e0 am\u00e9liorer nos propres talents, comp\u00e9tences ou aptitudes tels que la r\u00e9solution de probl\u00e8mes en mati\u00e8re de ressources, l\u2019\u00e9quilibre dans la gestion \u00e9motionnelle et mentale, la r\u00e9duction du stress et des conflits, le leadership, la cr\u00e9ativit\u00e9, la confiance en soi, entre autres. Une offre d\u2019exploration de l\u2019environnement interne comme germe de l\u2019environnement externe \u00e0 travers des itin\u00e9raires simples et guid\u00e9s dans des environnements naturels d\u2019une grande beaut\u00e9 et d\u2019une grande valeur patrimoniale. Un projet qui a \u00e9t\u00e9 appliqu\u00e9 \u00e0 diff\u00e9rents domaines de la soci\u00e9t\u00e9 tels que la sant\u00e9, l\u2019\u00e9ducation, l\u2019int\u00e9gration sociale, les organisations et les entreprises, l\u2019environnement et la justice, entre autres."}

Ce projet vise à mettre en évidence l’interconnexion et l’interdépendance entre les êtres humains et la nature en tant que piliers de notre santé, de notre bien-être et de notre qualité de vie dans les sphères personnelle, relationnelle et sociale. Une expérience innovante basée sur la prise de conscience et les valeurs qui aide à améliorer nos propres talents, compétences ou aptitudes tels que la résolution de problèmes en matière de ressources, l’équilibre dans la gestion émotionnelle et mentale, la réduction du stress et des conflits, le leadership, la créativité, la confiance en soi, entre autres. Une offre d’exploration de l’environnement interne comme germe de l’environnement externe à travers des itinéraires simples et guidés dans des environnements naturels d’une grande beauté et d’une grande valeur patrimoniale. Un projet qui a été appliqué à différents domaines de la société tels que la santé, l’éducation, l’intégration sociale, les organisations et les entreprises, l’environnement et la justice, entre autres.
