
{"version":"1.0","provider_name":"Ara Lleida","provider_url":"https:\/\/aralleida.cat\/fr\/","author_name":"admin","author_url":"https:\/\/aralleida.cat\/fr\/author\/frame_zesv7n2g\/","title":"Cochevis de Th\u00e9ckla","type":"rich","width":600,"height":338,"html":"<blockquote class=\"wp-embedded-content\" data-secret=\"gcc6WHQirX\"><a href=\"https:\/\/aralleida.cat\/fr\/especes\/cogullada-fosca\/\">Cochevis de Th\u00e9ckla<\/a><\/blockquote><iframe sandbox=\"allow-scripts\" security=\"restricted\" src=\"https:\/\/aralleida.cat\/fr\/especes\/cogullada-fosca\/embed\/#?secret=gcc6WHQirX\" width=\"600\" height=\"338\" title=\"\u00ab\u00a0Cochevis de Th\u00e9ckla\u00a0\u00bb &#8212; Ara Lleida\" data-secret=\"gcc6WHQirX\" frameborder=\"0\" marginwidth=\"0\" marginheight=\"0\" scrolling=\"no\" class=\"wp-embedded-content\"><\/iframe><script type=\"text\/javascript\">\n\/* <![CDATA[ *\/\n\/*! This file is auto-generated *\/\n!function(d,l){\"use strict\";l.querySelector&&d.addEventListener&&\"undefined\"!=typeof URL&&(d.wp=d.wp||{},d.wp.receiveEmbedMessage||(d.wp.receiveEmbedMessage=function(e){var t=e.data;if((t||t.secret||t.message||t.value)&&!\/[^a-zA-Z0-9]\/.test(t.secret)){for(var s,r,n,a=l.querySelectorAll('iframe[data-secret=\"'+t.secret+'\"]'),o=l.querySelectorAll('blockquote[data-secret=\"'+t.secret+'\"]'),c=new RegExp(\"^https?:$\",\"i\"),i=0;i<o.length;i++)o[i].style.display=\"none\";for(i=0;i<a.length;i++)s=a[i],e.source===s.contentWindow&&(s.removeAttribute(\"style\"),\"height\"===t.message?(1e3<(r=parseInt(t.value,10))?r=1e3:~~r<200&&(r=200),s.height=r):\"link\"===t.message&&(r=new URL(s.getAttribute(\"src\")),n=new URL(t.value),c.test(n.protocol))&&n.host===r.host&&l.activeElement===s&&(d.top.location.href=t.value))}},d.addEventListener(\"message\",d.wp.receiveEmbedMessage,!1),l.addEventListener(\"DOMContentLoaded\",function(){for(var e,t,s=l.querySelectorAll(\"iframe.wp-embedded-content\"),r=0;r<s.length;r++)(t=(e=s[r]).getAttribute(\"data-secret\"))||(t=Math.random().toString(36).substring(2,12),e.src+=\"#?secret=\"+t,e.setAttribute(\"data-secret\",t)),e.contentWindow.postMessage({message:\"ready\",secret:t},\"*\")},!1)))}(window,document);\n\/\/# sourceURL=https:\/\/aralleida.cat\/wp-includes\/js\/wp-embed.min.js\n\/* ]]> *\/\n<\/script>\n","thumbnail_url":"https:\/\/aralleida.cat\/wp-content\/uploads\/2022\/09\/Galerida_theklaa.jpeg","thumbnail_width":1600,"thumbnail_height":1200,"description":"Nous la trouvons partout dans les Pays catalans. La Catalogne en poss\u00e8de une population stable qui se distribue sur les terres de la plaine de Lleida, aux alentours de l\u2019\u00c8bre et au Cap de Creus. Plus pr\u00e9cis\u00e9ment, \u00e0 Lleida, les plus grandes densit\u00e9s se trouvent dans les zones de culture s\u00e8che avec des collines \u00e0 la confluence des 3 fleuves (Segri\u00e0) et dans la r\u00e9gion des Garrigues."}

Cochevis de Théckla

<blockquote class="wp-embedded-content" data-secret="gcc6WHQirX"><a href="https://aralleida.cat/fr/especes/cogullada-fosca/">Cochevis de Théckla</a></blockquote><iframe sandbox="allow-scripts" security="restricted" src="https://aralleida.cat/fr/especes/cogullada-fosca/embed/#?secret=gcc6WHQirX" width="600" height="338" title="« Cochevis de Théckla » &#8212; Ara Lleida" data-secret="gcc6WHQirX" frameborder="0" marginwidth="0" marginheight="0" scrolling="no" class="wp-embedded-content"></iframe><script type="text/javascript">
/* <![CDATA[ */
/*! This file is auto-generated */
!function(d,l){"use strict";l.querySelector&&d.addEventListener&&"undefined"!=typeof URL&&(d.wp=d.wp||{},d.wp.receiveEmbedMessage||(d.wp.receiveEmbedMessage=function(e){var t=e.data;if((t||t.secret||t.message||t.value)&&!/[^a-zA-Z0-9]/.test(t.secret)){for(var s,r,n,a=l.querySelectorAll('iframe[data-secret="'+t.secret+'"]'),o=l.querySelectorAll('blockquote[data-secret="'+t.secret+'"]'),c=new RegExp("^https?:$","i"),i=0;i<o.length;i++)o[i].style.display="none";for(i=0;i<a.length;i++)s=a[i],e.source===s.contentWindow&&(s.removeAttribute("style"),"height"===t.message?(1e3<(r=parseInt(t.value,10))?r=1e3:~~r<200&&(r=200),s.height=r):"link"===t.message&&(r=new URL(s.getAttribute("src")),n=new URL(t.value),c.test(n.protocol))&&n.host===r.host&&l.activeElement===s&&(d.top.location.href=t.value))}},d.addEventListener("message",d.wp.receiveEmbedMessage,!1),l.addEventListener("DOMContentLoaded",function(){for(var e,t,s=l.querySelectorAll("iframe.wp-embedded-content"),r=0;r<s.length;r++)(t=(e=s[r]).getAttribute("data-secret"))||(t=Math.random().toString(36).substring(2,12),e.src+="#?secret="+t,e.setAttribute("data-secret",t)),e.contentWindow.postMessage({message:"ready",secret:t},"*")},!1)))}(window,document);
//# sourceURL=https://aralleida.cat/wp-includes/js/wp-embed.min.js
/* ]]> */
</script>

Nous la trouvons partout dans les Pays catalans. La Catalogne en possède une population stable qui se distribue sur les terres de la plaine de Lleida, aux alentours de l’Èbre et au Cap de Creus. Plus précisément, à Lleida, les plus grandes densités se trouvent dans les zones de culture sèche avec des collines à la confluence des 3 fleuves (Segrià) et dans la région des Garrigues.
