
{"version":"1.0","provider_name":"Ara Lleida","provider_url":"https:\/\/aralleida.cat\/fr\/","author_name":"admin","author_url":"https:\/\/aralleida.cat\/fr\/author\/frame_zesv7n2g\/","title":"Niverolle alpine","type":"rich","width":600,"height":338,"html":"<blockquote class=\"wp-embedded-content\" data-secret=\"EbhPideV4G\"><a href=\"https:\/\/aralleida.cat\/fr\/especes\/pardal-dala-blanca\/\">Niverolle alpine<\/a><\/blockquote><iframe sandbox=\"allow-scripts\" security=\"restricted\" src=\"https:\/\/aralleida.cat\/fr\/especes\/pardal-dala-blanca\/embed\/#?secret=EbhPideV4G\" width=\"600\" height=\"338\" title=\"\u00ab\u00a0Niverolle alpine\u00a0\u00bb &#8212; Ara Lleida\" data-secret=\"EbhPideV4G\" frameborder=\"0\" marginwidth=\"0\" marginheight=\"0\" scrolling=\"no\" class=\"wp-embedded-content\"><\/iframe><script type=\"text\/javascript\">\n\/* <![CDATA[ *\/\n\/*! This file is auto-generated *\/\n!function(d,l){\"use strict\";l.querySelector&&d.addEventListener&&\"undefined\"!=typeof URL&&(d.wp=d.wp||{},d.wp.receiveEmbedMessage||(d.wp.receiveEmbedMessage=function(e){var t=e.data;if((t||t.secret||t.message||t.value)&&!\/[^a-zA-Z0-9]\/.test(t.secret)){for(var s,r,n,a=l.querySelectorAll('iframe[data-secret=\"'+t.secret+'\"]'),o=l.querySelectorAll('blockquote[data-secret=\"'+t.secret+'\"]'),c=new RegExp(\"^https?:$\",\"i\"),i=0;i<o.length;i++)o[i].style.display=\"none\";for(i=0;i<a.length;i++)s=a[i],e.source===s.contentWindow&&(s.removeAttribute(\"style\"),\"height\"===t.message?(1e3<(r=parseInt(t.value,10))?r=1e3:~~r<200&&(r=200),s.height=r):\"link\"===t.message&&(r=new URL(s.getAttribute(\"src\")),n=new URL(t.value),c.test(n.protocol))&&n.host===r.host&&l.activeElement===s&&(d.top.location.href=t.value))}},d.addEventListener(\"message\",d.wp.receiveEmbedMessage,!1),l.addEventListener(\"DOMContentLoaded\",function(){for(var e,t,s=l.querySelectorAll(\"iframe.wp-embedded-content\"),r=0;r<s.length;r++)(t=(e=s[r]).getAttribute(\"data-secret\"))||(t=Math.random().toString(36).substring(2,12),e.src+=\"#?secret=\"+t,e.setAttribute(\"data-secret\",t)),e.contentWindow.postMessage({message:\"ready\",secret:t},\"*\")},!1)))}(window,document);\n\/\/# sourceURL=https:\/\/aralleida.cat\/wp-includes\/js\/wp-embed.min.js\n\/* ]]> *\/\n<\/script>\n","thumbnail_url":"https:\/\/aralleida.cat\/wp-content\/uploads\/2022\/09\/pardalnival.jpeg","thumbnail_width":1140,"thumbnail_height":760,"description":"Oiseau de haute montagne, et donc uniquement pr\u00e9sent dans les Pyr\u00e9n\u00e9es, plus pr\u00e9cis\u00e9ment dans le Val d\u2019Aran et les zones adjacentes. On le mentionne comme l\u2019une des dix esp\u00e8ces les plus en danger d\u2019extinction \u00e0 l\u2019\u00e9chelle mondiale \u00e0 cause du changement climatique. La population qui vit en Catalogne est consid\u00e9r\u00e9e r\u00e9siduelle avec seulement 20 \u00e0 25 couples, sur le versant sud."}

Oiseau de haute montagne, et donc uniquement présent dans les Pyrénées, plus précisément dans le Val d’Aran et les zones adjacentes. On le mentionne comme l’une des dix espèces les plus en danger d’extinction à l’échelle mondiale à cause du changement climatique. La population qui vit en Catalogne est considérée résiduelle avec seulement 20 à 25 couples, sur le versant sud.
