
{"version":"1.0","provider_name":"Ara Lleida","provider_url":"https:\/\/aralleida.cat\/fr\/","author_name":"admin","author_url":"https:\/\/aralleida.cat\/fr\/author\/frame_zesv7n2g\/","title":"Activit\u00e9s culturelles","type":"rich","width":600,"height":338,"html":"<blockquote class=\"wp-embedded-content\" data-secret=\"53eHbWOtHO\"><a href=\"https:\/\/aralleida.cat\/fr\/ete\/activites-culturelles\/\">Activit\u00e9s culturelles<\/a><\/blockquote><iframe sandbox=\"allow-scripts\" security=\"restricted\" src=\"https:\/\/aralleida.cat\/fr\/ete\/activites-culturelles\/embed\/#?secret=53eHbWOtHO\" width=\"600\" height=\"338\" title=\"\u00ab\u00a0Activit\u00e9s culturelles\u00a0\u00bb &#8212; Ara Lleida\" data-secret=\"53eHbWOtHO\" frameborder=\"0\" marginwidth=\"0\" marginheight=\"0\" scrolling=\"no\" class=\"wp-embedded-content\"><\/iframe><script type=\"text\/javascript\">\n\/* <![CDATA[ *\/\n\/*! This file is auto-generated *\/\n!function(d,l){\"use strict\";l.querySelector&&d.addEventListener&&\"undefined\"!=typeof URL&&(d.wp=d.wp||{},d.wp.receiveEmbedMessage||(d.wp.receiveEmbedMessage=function(e){var t=e.data;if((t||t.secret||t.message||t.value)&&!\/[^a-zA-Z0-9]\/.test(t.secret)){for(var s,r,n,a=l.querySelectorAll('iframe[data-secret=\"'+t.secret+'\"]'),o=l.querySelectorAll('blockquote[data-secret=\"'+t.secret+'\"]'),c=new RegExp(\"^https?:$\",\"i\"),i=0;i<o.length;i++)o[i].style.display=\"none\";for(i=0;i<a.length;i++)s=a[i],e.source===s.contentWindow&&(s.removeAttribute(\"style\"),\"height\"===t.message?(1e3<(r=parseInt(t.value,10))?r=1e3:~~r<200&&(r=200),s.height=r):\"link\"===t.message&&(r=new URL(s.getAttribute(\"src\")),n=new URL(t.value),c.test(n.protocol))&&n.host===r.host&&l.activeElement===s&&(d.top.location.href=t.value))}},d.addEventListener(\"message\",d.wp.receiveEmbedMessage,!1),l.addEventListener(\"DOMContentLoaded\",function(){for(var e,t,s=l.querySelectorAll(\"iframe.wp-embedded-content\"),r=0;r<s.length;r++)(t=(e=s[r]).getAttribute(\"data-secret\"))||(t=Math.random().toString(36).substring(2,12),e.src+=\"#?secret=\"+t,e.setAttribute(\"data-secret\",t)),e.contentWindow.postMessage({message:\"ready\",secret:t},\"*\")},!1)))}(window,document);\n\/\/# sourceURL=https:\/\/aralleida.cat\/wp-includes\/js\/wp-embed.min.js\n\/* ]]> *\/\n<\/script>\n","description":"[vc_row full_width=\u00a0\u00bbstretch_row_content_no_spaces\u00a0\u00bb bg_type=\u00a0\u00bbbg_color\u00a0\u00bb bg_color_value=\u00a0\u00bb#3c3c3b\u00a0\u00bb css=\u00a0\u00bb.vc_custom_1605797650815{margin-top: 0px !important;margin-bottom: 0px !important;padding-top: 0px !important;padding-bottom: 0px !important;}\u00a0\u00bb][vc_column css=\u00a0\u00bb.vc_custom_1605797593358{margin-top: 0px !important;margin-bottom: 0px !important;padding-top: 0px !important;padding-bottom: 0px !important;}\u00a0\u00bb][\/vc_column][\/vc_row][vc_row full_width=\u00a0\u00bbstretch_row_content\u00a0\u00bb bg_type=\u00a0\u00bbimage\u00a0\u00bb parallax_style=\u00a0\u00bbvcpb-default\u00a0\u00bb bg_image_new=\u00a0\u00bbid^211879|url^https:\/\/aralleida.cat\/wp-content\/uploads\/2022\/03\/primaveranatural.jpg|caption^Activitats culturals de primavera a Lleida|alt^null|title^Activitats culturals de primavera|description^null\u00a0\u00bb bg_image_repeat=\u00a0\u00bbno-repeat\u00a0\u00bb bg_override=\u00a0\u00bbfull\u00a0\u00bb][vc_column][\/vc_column][\/vc_row][vc_row css=\u00a0\u00bb.vc_custom_1657196155831{margin-top: 0px !important;padding-top: 0px !important;}\u00a0\u00bb][vc_column][vc_column_text] Activit\u00e9s d&rsquo;\u00e9t\u00e9\u00a0&gt; Activit\u00e9s culturelles [\/vc_column_text][vc_separator css=\u00a0\u00bb.vc_custom_1618216477929{margin-top: 0px !important;margin-right: 0px !important;margin-bottom: 0px !important;border-bottom-width: 0px !important;padding-top: 0px !important;padding-right: 0px !important;padding-bottom: 0px !important;}\u00a0\u00bb][vc_row_inner css=\u00a0\u00bb.vc_custom_1631088904179{margin-top: 5px !important;margin-bottom: 2px !important;margin-left: 0px !important;border-left-width: 0px !important;padding-top: 0px !important;padding-bottom: 0px !important;padding-left: 0px !important;}\u00a0\u00bb][vc_column_inner width=\u00a0\u00bb5\/6&Prime; css=\u00a0\u00bb.vc_custom_1631088985050{margin-top: 0px !important;margin-bottom: 0px !important;margin-left: 0px !important;border-left-width: 0px !important;padding-top: 0px !important;padding-bottom: 0px !important;padding-left: 0px !important;}\u00a0\u00bb][\/vc_column_inner][vc_column_inner width=\u00a0\u00bb1\/6&Prime; css=\u00a0\u00bb.vc_custom_1615285420766{margin-top: 0px !important;margin-bottom: 0px !important;padding-top: 0px !important;padding-bottom: 0px !important;}\u00a0\u00bb][\/vc_column_inner][\/vc_row_inner][vc_separator css=\u00a0\u00bb.vc_custom_1618216381929{margin-top: 0px !important;margin-bottom: 0px !important;padding-top: 0px !important;padding-bottom: 0px !important;}\u00a0\u00bb][vc_row_inner css=\u00a0\u00bb.vc_custom_1631088694056{margin-top: 0px !important;border-top-width: 0px !important;padding-top: 0px !important;}\u00a0\u00bb][vc_column_inner width=\u00a0\u00bb3\/4&Prime; css=\u00a0\u00bb.vc_custom_1631088708151{margin-top: 0px !important;border-top-width: 0px !important;padding-top: 0px !important;}\u00a0\u00bb][vc_column_text css=\u00a0\u00bb.vc_custom_1657196197089{margin-top: 0px !important;margin-right: 0px !important;margin-left: 0px !important;border-top-width: 0px !important;padding-top: 0px !important;}\u00a0\u00bb] Les Pyr\u00e9n\u00e9es et les Pyr\u00e9n\u00e9es de Lleida arborent un patrimoine culturel et artistique de premier ordre, auquel viennent s\u2019ajouter le charme de villages charg\u00e9s d\u2019histoire, les f\u00eates populaires et les traditions ancestrales, l\u2019excellente gastronomie, sans oublier l\u2019authenticit\u00e9 et l\u2019hospitalit\u00e9 de la population locale. Autant de facteurs qui font de Lleida une excellente destination pour le tourisme familial, un s\u00e9jour en amoureux ou entre amis. En effet, le territoire regorge d\u2019exemples d\u2019art et d\u2019architecture\u00a0: mus\u00e9es, \u00e9glises, monast\u00e8res, ermitages, tours de guet, ch\u00e2teaux, peintures murales, retables, iconographie, imagerie religieuse et tapisseries, entre autres. Une r\u00e9gion habit\u00e9e par une population aimable et hospitali\u00e8re, qui a grandi dans un paysage unique et qui sait transmettre ses connaissances \u00e0 travers les f\u00eates populaires, l\u2019art et l\u2019histoire. Alors, qu\u2019attendez-vous pour pr\u00e9parer votre sac \u00e0 dos et revivre notre histoire\u00a0? [\/vc_column_text][\/vc_column_inner][vc_column_inner width=\u00a0\u00bb1\/4&Prime; css=\u00a0\u00bb.vc_custom_1631088721311{margin-top: 0px !important;border-top-width: 0px !important;padding-top: 0px !important;}\u00a0\u00bb][vc_column_text css=\u00a0\u00bb.vc_custom_1648992649125{margin-top: 0px !important;margin-right: 0px !important;margin-left: 0px !important;border-top-width: 0px !important;padding-top: 0px !important;}\u00a0\u00bb] \u2014 Salons au grand air \u2014 F\u00eates populaires \u2014 Concerts \u2014 Falles [\/vc_column_text][\/vc_column_inner][\/vc_row_inner][\/vc_column][\/vc_row][vc_row][vc_column][vc_column_text css=\u00a0\u00bb\u00a0\u00bb][\/vc_column_text][\/vc_column][\/vc_row][vc_row full_width=\u00a0\u00bbstretch_row\u00a0\u00bb bg_type=\u00a0\u00bbbg_color\u00a0\u00bb bg_color_value=\u00a0\u00bb#dec359&Prime;][vc_column width=\u00a0\u00bb1\/3&Prime;][\/vc_column][vc_column width=\u00a0\u00bb1\/3&Prime;][vc_single_image image=\u00a0\u00bb115019&Prime; img_size=\u00a0\u00bbfull\u00a0\u00bb alignment=\u00a0\u00bbcenter\u00a0\u00bb][\/vc_column][vc_column width=\u00a0\u00bb1\/3&Prime;][\/vc_column][\/vc_row]"}

Activités culturelles

<blockquote class="wp-embedded-content" data-secret="53eHbWOtHO"><a href="https://aralleida.cat/fr/ete/activites-culturelles/">Activités culturelles</a></blockquote><iframe sandbox="allow-scripts" security="restricted" src="https://aralleida.cat/fr/ete/activites-culturelles/embed/#?secret=53eHbWOtHO" width="600" height="338" title="« Activités culturelles » &#8212; Ara Lleida" data-secret="53eHbWOtHO" frameborder="0" marginwidth="0" marginheight="0" scrolling="no" class="wp-embedded-content"></iframe><script type="text/javascript">
/* <![CDATA[ */
/*! This file is auto-generated */
!function(d,l){"use strict";l.querySelector&&d.addEventListener&&"undefined"!=typeof URL&&(d.wp=d.wp||{},d.wp.receiveEmbedMessage||(d.wp.receiveEmbedMessage=function(e){var t=e.data;if((t||t.secret||t.message||t.value)&&!/[^a-zA-Z0-9]/.test(t.secret)){for(var s,r,n,a=l.querySelectorAll('iframe[data-secret="'+t.secret+'"]'),o=l.querySelectorAll('blockquote[data-secret="'+t.secret+'"]'),c=new RegExp("^https?:$","i"),i=0;i<o.length;i++)o[i].style.display="none";for(i=0;i<a.length;i++)s=a[i],e.source===s.contentWindow&&(s.removeAttribute("style"),"height"===t.message?(1e3<(r=parseInt(t.value,10))?r=1e3:~~r<200&&(r=200),s.height=r):"link"===t.message&&(r=new URL(s.getAttribute("src")),n=new URL(t.value),c.test(n.protocol))&&n.host===r.host&&l.activeElement===s&&(d.top.location.href=t.value))}},d.addEventListener("message",d.wp.receiveEmbedMessage,!1),l.addEventListener("DOMContentLoaded",function(){for(var e,t,s=l.querySelectorAll("iframe.wp-embedded-content"),r=0;r<s.length;r++)(t=(e=s[r]).getAttribute("data-secret"))||(t=Math.random().toString(36).substring(2,12),e.src+="#?secret="+t,e.setAttribute("data-secret",t)),e.contentWindow.postMessage({message:"ready",secret:t},"*")},!1)))}(window,document);
//# sourceURL=https://aralleida.cat/wp-includes/js/wp-embed.min.js
/* ]]> */
</script>

[vc_row full_width= »stretch_row_content_no_spaces » bg_type= »bg_color » bg_color_value= »#3c3c3b » css= ».vc_custom_1605797650815{margin-top: 0px !important;margin-bottom: 0px !important;padding-top: 0px !important;padding-bottom: 0px !important;} »][vc_column css= ».vc_custom_1605797593358{margin-top: 0px !important;margin-bottom: 0px !important;padding-top: 0px !important;padding-bottom: 0px !important;} »][/vc_column][/vc_row][vc_row full_width= »stretch_row_content » bg_type= »image » parallax_style= »vcpb-default » bg_image_new= »id^211879|url^https://aralleida.cat/wp-content/uploads/2022/03/primaveranatural.jpg|caption^Activitats culturals de primavera a Lleida|alt^null|title^Activitats culturals de primavera|description^null » bg_image_repeat= »no-repeat » bg_override= »full »][vc_column][/vc_column][/vc_row][vc_row css= ».vc_custom_1657196155831{margin-top: 0px !important;padding-top: 0px !important;} »][vc_column][vc_column_text] Activités d&rsquo;été &gt; Activités culturelles [/vc_column_text][vc_separator css= ».vc_custom_1618216477929{margin-top: 0px !important;margin-right: 0px !important;margin-bottom: 0px !important;border-bottom-width: 0px !important;padding-top: 0px !important;padding-right: 0px !important;padding-bottom: 0px !important;} »][vc_row_inner css= ».vc_custom_1631088904179{margin-top: 5px !important;margin-bottom: 2px !important;margin-left: 0px !important;border-left-width: 0px !important;padding-top: 0px !important;padding-bottom: 0px !important;padding-left: 0px !important;} »][vc_column_inner width= »5/6&Prime; css= ».vc_custom_1631088985050{margin-top: 0px !important;margin-bottom: 0px !important;margin-left: 0px !important;border-left-width: 0px !important;padding-top: 0px !important;padding-bottom: 0px !important;padding-left: 0px !important;} »][/vc_column_inner][vc_column_inner width= »1/6&Prime; css= ».vc_custom_1615285420766{margin-top: 0px !important;margin-bottom: 0px !important;padding-top: 0px !important;padding-bottom: 0px !important;} »][/vc_column_inner][/vc_row_inner][vc_separator css= ».vc_custom_1618216381929{margin-top: 0px !important;margin-bottom: 0px !important;padding-top: 0px !important;padding-bottom: 0px !important;} »][vc_row_inner css= ».vc_custom_1631088694056{margin-top: 0px !important;border-top-width: 0px !important;padding-top: 0px !important;} »][vc_column_inner width= »3/4&Prime; css= ».vc_custom_1631088708151{margin-top: 0px !important;border-top-width: 0px !important;padding-top: 0px !important;} »][vc_column_text css= ».vc_custom_1657196197089{margin-top: 0px !important;margin-right: 0px !important;margin-left: 0px !important;border-top-width: 0px !important;padding-top: 0px !important;} »] Les Pyrénées et les Pyrénées de Lleida arborent un patrimoine culturel et artistique de premier ordre, auquel viennent s’ajouter le charme de villages chargés d’histoire, les fêtes populaires et les traditions ancestrales, l’excellente gastronomie, sans oublier l’authenticité et l’hospitalité de la population locale. Autant de facteurs qui font de Lleida une excellente destination pour le tourisme familial, un séjour en amoureux ou entre amis. En effet, le territoire regorge d’exemples d’art et d’architecture : musées, églises, monastères, ermitages, tours de guet, châteaux, peintures murales, retables, iconographie, imagerie religieuse et tapisseries, entre autres. Une région habitée par une population aimable et hospitalière, qui a grandi dans un paysage unique et qui sait transmettre ses connaissances à travers les fêtes populaires, l’art et l’histoire. Alors, qu’attendez-vous pour préparer votre sac à dos et revivre notre histoire ? [/vc_column_text][/vc_column_inner][vc_column_inner width= »1/4&Prime; css= ».vc_custom_1631088721311{margin-top: 0px !important;border-top-width: 0px !important;padding-top: 0px !important;} »][vc_column_text css= ».vc_custom_1648992649125{margin-top: 0px !important;margin-right: 0px !important;margin-left: 0px !important;border-top-width: 0px !important;padding-top: 0px !important;} »] — Salons au grand air — Fêtes populaires — Concerts — Falles [/vc_column_text][/vc_column_inner][/vc_row_inner][/vc_column][/vc_row][vc_row][vc_column][vc_column_text css= » »][/vc_column_text][/vc_column][/vc_row][vc_row full_width= »stretch_row » bg_type= »bg_color » bg_color_value= »#dec359&Prime;][vc_column width= »1/3&Prime;][/vc_column][vc_column width= »1/3&Prime;][vc_single_image image= »115019&Prime; img_size= »full » alignment= »center »][/vc_column][vc_column width= »1/3&Prime;][/vc_column][/vc_row]
